000
CDUS43 KGRR 290516
CLIGRR


CLIMATE REPORT
NATIONAL WEATHER SERVICE GRAND RAPIDS, MI
114 AM EDT WED JUL 29 2015


...................................

...THE GRAND RAPIDS MI CLIMATE SUMMARY FOR JULY 28 2015...

CLIMATE NORMAL PERIOD 1981 TO 2010
CLIMATE RECORD PERIOD 1892 TO 2015


WEATHER ITEM   OBSERVED TIME   RECORD YEAR NORMAL DEPARTURE LAST
                VALUE   (LST)  VALUE       VALUE  FROM      YEAR
                                                  NORMAL
..................................................................
TEMPERATURE (F)
 YESTERDAY
  MAXIMUM         90    340 PM 100    1916  82      8       71
  MINIMUM         65    608 AM  46    1978  62      3       54
  AVERAGE         78                        72      6       63

PRECIPITATION (IN)
  YESTERDAY        0.00          1.12 1938   0.12  -0.12     0.01
  MONTH TO DATE    2.23                      3.42  -1.19     4.38
  SINCE JUN 1      6.26                      7.19  -0.93     9.53
  SINCE JAN 1     17.89                     20.77  -2.88    22.80

SNOWFALL (IN)
  YESTERDAY        0.0           0.0  2006   0.0    0.0      0.0
                                      2005
                                      2004
  MONTH TO DATE    0.0                       0.0    0.0      0.0
  SINCE JUN 1      0.0                       0.0    0.0      0.0
  SINCE JUL 1      0.0                       0.0    0.0      0.0
  SNOW DEPTH       0

DEGREE DAYS
 HEATING
  YESTERDAY        0                         0      0        2
  MONTH TO DATE   13                         0     13        9
  SINCE JUN 1     43                        45     -2       22
  SINCE JUL 1     13                         0     13        9

 COOLING
  YESTERDAY       13                         8      5        0
  MONTH TO DATE  165                       221    -56      119
  SINCE JUN 1    254                       366   -112      298
  SINCE JAN 1    306                       413   -107      351
..................................................................


WIND (MPH)
  RESULTANT WIND SPEED   5   RESULTANT WIND DIRECTION  SE (140)
  HIGHEST WIND SPEED    15   HIGHEST WIND DIRECTION    SE (140)
  HIGHEST GUST SPEED    19   HIGHEST GUST DIRECTION    SE (140)
  AVERAGE WIND SPEED     5.7


SKY COVER
  POSSIBLE SUNSHINE  92 PERCENT
  AVERAGE SKY COVER 0.4


WEATHER CONDITIONS
 THE FOLLOWING WEATHER WAS RECORDED YESTERDAY.
  HAZE


RELATIVE HUMIDITY (PERCENT)
 HIGHEST    93           400 AM
 LOWEST     36           100 PM
 AVERAGE    65

..........................................................


THE GRAND RAPIDS MI CLIMATE NORMALS FOR TODAY
                         NORMAL    RECORD    YEAR
 MAXIMUM TEMPERATURE (F)   82       103      1916
 MINIMUM TEMPERATURE (F)   62        47      1971


SUNRISE AND SUNSET
JULY 29 2015..........SUNRISE   630 AM EDT   SUNSET   907 PM EDT
JULY 30 2015..........SUNRISE   631 AM EDT   SUNSET   905 PM EDT


-  INDICATES NEGATIVE NUMBERS.
R  INDICATES RECORD WAS SET OR TIED.
MM INDICATES DATA IS MISSING.
T  INDICATES TRACE AMOUNT.




$$
