000
CDUS43 KGRR 210533
CLIGRR


CLIMATE REPORT
NATIONAL WEATHER SERVICE GRAND RAPIDS, MI
131 AM EDT SAT MAR 21 2015


...................................

...THE GRAND RAPIDS MI CLIMATE SUMMARY FOR MARCH 20 2015...

CLIMATE NORMAL PERIOD 1981 TO 2010
CLIMATE RECORD PERIOD 1892 TO 2015


WEATHER ITEM   OBSERVED TIME   RECORD YEAR NORMAL DEPARTURE LAST
                VALUE   (LST)  VALUE       VALUE  FROM      YEAR
                                                  NORMAL
..................................................................
TEMPERATURE (F)
 YESTERDAY
  MAXIMUM         51    453 PM  83    2012  46      5       37
  MINIMUM         25    619 AM   3    1965  28     -3       25
  AVERAGE         38                        37      1       31

PRECIPITATION (IN)
  YESTERDAY        T             1.22 2011   0.08  -0.08     0.01
  MONTH TO DATE    0.44                      1.45  -1.01     0.73
  SINCE MAR 1      0.44                      1.45  -1.01     0.73
  SINCE JAN 1      3.48                      5.33  -1.85     6.53

SNOWFALL (IN)
  YESTERDAY        0.0           8.4  1940   0.2   -0.2      0.1
  MONTH TO DATE    3.1                       6.5   -3.4      5.1
  SINCE MAR 1      3.1                       6.5   -3.4      5.1
  SINCE JUL 1     77.9                      71.3    6.6    112.9
  SNOW DEPTH       0

DEGREE DAYS
 HEATING
  YESTERDAY       27                        28     -1       34
  MONTH TO DATE  654                       629     25      812
  SINCE MAR 1    654                       629     25      812
  SINCE JUL 1   5956                      5406    550     6093

 COOLING
  YESTERDAY        0                         0      0        0
  MONTH TO DATE    0                         0      0        0
  SINCE MAR 1      0                         0      0        0
  SINCE JAN 1      0                         0      0        0
..................................................................


WIND (MPH)
  RESULTANT WIND SPEED   7   RESULTANT WIND DIRECTION  SW (230)
  HIGHEST WIND SPEED    20   HIGHEST WIND DIRECTION     W (260)
  HIGHEST GUST SPEED    28   HIGHEST GUST DIRECTION     S (180)
  AVERAGE WIND SPEED     9.2


SKY COVER
  POSSIBLE SUNSHINE  75 PERCENT
  AVERAGE SKY COVER 0.5


WEATHER CONDITIONS
 THE FOLLOWING WEATHER WAS RECORDED YESTERDAY.
  HAZE


RELATIVE HUMIDITY (PERCENT)
 HIGHEST    76          1000 PM
 LOWEST     50          1200 PM
 AVERAGE    63

..........................................................


THE GRAND RAPIDS MI CLIMATE NORMALS FOR TODAY
                         NORMAL    RECORD    YEAR
 MAXIMUM TEMPERATURE (F)   47        87      2012
 MINIMUM TEMPERATURE (F)   28         9      1965


SUNRISE AND SUNSET
MARCH 21 2015.........SUNRISE   744 AM EDT   SUNSET   755 PM EDT
MARCH 22 2015.........SUNRISE   742 AM EDT   SUNSET   756 PM EDT


-  INDICATES NEGATIVE NUMBERS.
R  INDICATES RECORD WAS SET OR TIED.
MM INDICATES DATA IS MISSING.
T  INDICATES TRACE AMOUNT.




$$
