000
CDUS43 KGRR 220514
CLIGRR


CLIMATE REPORT
NATIONAL WEATHER SERVICE GRAND RAPIDS, MI
1214 AM EST SAT NOV 22 2014


...................................

...THE GRAND RAPIDS MI CLIMATE SUMMARY FOR NOVEMBER 21 2014...

CLIMATE NORMAL PERIOD 1981 TO 2010
CLIMATE RECORD PERIOD 1892 TO 2014


WEATHER ITEM   OBSERVED TIME   RECORD YEAR NORMAL DEPARTURE LAST
                VALUE   (LST)  VALUE       VALUE  FROM      YEAR
                                                  NORMAL
..................................................................
TEMPERATURE (F)
 YESTERDAY
  MAXIMUM         27    355 PM  70    1913  45    -18       51
  MINIMUM         10R   819 AM  14    1987  31    -21       37
  AVERAGE         19                        38    -19       44

PRECIPITATION (IN)
  YESTERDAY        T             1.31 1979   0.11  -0.11     0.13
  MONTH TO DATE    1.95                      2.52  -0.57     3.65
  SINCE SEP 1     10.03                     10.06  -0.03    10.36
  SINCE JAN 1     36.55                     34.78   1.77    42.68

SNOWFALL (IN)
  YESTERDAY        T             3.0  2002   0.3   -0.3      0.0
  MONTH TO DATE   29.0                       3.6   25.4      0.1
  SINCE SEP 1     29.0                       4.1   24.9      0.1
  SINCE JUL 1     29.0                       4.1   24.9      0.1
  SNOW DEPTH       8

DEGREE DAYS
 HEATING
  YESTERDAY       46                        27     19       21
  MONTH TO DATE  642                       484    158      476
  SINCE SEP 1   1205                      1056    149      964
  SINCE JUL 1   1224                      1076    148      990

 COOLING
  YESTERDAY        0                         0      0        0
  MONTH TO DATE    0                         0      0        0
  SINCE SEP 1     51                        74    -23       97
  SINCE JAN 1    611                       699    -88      767
..................................................................


WIND (MPH)
  RESULTANT WIND SPEED   6   RESULTANT WIND DIRECTION   S (190)
  HIGHEST WIND SPEED    15   HIGHEST WIND DIRECTION     S (180)
  HIGHEST GUST SPEED    19   HIGHEST GUST DIRECTION     S (190)
  AVERAGE WIND SPEED     8.0


SKY COVER
  POSSIBLE SUNSHINE  97 PERCENT
  AVERAGE SKY COVER 0.4


WEATHER CONDITIONS
 THE FOLLOWING WEATHER WAS RECORDED YESTERDAY.
  LIGHT SNOW
  HAZE


RELATIVE HUMIDITY (PERCENT)
 HIGHEST    84           800 AM
 LOWEST     55           500 PM
 AVERAGE    70

..........................................................


THE GRAND RAPIDS MI CLIMATE NORMALS FOR TODAY
                         NORMAL    RECORD    YEAR
 MAXIMUM TEMPERATURE (F)   44        66      1913
 MINIMUM TEMPERATURE (F)   31        13      1929


SUNRISE AND SUNSET
NOVEMBER 22 2014......SUNRISE   743 AM EST   SUNSET   513 PM EST
NOVEMBER 23 2014......SUNRISE   744 AM EST   SUNSET   513 PM EST


-  INDICATES NEGATIVE NUMBERS.
R  INDICATES RECORD WAS SET OR TIED.
MM INDICATES DATA IS MISSING.
T  INDICATES TRACE AMOUNT.




$$
