000
CDUS43 KGRR 150521
CLIGRR


CLIMATE REPORT
NATIONAL WEATHER SERVICE GRAND RAPIDS, MI
121 AM EDT FRI JUL 15 2016


...................................

...THE GRAND RAPIDS MI CLIMATE SUMMARY FOR JULY 14 2016...

CLIMATE NORMAL PERIOD 1981 TO 2010
CLIMATE RECORD PERIOD 1892 TO 2016


WEATHER ITEM   OBSERVED TIME   RECORD YEAR NORMAL DEPARTURE LAST
                VALUE   (LST)  VALUE       VALUE  FROM      YEAR
                                                  NORMAL
..................................................................
TEMPERATURE (F)
 YESTERDAY
  MAXIMUM         82    553 PM 102    1936  83     -1       77
  MINIMUM         69    453 AM  45    1950  62      7       67
  AVERAGE         76                        73      3       72

PRECIPITATION (IN)
  YESTERDAY        0.00          1.22 1970   0.12  -0.12     0.64
  MONTH TO DATE    1.91                      1.67   0.24     1.22
  SINCE JUN 1      3.06                      5.44  -2.38     5.25
  SINCE JAN 1     19.86                     19.02   0.84    16.88

SNOWFALL (IN)
  YESTERDAY        0.0           0.0  2006   0.0    0.0      0.0
                                      2005
                                      2004
  MONTH TO DATE    0.0                       0.0    0.0      0.0
  SINCE JUN 1      0.0                       0.0    0.0      0.0
  SINCE JUL 1      0.0                       0.0    0.0      0.0
  SNOW DEPTH       0

DEGREE DAYS
 HEATING
  YESTERDAY        0                         0      0        0
  MONTH TO DATE    0                         0      0       12
  SINCE JUN 1     21                        45    -24       42
  SINCE JUL 1      0                         0      0       12

 COOLING
  YESTERDAY       11                         8      3        7
  MONTH TO DATE  135                       109     26       56
  SINCE JUN 1    325                       254     71      145
  SINCE JAN 1    396                       301     95      197
..................................................................


WIND (MPH)
  RESULTANT WIND SPEED  15   RESULTANT WIND DIRECTION   W (260)
  HIGHEST WIND SPEED    99   HIGHEST WIND DIRECTION    MM
  HIGHEST GUST SPEED    MM   HIGHEST GUST DIRECTION    MM
  AVERAGE WIND SPEED    MM


SKY COVER
  POSSIBLE SUNSHINE  86 PERCENT
  AVERAGE SKY COVER 0.4


WEATHER CONDITIONS
 THE FOLLOWING WEATHER WAS RECORDED YESTERDAY.
  NO SIGNIFICANT WEATHER WAS OBSERVED.


RELATIVE HUMIDITY (PERCENT)
 HIGHEST    90           500 AM
 LOWEST     43           500 PM
 AVERAGE    67

..........................................................


THE GRAND RAPIDS MI CLIMATE NORMALS FOR TODAY
                         NORMAL    RECORD    YEAR
 MAXIMUM TEMPERATURE (F)   83        95      2013
                                             2006
                                             1995
 MINIMUM TEMPERATURE (F)   62        47      1987


SUNRISE AND SUNSET
JULY 15 2016..........SUNRISE   617 AM EDT   SUNSET   918 PM EDT
JULY 16 2016..........SUNRISE   618 AM EDT   SUNSET   918 PM EDT


-  INDICATES NEGATIVE NUMBERS.
R  INDICATES RECORD WAS SET OR TIED.
MM INDICATES DATA IS MISSING.
T  INDICATES TRACE AMOUNT.




$$
