000
CDUS43 KGRR 160516
CLIGRR


CLIMATE REPORT
NATIONAL WEATHER SERVICE GRAND RAPIDS, MI
116 AM EDT THU OCT 16 2014


...................................

...THE GRAND RAPIDS MI CLIMATE SUMMARY FOR OCTOBER 15 2014...

CLIMATE NORMAL PERIOD 1981 TO 2010
CLIMATE RECORD PERIOD 1892 TO 2014


WEATHER ITEM   OBSERVED TIME   RECORD YEAR NORMAL DEPARTURE LAST
                VALUE   (LST)  VALUE       VALUE  FROM      YEAR
                                                  NORMAL
..................................................................
TEMPERATURE (F)
 YESTERDAY
  MAXIMUM         64   1244 PM  85    1947  61      3       65
                                      1899
                                      1897
  MINIMUM         54   1118 PM  23    1944  42     12       43
  AVERAGE         59                        51      8       54

PRECIPITATION (IN)
  YESTERDAY        0.01          0.90 1942   0.09  -0.08     0.29
  MONTH TO DATE    4.25                      1.60   2.65     2.57
  SINCE SEP 1      7.35                      5.88   1.47     3.82
  SINCE JAN 1     33.87                     30.60   3.27    36.14

SNOWFALL (IN)
  YESTERDAY        0.0           0.0  2002   0.0    0.0      0.0
                                      2001
  MONTH TO DATE    0.0                       0.1   -0.1      0.0
  SINCE SEP 1      0.0                       0.1   -0.1      0.0
  SINCE JUL 1      0.0                       0.1   -0.1      0.0
  SNOW DEPTH       0

DEGREE DAYS
 HEATING
  YESTERDAY        6                        14     -8       11
  MONTH TO DATE  169                       175     -6       83
  SINCE SEP 1    300                       307     -7      195
  SINCE JUL 1    319                       327     -8      221

 COOLING
  YESTERDAY        0                         0      0        0
  MONTH TO DATE    0                         4     -4       14
  SINCE SEP 1     51                        71    -20       97
  SINCE JAN 1    611                       696    -85      767
..................................................................


WIND (MPH)
  RESULTANT WIND SPEED   4   RESULTANT WIND DIRECTION  SE (140)
  HIGHEST WIND SPEED    12   HIGHEST WIND DIRECTION    SE (130)
  HIGHEST GUST SPEED    17   HIGHEST GUST DIRECTION     E (110)
  AVERAGE WIND SPEED     4.4


SKY COVER
  POSSIBLE SUNSHINE  13 PERCENT
  AVERAGE SKY COVER 0.9


WEATHER CONDITIONS
 THE FOLLOWING WEATHER WAS RECORDED YESTERDAY.
  LIGHT RAIN
  FOG


RELATIVE HUMIDITY (PERCENT)
 HIGHEST   100           500 AM
 LOWEST     67           300 PM
 AVERAGE    84

..........................................................


THE GRAND RAPIDS MI CLIMATE NORMALS FOR TODAY
                         NORMAL    RECORD    YEAR
 MAXIMUM TEMPERATURE (F)   60        83      1938
 MINIMUM TEMPERATURE (F)   42        25      1977
                                             1944


SUNRISE AND SUNSET
OCTOBER 16 2014.......SUNRISE   757 AM EDT   SUNSET   658 PM EDT
OCTOBER 17 2014.......SUNRISE   758 AM EDT   SUNSET   656 PM EDT


-  INDICATES NEGATIVE NUMBERS.
R  INDICATES RECORD WAS SET OR TIED.
MM INDICATES DATA IS MISSING.
T  INDICATES TRACE AMOUNT.




$$
