000
CDUS43 KGRR 081429
CLIGRR


CLIMATE REPORT
NATIONAL WEATHER SERVICE GRAND RAPIDS, MI
928 AM EST THU FEB 8 2018


...................................

...THE GRAND RAPIDS MI CLIMATE SUMMARY FOR FEBRUARY 8 2018...
VALID AS OF 0900 AM LOCAL TIME.

SNOWFALL IS THROUGH 700 AM TODAY

CLIMATE NORMAL PERIOD 1981 TO 2010
CLIMATE RECORD PERIOD 1892 TO 2018


WEATHER ITEM   OBSERVED TIME   RECORD YEAR NORMAL DEPARTURE LAST
                VALUE   (LST)  VALUE       VALUE  FROM      YEAR
                                                  NORMAL
..................................................................
TEMPERATURE (F)
 TODAY
  MAXIMUM         17    859 AM  60    1925  32    -15       34
  MINIMUM         14    212 AM -12    1974  19     -5       20
  AVERAGE         16                        25     -9       27

PRECIPITATION (IN)
  TODAY            0.02          0.75 1900   0.06  -0.04      T
  MONTH TO DATE    0.73                      0.45   0.28     0.53
  SINCE DEC 1      4.81                      5.04  -0.23     7.00
  SINCE JAN 1      2.85                      2.54   0.31     4.04

SNOWFALL (IN)
  TODAY            0.6           5.4  1952   0.6    0.0       T
  MONTH TO DATE   11.6                       4.7    6.9      1.2
  SINCE DEC 1     57.1                      47.4    9.7     53.0
  SINCE JUL 1     57.7                      54.7    3.0     53.8
  SNOW DEPTH       6

DEGREE DAYS
 HEATING
  TODAY           49                        40      9       38
  MONTH TO DATE  370                       320     50      318
  SINCE DEC 1   2857                      2689    168     2582
  SINCE JUL 1   4048                      4027     21     3530

 COOLING
  TODAY            0                         0      0        0
  MONTH TO DATE    0                         0      0        0
  SINCE DEC 1      0                         0      0        0
  SINCE JAN 1      0                         0      0        0
..................................................................


WIND (MPH)
  RESULTANT WIND SPEED   7   RESULTANT WIND DIRECTION  SW (230)
  HIGHEST WIND SPEED    12   HIGHEST WIND DIRECTION    SW (240)
  HIGHEST GUST SPEED    13   HIGHEST GUST DIRECTION    SW (240)
  AVERAGE WIND SPEED     7.4


SKY COVER
  AVERAGE SKY COVER 1.0


WEATHER CONDITIONS
 THE FOLLOWING WEATHER WAS RECORDED TODAY.
  LIGHT SNOW
  FOG
  HAZE


RELATIVE HUMIDITY (PERCENT)
 HIGHEST    88           500 AM
 LOWEST     73          1200 AM
 AVERAGE    81

..........................................................


THE GRAND RAPIDS MI CLIMATE NORMALS FOR TOMORROW
                         NORMAL    RECORD    YEAR
 MAXIMUM TEMPERATURE (F)   32        55      1925
 MINIMUM TEMPERATURE (F)   19       -16      1934


SUNRISE AND SUNSET
FEBRUARY  8 2018......SUNRISE   749 AM EST   SUNSET   604 PM EST
FEBRUARY  9 2018......SUNRISE   747 AM EST   SUNSET   606 PM EST


-  INDICATES NEGATIVE NUMBERS.
R  INDICATES RECORD WAS SET OR TIED.
MM INDICATES DATA IS MISSING.
T  INDICATES TRACE AMOUNT.




$$
