000
CDUS43 KGRR 280518
CLIGRR


CLIMATE REPORT
NATIONAL WEATHER SERVICE GRAND RAPIDS, MI
118 AM EDT FRI AUG 28 2015


...................................

...THE GRAND RAPIDS MI CLIMATE SUMMARY FOR AUGUST 27 2015...

CLIMATE NORMAL PERIOD 1981 TO 2010
CLIMATE RECORD PERIOD 1892 TO 2015


WEATHER ITEM   OBSERVED TIME   RECORD YEAR NORMAL DEPARTURE LAST
                VALUE   (LST)  VALUE       VALUE  FROM      YEAR
                                                  NORMAL
..................................................................
TEMPERATURE (F)
 YESTERDAY
  MAXIMUM         71    153 PM  95    1953  79     -8       78
                                      1948
  MINIMUM         51    532 AM  42    1915  59     -8       59
  AVERAGE         61                        69     -8       69

PRECIPITATION (IN)
  YESTERDAY        0.00          2.08 1921   0.12  -0.12     0.00
  MONTH TO DATE    3.54                      3.10   0.44     3.41
  SINCE JUN 1      9.80                     10.65  -0.85    12.98
  SINCE JAN 1     21.43                     24.23  -2.80    26.25

SNOWFALL (IN)
  YESTERDAY        0.0           0.0    MM   0.0    0.0      0.0
  MONTH TO DATE    0.0                       0.0    0.0      0.0
  SINCE JUN 1      0.0                       0.0    0.0      0.0
  SINCE JUL 1      0.0                       0.0    0.0      0.0
  SNOW DEPTH       0

DEGREE DAYS
 HEATING
  YESTERDAY        4                         1      3        0
  MONTH TO DATE   15                         5     10        9
  SINCE JUN 1     58                        56      2       31
  SINCE JUL 1     28                        11     17       18

 COOLING
  YESTERDAY        0                         5     -5        4
  MONTH TO DATE  155                       174    -19      178
  SINCE JUN 1    442                       558   -116      481
  SINCE JAN 1    494                       605   -111      534
..................................................................


WIND (MPH)
  RESULTANT WIND SPEED   2   RESULTANT WIND DIRECTION  SE (150)
  HIGHEST WIND SPEED     9   HIGHEST WIND DIRECTION    SE (140)
  HIGHEST GUST SPEED    22   HIGHEST GUST DIRECTION     N (350)
  AVERAGE WIND SPEED     3.3


SKY COVER
  POSSIBLE SUNSHINE  28 PERCENT
  AVERAGE SKY COVER 0.6


WEATHER CONDITIONS
 THE FOLLOWING WEATHER WAS RECORDED YESTERDAY.
  NO SIGNIFICANT WEATHER WAS OBSERVED.


RELATIVE HUMIDITY (PERCENT)
 HIGHEST   100           600 AM
 LOWEST     53           200 PM
 AVERAGE    77

..........................................................


THE GRAND RAPIDS MI CLIMATE NORMALS FOR TODAY
                         NORMAL    RECORD    YEAR
 MAXIMUM TEMPERATURE (F)   79        94      1953
                                             1952
 MINIMUM TEMPERATURE (F)   59        41      1986


SUNRISE AND SUNSET
AUGUST 28 2015........SUNRISE   702 AM EDT   SUNSET   824 PM EDT
AUGUST 29 2015........SUNRISE   703 AM EDT   SUNSET   822 PM EDT


-  INDICATES NEGATIVE NUMBERS.
R  INDICATES RECORD WAS SET OR TIED.
MM INDICATES DATA IS MISSING.
T  INDICATES TRACE AMOUNT.




$$
