000
CDUS43 KGRR 022226
CLIGRR


CLIMATE REPORT
NATIONAL WEATHER SERVICE GRAND RAPIDS, MI
525 PM EST MON JAN 2 2017


...................................

...THE GRAND RAPIDS MI CLIMATE SUMMARY FOR JANUARY 2 2017...
VALID TODAY AS OF 0500 PM LOCAL TIME.

CLIMATE NORMAL PERIOD 1981 TO 2010
CLIMATE RECORD PERIOD 1892 TO 2017


WEATHER ITEM   OBSERVED TIME   RECORD YEAR NORMAL DEPARTURE LAST
                VALUE   (LST)  VALUE       VALUE  FROM      YEAR
                                                  NORMAL
..................................................................
TEMPERATURE (F)
 TODAY
  MAXIMUM         42   1257 PM  59    2004  31     11       36
  MINIMUM         24    642 AM  -2    2001  19      5       29
  AVERAGE         33                        25      8       33

PRECIPITATION (IN)
  TODAY            0.02          1.35 1897   0.08  -0.06     0.00
  MONTH TO DATE    0.02                      0.16  -0.14     0.04
  SINCE DEC 1      2.98                      2.66   0.32     3.37
  SINCE JAN 1      0.02                      0.16  -0.14     0.04

SNOWFALL (IN)
  TODAY            0.0           6.4  1999   0.7   -0.7      0.0
  MONTH TO DATE    0.0                       1.4   -1.4      0.9
  SINCE DEC 1     37.0                      23.3   13.7      3.4
  SINCE JUL 1     37.8                      30.6    7.2      6.9
  SNOW DEPTH       0

DEGREE DAYS
 HEATING
  TODAY           32                        40     -8       32
  MONTH TO DATE   66                        80    -14       70
  SINCE DEC 1   1222                      1191     31      867
  SINCE JUL 1   2170                      2529   -359     1925

 COOLING
  TODAY            0                         0      0        0
  MONTH TO DATE    0                         0      0        0
  SINCE DEC 1      0                         0      0        0
  SINCE JAN 1      0                         0      0        0
..................................................................


WIND (MPH)
  RESULTANT WIND SPEED   8   RESULTANT WIND DIRECTION   E (80)
  HIGHEST WIND SPEED    18   HIGHEST WIND DIRECTION     E (90)
  HIGHEST GUST SPEED    21   HIGHEST GUST DIRECTION     E (90)
  AVERAGE WIND SPEED     8.5


SKY COVER
  AVERAGE SKY COVER 0.5


WEATHER CONDITIONS
 THE FOLLOWING WEATHER WAS RECORDED TODAY.
  RAIN
  LIGHT RAIN
  HAZE


RELATIVE HUMIDITY (PERCENT)
 HIGHEST    81           600 AM
 LOWEST     55           100 PM
 AVERAGE    68

..........................................................


THE GRAND RAPIDS MI CLIMATE NORMALS FOR TOMORROW
                         NORMAL    RECORD    YEAR
 MAXIMUM TEMPERATURE (F)   31        59      2004
 MINIMUM TEMPERATURE (F)   19       -11      1902


SUNRISE AND SUNSET
JANUARY  2 2017.......SUNRISE   813 AM EST   SUNSET   520 PM EST
JANUARY  3 2017.......SUNRISE   813 AM EST   SUNSET   521 PM EST


-  INDICATES NEGATIVE NUMBERS.
R  INDICATES RECORD WAS SET OR TIED.
MM INDICATES DATA IS MISSING.
T  INDICATES TRACE AMOUNT.




$$
