000
CDUS43 KGRR 052228
CLIGRR


CLIMATE REPORT
NATIONAL WEATHER SERVICE GRAND RAPIDS, MI
527 PM EST SUN FEB 5 2017


...................................

...THE GRAND RAPIDS MI CLIMATE SUMMARY FOR FEBRUARY 5 2017...
VALID TODAY AS OF 0500 PM LOCAL TIME.

CLIMATE NORMAL PERIOD 1981 TO 2010
CLIMATE RECORD PERIOD 1892 TO 2017


WEATHER ITEM   OBSERVED TIME   RECORD YEAR NORMAL DEPARTURE LAST
                VALUE   (LST)  VALUE       VALUE  FROM      YEAR
                                                  NORMAL
..................................................................
TEMPERATURE (F)
 TODAY
  MAXIMUM         35    112 PM  52    1991  32      3       32
  MINIMUM         29    517 AM -16    1895  18     11       21
  AVERAGE         32                        25      7       27

PRECIPITATION (IN)
  TODAY            0.00          1.21 1938   0.06  -0.06     0.02
  MONTH TO DATE    0.11                      0.28  -0.17     1.63
  SINCE DEC 1      6.58                      4.87   1.71     7.11
  SINCE JAN 1      3.62                      2.37   1.25     3.78

SNOWFALL (IN)
  TODAY            0.0           4.8  2014   0.6   -0.6      0.2
  MONTH TO DATE    1.2                       3.0   -1.8      1.0
  SINCE DEC 1     53.0                      45.7    7.3     24.3
  SINCE JUL 1     53.8                      53.0    0.8     27.8
  SNOW DEPTH       3

DEGREE DAYS
 HEATING
  TODAY           33                        40     -7       38
  MONTH TO DATE  211                       200     11      171
  SINCE DEC 1   2475                      2569    -94     2168
  SINCE JUL 1   3423                      3907   -484     3226

 COOLING
  TODAY            0                         0      0        0
  MONTH TO DATE    0                         0      0        0
  SINCE DEC 1      0                         0      0        0
  SINCE JAN 1      0                         0      0        0
..................................................................


WIND (MPH)
  RESULTANT WIND SPEED  11   RESULTANT WIND DIRECTION   W (260)
  HIGHEST WIND SPEED    20   HIGHEST WIND DIRECTION     W (290)
  HIGHEST GUST SPEED    25   HIGHEST GUST DIRECTION    NW (300)
  AVERAGE WIND SPEED    13.1


SKY COVER
  AVERAGE SKY COVER 1.0


WEATHER CONDITIONS
 THE FOLLOWING WEATHER WAS RECORDED TODAY.
  NO SIGNIFICANT WEATHER WAS OBSERVED.


RELATIVE HUMIDITY (PERCENT)
 HIGHEST    69           800 AM
 LOWEST     47           200 AM
 AVERAGE    58

..........................................................


THE GRAND RAPIDS MI CLIMATE NORMALS FOR TOMORROW
                         NORMAL    RECORD    YEAR
 MAXIMUM TEMPERATURE (F)   32        54      1938
 MINIMUM TEMPERATURE (F)   19        -9      1977
                                             1895


SUNRISE AND SUNSET
FEBRUARY  5 2017......SUNRISE   752 AM EST   SUNSET   601 PM EST
FEBRUARY  6 2017......SUNRISE   751 AM EST   SUNSET   602 PM EST


-  INDICATES NEGATIVE NUMBERS.
R  INDICATES RECORD WAS SET OR TIED.
MM INDICATES DATA IS MISSING.
T  INDICATES TRACE AMOUNT.




$$

63
