000
CDUS43 KGRR 260514
CLIGRR


CLIMATE REPORT
NATIONAL WEATHER SERVICE GRAND RAPIDS, MI
113 AM EDT FRI JUN 26 2015


...................................

...THE GRAND RAPIDS MI CLIMATE SUMMARY FOR JUNE 25 2015...

CLIMATE NORMAL PERIOD 1981 TO 2010
CLIMATE RECORD PERIOD 1892 TO 2015


WEATHER ITEM   OBSERVED TIME   RECORD YEAR NORMAL DEPARTURE LAST
                VALUE   (LST)  VALUE       VALUE  FROM      YEAR
                                                  NORMAL
..................................................................
TEMPERATURE (F)
 YESTERDAY
  MAXIMUM         75    147 PM  97    1988  82     -7       78
  MINIMUM         62   1056 PM  41    1986  60      2       65
  AVERAGE         69                        71     -2       72

PRECIPITATION (IN)
  YESTERDAY        0.04          1.81 1953   0.13  -0.09     0.08
  MONTH TO DATE    3.64                      3.17   0.47     4.65
  SINCE JUN 1      3.64                      3.17   0.47     4.65
  SINCE JAN 1     15.27                     16.75  -1.48    17.92

SNOWFALL (IN)
  YESTERDAY        0.0           0.0  2007   0.0    0.0      0.0
                                      2006
                                      2005
  MONTH TO DATE    0.0                       0.0    0.0      0.0
  SINCE JUN 1      0.0                       0.0    0.0      0.0
  SINCE JUL 1     78.1                      74.9    3.2    116.0
  SNOW DEPTH       0

DEGREE DAYS
 HEATING
  YESTERDAY        0                         1     -1        0
  MONTH TO DATE   30                        44    -14       13
  SINCE JUN 1     30                        44    -14       13
  SINCE JUL 1   7019                      6484    535     7213

 COOLING
  YESTERDAY        4                         7     -3        7
  MONTH TO DATE   79                       112    -33      124
  SINCE JUN 1     79                       112    -33      124
  SINCE JAN 1    131                       159    -28      177
..................................................................


WIND (MPH)
  RESULTANT WIND SPEED   3   RESULTANT WIND DIRECTION   E (110)
  HIGHEST WIND SPEED    10   HIGHEST WIND DIRECTION    SE (120)
  HIGHEST GUST SPEED    13   HIGHEST GUST DIRECTION    SE (140)
  AVERAGE WIND SPEED     4.7


SKY COVER
  POSSIBLE SUNSHINE   5 PERCENT
  AVERAGE SKY COVER 0.8


WEATHER CONDITIONS
 THE FOLLOWING WEATHER WAS RECORDED YESTERDAY.
  RAIN
  LIGHT RAIN
  FOG


RELATIVE HUMIDITY (PERCENT)
 HIGHEST    93           500 AM
 LOWEST     73          1100 AM
 AVERAGE    83

..........................................................


THE GRAND RAPIDS MI CLIMATE NORMALS FOR TODAY
                         NORMAL    RECORD    YEAR
 MAXIMUM TEMPERATURE (F)   82        94      1941
 MINIMUM TEMPERATURE (F)   61        43      1902


SUNRISE AND SUNSET
JUNE 26 2015..........SUNRISE   605 AM EDT   SUNSET   925 PM EDT
JUNE 27 2015..........SUNRISE   605 AM EDT   SUNSET   925 PM EDT


-  INDICATES NEGATIVE NUMBERS.
R  INDICATES RECORD WAS SET OR TIED.
MM INDICATES DATA IS MISSING.
T  INDICATES TRACE AMOUNT.




$$
