000
CDUS43 KGRR 060519
CLIGRR


CLIMATE REPORT
NATIONAL WEATHER SERVICE GRAND RAPIDS, MI
119 AM EDT FRI OCT 6 2017


...................................

...THE GRAND RAPIDS MI CLIMATE SUMMARY FOR OCTOBER 5 2017...

CLIMATE NORMAL PERIOD 1981 TO 2010
CLIMATE RECORD PERIOD 1892 TO 2017


WEATHER ITEM   OBSERVED TIME   RECORD YEAR NORMAL DEPARTURE LAST
                VALUE   (LST)  VALUE       VALUE  FROM      YEAR
                                                  NORMAL
..................................................................
TEMPERATURE (F)
 YESTERDAY
  MAXIMUM         74    202 PM  85    1946  65      9       79
                                      1922
                                      1900
  MINIMUM         44    650 AM  29    2004  45     -1       58
                                      1965
  AVERAGE         59                        55      4       69

PRECIPITATION (IN)
  YESTERDAY        0.08          1.72 2013   0.12  -0.04     0.19
  MONTH TO DATE    0.10                      0.57  -0.47     1.51
  SINCE SEP 1      0.76                      4.85  -4.09     3.91
  SINCE JAN 1     25.08                     29.57  -4.49    35.45

SNOWFALL (IN)
  YESTERDAY        0.0           T    1935   0.0    0.0      0.0
  MONTH TO DATE    0.0                       0.0    0.0      0.0
  SINCE SEP 1      0.0                       0.0    0.0      0.0
  SINCE JUL 1      0.0                       0.0    0.0      0.0
  SNOW DEPTH       0

DEGREE DAYS
 HEATING
  YESTERDAY        6                        11     -5        0
  MONTH TO DATE   17                        50    -33       17
  SINCE SEP 1    100                       182    -82       61
  SINCE JUL 1    116                       202    -86       61

 COOLING
  YESTERDAY        0                         0      0        4
  MONTH TO DATE    3                         4     -1        4
  SINCE SEP 1    139                        71     68       99
  SINCE JAN 1    711                       696     15      930
..................................................................


WIND (MPH)
  RESULTANT WIND SPEED   3   RESULTANT WIND DIRECTION   W (280)
  HIGHEST WIND SPEED    17   HIGHEST WIND DIRECTION     W (250)
  HIGHEST GUST SPEED    21   HIGHEST GUST DIRECTION     W (260)
  AVERAGE WIND SPEED     5.3


SKY COVER
  POSSIBLE SUNSHINE  65 PERCENT
  AVERAGE SKY COVER 0.4


WEATHER CONDITIONS
 THE FOLLOWING WEATHER WAS RECORDED YESTERDAY.
  THUNDERSTORM
  LIGHT RAIN
  FOG


RELATIVE HUMIDITY (PERCENT)
 HIGHEST   100           500 AM
 LOWEST     35           200 PM
 AVERAGE    68

..........................................................


THE GRAND RAPIDS MI CLIMATE NORMALS FOR TODAY
                         NORMAL    RECORD    YEAR
 MAXIMUM TEMPERATURE (F)   64        87      2007
 MINIMUM TEMPERATURE (F)   45        28      2003
                                             1964


SUNRISE AND SUNSET
OCTOBER  6 2017.......SUNRISE   745 AM EDT   SUNSET   714 PM EDT
OCTOBER  7 2017.......SUNRISE   746 AM EDT   SUNSET   712 PM EDT


-  INDICATES NEGATIVE NUMBERS.
R  INDICATES RECORD WAS SET OR TIED.
MM INDICATES DATA IS MISSING.
T  INDICATES TRACE AMOUNT.




$$
