000
CDUS43 KGRR 250513
CLIGRR


CLIMATE REPORT
NATIONAL WEATHER SERVICE GRAND RAPIDS, MI
113 AM EDT TUE AUG 25 2015


...................................

...THE GRAND RAPIDS MI CLIMATE SUMMARY FOR AUGUST 24 2015...

CLIMATE NORMAL PERIOD 1981 TO 2010
CLIMATE RECORD PERIOD 1892 TO 2015


WEATHER ITEM   OBSERVED TIME   RECORD YEAR NORMAL DEPARTURE LAST
                VALUE   (LST)  VALUE       VALUE  FROM      YEAR
                                                  NORMAL
..................................................................
TEMPERATURE (F)
 YESTERDAY
  MAXIMUM         71   1237 PM  98    1948  80     -9       82
                                      1947
  MINIMUM         58   1159 PM  40    1946  60     -2       67
                                      1942
  AVERAGE         65                        70     -5       75

PRECIPITATION (IN)
  YESTERDAY        T             1.56 1993   0.11  -0.11     0.00
  MONTH TO DATE    3.49                      2.75   0.74     2.83
  SINCE JUN 1      9.75                     10.30  -0.55    12.40
  SINCE JAN 1     21.38                     23.88  -2.50    25.67

SNOWFALL (IN)
  YESTERDAY        0.0           0.0    MM   0.0    0.0      0.0
  MONTH TO DATE    0.0                       0.0    0.0      0.0
  SINCE JUN 1      0.0                       0.0    0.0      0.0
  SINCE JUL 1      0.0                       0.0    0.0      0.0
  SNOW DEPTH       0

DEGREE DAYS
 HEATING
  YESTERDAY        0                         1     -1        0
  MONTH TO DATE    1                         2     -1        9
  SINCE JUN 1     44                        53     -9       31
  SINCE JUL 1     14                         8      6       18

 COOLING
  YESTERDAY        0                         6     -6       10
  MONTH TO DATE  155                       159     -4      154
  SINCE JUN 1    442                       543   -101      457
  SINCE JAN 1    494                       590    -96      510
..................................................................


WIND (MPH)
  RESULTANT WIND SPEED  12   RESULTANT WIND DIRECTION   W (260)
  HIGHEST WIND SPEED    30   HIGHEST WIND DIRECTION     W (250)
  HIGHEST GUST SPEED    40   HIGHEST GUST DIRECTION    SW (240)
  AVERAGE WIND SPEED    12.9


SKY COVER
  POSSIBLE SUNSHINE  38 PERCENT
  AVERAGE SKY COVER 0.9


WEATHER CONDITIONS
 THE FOLLOWING WEATHER WAS RECORDED YESTERDAY.
  LIGHT RAIN


RELATIVE HUMIDITY (PERCENT)
 HIGHEST    84           400 AM
 LOWEST     47           100 PM
 AVERAGE    66

..........................................................


THE GRAND RAPIDS MI CLIMATE NORMALS FOR TODAY
                         NORMAL    RECORD    YEAR
 MAXIMUM TEMPERATURE (F)   80        94      1959
                                             1948
 MINIMUM TEMPERATURE (F)   60        41      1942


SUNRISE AND SUNSET
AUGUST 25 2015........SUNRISE   659 AM EDT   SUNSET   829 PM EDT
AUGUST 26 2015........SUNRISE   700 AM EDT   SUNSET   827 PM EDT


-  INDICATES NEGATIVE NUMBERS.
R  INDICATES RECORD WAS SET OR TIED.
MM INDICATES DATA IS MISSING.
T  INDICATES TRACE AMOUNT.




$$
