000
CDUS43 KGRR 160518
CLIGRR


CLIMATE REPORT
NATIONAL WEATHER SERVICE GRAND RAPIDS, MI
117 AM EDT SAT AUG 16 2014


...................................

...THE GRAND RAPIDS MI CLIMATE SUMMARY FOR AUGUST 15 2014...

CLIMATE NORMAL PERIOD 1981 TO 2010
CLIMATE RECORD PERIOD 1892 TO 2014


WEATHER ITEM   OBSERVED TIME   RECORD YEAR NORMAL DEPARTURE LAST
                VALUE   (LST)  VALUE       VALUE  FROM      YEAR
                                                  NORMAL
..................................................................
TEMPERATURE (F)
 YESTERDAY
  MAXIMUM         75    415 PM  97    1944  81     -6       76
  MINIMUM         46    614 AM  42    1964  62    -16       48
  AVERAGE         61                        71    -10       62

PRECIPITATION (IN)
  YESTERDAY        0.00          1.35 1986   0.12  -0.12     0.00
  MONTH TO DATE    0.88                      1.75  -0.87     0.90
  SINCE JUN 1     10.45                      9.30   1.15     8.63
  SINCE JAN 1     23.72                     22.88   0.84    31.32

SNOWFALL (IN)
  YESTERDAY        0.0           0.0    MM   0.0    0.0      0.0
  MONTH TO DATE    0.0                       0.0    0.0      0.0
  SINCE JUN 1      0.0                       0.0    0.0      0.0
  SINCE JUL 1      0.0                       0.0    0.0      0.0
  SNOW DEPTH       0

DEGREE DAYS
 HEATING
  YESTERDAY        4                         0      4        3
  MONTH TO DATE    9                         0      9       15
  SINCE JUN 1     31                        51    -20       66
  SINCE JUL 1     18                         6     12       26

 COOLING
  YESTERDAY        0                         7     -7        0
  MONTH TO DATE   85                       105    -20       49
  SINCE JUN 1    388                       489   -101      456
  SINCE JAN 1    441                       536    -95      538
..................................................................


WIND (MPH)
  RESULTANT WIND SPEED   7   RESULTANT WIND DIRECTION   W (260)
  HIGHEST WIND SPEED    20   HIGHEST WIND DIRECTION     W (250)
  HIGHEST GUST SPEED    26   HIGHEST GUST DIRECTION     W (250)
  AVERAGE WIND SPEED     7.8


SKY COVER
  POSSIBLE SUNSHINE  96 PERCENT
  AVERAGE SKY COVER 0.3


WEATHER CONDITIONS
 THE FOLLOWING WEATHER WAS RECORDED YESTERDAY.
  NO SIGNIFICANT WEATHER WAS OBSERVED.


RELATIVE HUMIDITY (PERCENT)
 HIGHEST    86           600 AM
 LOWEST     36           400 PM
 AVERAGE    61

..........................................................


THE GRAND RAPIDS MI CLIMATE NORMALS FOR TODAY
                         NORMAL    RECORD    YEAR
 MAXIMUM TEMPERATURE (F)   81        99      1913
 MINIMUM TEMPERATURE (F)   61        40      1979


SUNRISE AND SUNSET
AUGUST 16 2014........SUNRISE   649 AM EDT   SUNSET   843 PM EDT
AUGUST 17 2014........SUNRISE   650 AM EDT   SUNSET   841 PM EDT


-  INDICATES NEGATIVE NUMBERS.
R  INDICATES RECORD WAS SET OR TIED.
MM INDICATES DATA IS MISSING.
T  INDICATES TRACE AMOUNT.




$$
