000
CDUS43 KGRR 120516
CLIGRR


CLIMATE REPORT
NATIONAL WEATHER SERVICE GRAND RAPIDS, MI
116 AM EDT MON JUN 12 2017


...................................

...THE GRAND RAPIDS MI CLIMATE SUMMARY FOR JUNE 11 2017...

CLIMATE NORMAL PERIOD 1981 TO 2010
CLIMATE RECORD PERIOD 1892 TO 2017


WEATHER ITEM   OBSERVED TIME   RECORD YEAR NORMAL DEPARTURE LAST
                VALUE   (LST)  VALUE       VALUE  FROM      YEAR
                                                  NORMAL
..................................................................
TEMPERATURE (F)
 YESTERDAY
  MAXIMUM         91    347 PM  93    1956  78     13       90
                                      1933
                                      1894
  MINIMUM         71    610 AM  33    1972  57     14       69
  AVERAGE         81                        67     14       80

PRECIPITATION (IN)
  YESTERDAY        0.00          2.64 1986   0.13  -0.13     0.00
  MONTH TO DATE    0.24                      1.41  -1.17     0.52
  SINCE JUN 1      0.24                      1.41  -1.17     0.52
  SINCE JAN 1     16.84                     14.99   1.85    17.32

SNOWFALL (IN)
  YESTERDAY        0.0           0.0  2007   0.0    0.0      0.0
                                      2006
                                      2005
  MONTH TO DATE    0.0                       0.0    0.0      0.0
  SINCE JUN 1      0.0                       0.0    0.0      0.0
  SINCE JUL 1     60.1                      74.9  -14.8     61.1
  SNOW DEPTH       0

DEGREE DAYS
 HEATING
  YESTERDAY        0                         2     -2        0
  MONTH TO DATE    7                        29    -22       21
  SINCE JUN 1      7                        29    -22       21
  SINCE JUL 1   5620                      6469   -849     5617

 COOLING
  YESTERDAY       16                         4     12       15
  MONTH TO DATE   44                        36      8       48
  SINCE JUN 1     44                        36      8       48
  SINCE JAN 1     74                        83     -9      119
..................................................................


WIND (MPH)
  RESULTANT WIND SPEED  14   RESULTANT WIND DIRECTION  SW (220)
  HIGHEST WIND SPEED    24   HIGHEST WIND DIRECTION     W (250)
  HIGHEST GUST SPEED    28   HIGHEST GUST DIRECTION     W (250)
  AVERAGE WIND SPEED    14.0


SKY COVER
  POSSIBLE SUNSHINE  90 PERCENT
  AVERAGE SKY COVER 0.4


WEATHER CONDITIONS
 THE FOLLOWING WEATHER WAS RECORDED YESTERDAY.
  NO SIGNIFICANT WEATHER WAS OBSERVED.


RELATIVE HUMIDITY (PERCENT)
 HIGHEST    61           600 AM
 LOWEST     38           600 PM
 AVERAGE    50

..........................................................


THE GRAND RAPIDS MI CLIMATE NORMALS FOR TODAY
                         NORMAL    RECORD    YEAR
 MAXIMUM TEMPERATURE (F)   78        96      1901
 MINIMUM TEMPERATURE (F)   57        38      1903


SUNRISE AND SUNSET
JUNE 12 2017..........SUNRISE   603 AM EDT   SUNSET   921 PM EDT
JUNE 13 2017..........SUNRISE   603 AM EDT   SUNSET   922 PM EDT


-  INDICATES NEGATIVE NUMBERS.
R  INDICATES RECORD WAS SET OR TIED.
MM INDICATES DATA IS MISSING.
T  INDICATES TRACE AMOUNT.




$$
