000
CDUS43 KGRR 050518
CLIGRR


CLIMATE REPORT
NATIONAL WEATHER SERVICE GRAND RAPIDS, MI
1218 AM EST SUN FEB 5 2017


...................................

...THE GRAND RAPIDS MI CLIMATE SUMMARY FOR FEBRUARY 4 2017...

CLIMATE NORMAL PERIOD 1981 TO 2010
CLIMATE RECORD PERIOD 1892 TO 2017


WEATHER ITEM   OBSERVED TIME   RECORD YEAR NORMAL DEPARTURE LAST
                VALUE   (LST)  VALUE       VALUE  FROM      YEAR
                                                  NORMAL
..................................................................
TEMPERATURE (F)
 YESTERDAY
  MAXIMUM         30   1152 PM  53    1962  31     -1       32
  MINIMUM          4    711 AM -17    1996  18    -14       20
  AVERAGE         17                        25     -8       26

PRECIPITATION (IN)
  YESTERDAY        T             1.12 1986   0.05  -0.05     0.04
  MONTH TO DATE    0.11                      0.22  -0.11     1.61
  SINCE DEC 1      6.58                      4.81   1.77     7.09
  SINCE JAN 1      3.62                      2.31   1.31     3.76

SNOWFALL (IN)
  YESTERDAY        T            10.0  1900   0.6   -0.6      0.8
  MONTH TO DATE    1.2                       2.4   -1.2      0.8
  SINCE DEC 1     53.0                      45.1    7.9     24.1
  SINCE JUL 1     53.8                      52.4    1.4     27.6
  SNOW DEPTH       3

DEGREE DAYS
 HEATING
  YESTERDAY       48                        40      8       39
  MONTH TO DATE  178                       160     18      133
  SINCE DEC 1   2442                      2529    -87     2130
  SINCE JUL 1   3390                      3867   -477     3188

 COOLING
  YESTERDAY        0                         0      0        0
  MONTH TO DATE    0                         0      0        0
  SINCE DEC 1      0                         0      0        0
  SINCE JAN 1      0                         0      0        0
..................................................................


WIND (MPH)
  RESULTANT WIND SPEED   9   RESULTANT WIND DIRECTION   S (200)
  HIGHEST WIND SPEED    23   HIGHEST WIND DIRECTION    SW (220)
  HIGHEST GUST SPEED    28   HIGHEST GUST DIRECTION    SW (210)
  AVERAGE WIND SPEED     9.8


SKY COVER
  POSSIBLE SUNSHINE  32 PERCENT
  AVERAGE SKY COVER 0.6


WEATHER CONDITIONS
 THE FOLLOWING WEATHER WAS RECORDED YESTERDAY.
  NO SIGNIFICANT WEATHER WAS OBSERVED.


RELATIVE HUMIDITY (PERCENT)
 HIGHEST    83           600 AM
 LOWEST     35           300 PM
 AVERAGE    59

..........................................................


THE GRAND RAPIDS MI CLIMATE NORMALS FOR TODAY
                         NORMAL    RECORD    YEAR
 MAXIMUM TEMPERATURE (F)   32        52      1991
 MINIMUM TEMPERATURE (F)   18       -16      1895


SUNRISE AND SUNSET
FEBRUARY  5 2017......SUNRISE   752 AM EST   SUNSET   601 PM EST
FEBRUARY  6 2017......SUNRISE   751 AM EST   SUNSET   602 PM EST


-  INDICATES NEGATIVE NUMBERS.
R  INDICATES RECORD WAS SET OR TIED.
MM INDICATES DATA IS MISSING.
T  INDICATES TRACE AMOUNT.




$$
