153
CDUS43 KGRR 262225
CLIGRR


CLIMATE REPORT
NATIONAL WEATHER SERVICE GRAND RAPIDS, MI
525 PM EST SAT NOV 26 2016


...................................

...THE GRAND RAPIDS MI CLIMATE SUMMARY FOR NOVEMBER 26 2016...
VALID TODAY AS OF 0500 PM LOCAL TIME.

CLIMATE NORMAL PERIOD 1981 TO 2010
CLIMATE RECORD PERIOD 1892 TO 2016


WEATHER ITEM   OBSERVED TIME   RECORD YEAR NORMAL DEPARTURE LAST
                VALUE   (LST)  VALUE       VALUE  FROM      YEAR
                                                  NORMAL
..................................................................
TEMPERATURE (F)
 TODAY
  MAXIMUM         43    213 PM  65    1896  42      1       60
  MINIMUM         36    358 AM   3    1949  30      6       48
  AVERAGE         40                        36      4       54

PRECIPITATION (IN)
  TODAY            T             1.16 1965   0.10  -0.10     0.47
  MONTH TO DATE    2.64                      3.08  -0.44     2.01
  SINCE SEP 1     11.19                     10.62   0.57     7.54
  SINCE JAN 1     42.73                     35.34   7.39    29.18

SNOWFALL (IN)
  TODAY            0.0           5.7  1972   0.3   -0.3      0.0
  MONTH TO DATE    0.8                       5.2   -4.4      3.5
  SINCE SEP 1      0.8                       5.7   -4.9      3.5
  SINCE JUL 1      0.8                       5.7   -4.9      3.5
  SNOW DEPTH       0

DEGREE DAYS
 HEATING
  TODAY           25                        29     -4       11
  MONTH TO DATE  498                       625   -127      460
  SINCE SEP 1    866                      1197   -331      912
  SINCE JUL 1    866                      1217   -351      941

 COOLING
  TODAY            0                         0      0        0
  MONTH TO DATE    0                         0      0        0
  SINCE SEP 1    105                        74     31      135
  SINCE JAN 1    936                       699    237      642
..................................................................


WIND (MPH)
  RESULTANT WIND SPEED   8   RESULTANT WIND DIRECTION   W (270)
  HIGHEST WIND SPEED    15   HIGHEST WIND DIRECTION     W (250)
  HIGHEST GUST SPEED    18   HIGHEST GUST DIRECTION     W (250)
  AVERAGE WIND SPEED     8.6


SKY COVER
  AVERAGE SKY COVER 0.7


WEATHER CONDITIONS
 THE FOLLOWING WEATHER WAS RECORDED TODAY.
  LIGHT RAIN


RELATIVE HUMIDITY (PERCENT)
 HIGHEST    92           400 AM
 LOWEST     70          1200 PM
 AVERAGE    81

..........................................................


THE GRAND RAPIDS MI CLIMATE NORMALS FOR TOMORROW
                         NORMAL    RECORD    YEAR
 MAXIMUM TEMPERATURE (F)   42        65      1990
                                             1909
 MINIMUM TEMPERATURE (F)   29         5      1977


SUNRISE AND SUNSET
NOVEMBER 26 2016......SUNRISE   748 AM EST   SUNSET   511 PM EST
NOVEMBER 27 2016......SUNRISE   749 AM EST   SUNSET   510 PM EST


-  INDICATES NEGATIVE NUMBERS.
R  INDICATES RECORD WAS SET OR TIED.
MM INDICATES DATA IS MISSING.
T  INDICATES TRACE AMOUNT.




$$
