000
CDUS43 KGRR 092124
CLIGRR


CLIMATE REPORT
NATIONAL WEATHER SERVICE GRAND RAPIDS, MI
524 PM EDT MON MAY 9 2016


...................................

...THE GRAND RAPIDS MI CLIMATE SUMMARY FOR MAY 9 2016...
VALID TODAY AS OF 0500 PM LOCAL TIME.

CLIMATE NORMAL PERIOD 1981 TO 2010
CLIMATE RECORD PERIOD 1892 TO 2016


WEATHER ITEM   OBSERVED TIME   RECORD YEAR NORMAL DEPARTURE LAST
                VALUE   (LST)  VALUE       VALUE  FROM      YEAR
                                                  NORMAL
..................................................................
TEMPERATURE (F)
 TODAY
  MAXIMUM         69    302 PM  88    1930  67      2       69
                                      1896
  MINIMUM         41    431 AM  23    1947  46     -5       62
  AVERAGE         55                        56     -1       66

PRECIPITATION (IN)
  TODAY            0.00          4.10 1956   0.13  -0.13     0.36
  MONTH TO DATE    1.11                      1.12  -0.01     1.02
  SINCE MAR 1      9.97                      6.84   3.13     6.14
  SINCE JAN 1     14.90                     10.72   4.18     9.18

SNOWFALL (IN)
  TODAY            0.0           5.5  1923   0.0    0.0      0.0
  MONTH TO DATE    0.0                       0.0    0.0      0.0
  SINCE MAR 1     19.5                      10.1    9.4      3.3
  SINCE JUL 1     61.1                      74.9  -13.8     78.1
  SNOW DEPTH       0

DEGREE DAYS
 HEATING
  TODAY           10                         9      1        0
  MONTH TO DATE   96                        94      2       27
  SINCE MAR 1   1409                      1522   -113     1542
  SINCE JUL 1   5486                      6299   -813     6844

 COOLING
  TODAY            0                         1     -1        1
  MONTH TO DATE    0                         5     -5       17
  SINCE MAR 1      0                        13    -13       17
  SINCE JAN 1      0                        13    -13       17
..................................................................


WIND (MPH)
  RESULTANT WIND SPEED   8   RESULTANT WIND DIRECTION   E (110)
  HIGHEST WIND SPEED    17   HIGHEST WIND DIRECTION     E (90)
  HIGHEST GUST SPEED    22   HIGHEST GUST DIRECTION    SE (120)
  AVERAGE WIND SPEED     8.2


SKY COVER
  AVERAGE SKY COVER 0.7


WEATHER CONDITIONS
 THE FOLLOWING WEATHER WAS RECORDED TODAY.
  NO SIGNIFICANT WEATHER WAS OBSERVED.


RELATIVE HUMIDITY (PERCENT)
 HIGHEST    71           700 AM
 LOWEST     28           300 PM
 AVERAGE    50

..........................................................


THE GRAND RAPIDS MI CLIMATE NORMALS FOR TOMORROW
                         NORMAL    RECORD    YEAR
 MAXIMUM TEMPERATURE (F)   68        89      1896
 MINIMUM TEMPERATURE (F)   46        22      1966


SUNRISE AND SUNSET
MAY  9 2016...........SUNRISE   625 AM EDT   SUNSET   852 PM EDT
MAY 10 2016...........SUNRISE   624 AM EDT   SUNSET   853 PM EDT


-  INDICATES NEGATIVE NUMBERS.
R  INDICATES RECORD WAS SET OR TIED.
MM INDICATES DATA IS MISSING.
T  INDICATES TRACE AMOUNT.




$$
