000
CDUS43 KGRR 200520
CLIGRR


CLIMATE REPORT
NATIONAL WEATHER SERVICE GRAND RAPIDS, MI
1218 AM EST FRI FEB 20 2015


...................................

...THE GRAND RAPIDS MI CLIMATE SUMMARY FOR FEBRUARY 19 2015...

CLIMATE NORMAL PERIOD 1981 TO 2010
CLIMATE RECORD PERIOD 1892 TO 2015


WEATHER ITEM   OBSERVED TIME   RECORD YEAR NORMAL DEPARTURE LAST
                VALUE   (LST)  VALUE       VALUE  FROM      YEAR
                                                  NORMAL
..................................................................
TEMPERATURE (F)
 YESTERDAY
  MAXIMUM          7    250 PM  59    1930  35    -28       41
                                      1913
  MINIMUM         -9   1159 PM -15    1978  21    -30       26
  AVERAGE         -1                        28    -29       34

PRECIPITATION (IN)
  YESTERDAY        T             0.85 1939   0.07  -0.07     0.02
  MONTH TO DATE    1.08                      1.14  -0.06     1.43
  SINCE DEC 1      4.52                      5.73  -1.21     7.58
  SINCE JAN 1      2.95                      3.23  -0.28     4.88

SNOWFALL (IN)
  YESTERDAY        T             5.0  1901   0.5   -0.5      0.3
  MONTH TO DATE   17.9                      10.5    7.4     22.6
  SINCE DEC 1     42.1                      53.2  -11.1     99.2
  SINCE JUL 1     73.1                      60.5   12.6    101.4
  SNOW DEPTH       9

DEGREE DAYS
 HEATING
  YESTERDAY       66                        37     29       31
  MONTH TO DATE  943                       743    200      904
  SINCE DEC 1   3310                      3112    198     3547
  SINCE JUL 1   4806                      4450    356     4869

 COOLING
  YESTERDAY        0                         0      0        0
  MONTH TO DATE    0                         0      0        0
  SINCE DEC 1      0                         0      0        0
  SINCE JAN 1      0                         0      0        0
..................................................................


WIND (MPH)
  RESULTANT WIND SPEED   6   RESULTANT WIND DIRECTION   N (340)
  HIGHEST WIND SPEED    18   HIGHEST WIND DIRECTION    NW (330)
  HIGHEST GUST SPEED    24   HIGHEST GUST DIRECTION    NW (330)
  AVERAGE WIND SPEED     8.2


SKY COVER
  POSSIBLE SUNSHINE  38 PERCENT
  AVERAGE SKY COVER 0.6


WEATHER CONDITIONS
 THE FOLLOWING WEATHER WAS RECORDED YESTERDAY.
  LIGHT SNOW
  HAZE


RELATIVE HUMIDITY (PERCENT)
 HIGHEST    75          1100 PM
 LOWEST     46           100 PM
 AVERAGE    61

..........................................................


THE GRAND RAPIDS MI CLIMATE NORMALS FOR TODAY
                         NORMAL    RECORD    YEAR
 MAXIMUM TEMPERATURE (F)   35        61      1930
 MINIMUM TEMPERATURE (F)   21       -13      1966


SUNRISE AND SUNSET
FEBRUARY 20 2015......SUNRISE   732 AM EST   SUNSET   620 PM EST
FEBRUARY 21 2015......SUNRISE   731 AM EST   SUNSET   621 PM EST


-  INDICATES NEGATIVE NUMBERS.
R  INDICATES RECORD WAS SET OR TIED.
MM INDICATES DATA IS MISSING.
T  INDICATES TRACE AMOUNT.




$$

CAS
