000
CDUS43 KGRR 132146
CLIGRR


CLIMATE REPORT
NATIONAL WEATHER SERVICE GRAND RAPIDS, MI
545 PM EDT TUE SEP 13 2016


...................................

...THE GRAND RAPIDS MI CLIMATE SUMMARY FOR SEPTEMBER 13 2016...
VALID TODAY AS OF 0500 PM LOCAL TIME.

CLIMATE NORMAL PERIOD 1981 TO 2010
CLIMATE RECORD PERIOD 1892 TO 2016


WEATHER ITEM   OBSERVED TIME   RECORD YEAR NORMAL DEPARTURE LAST
                VALUE   (LST)  VALUE       VALUE  FROM      YEAR
                                                  NORMAL
..................................................................
TEMPERATURE (F)
 TODAY
  MAXIMUM         80    335 PM  95    1952  74      6       70
                                      1939
  MINIMUM         58    411 AM  35    1975  54      4       44
  AVERAGE         69                        64      5       57

PRECIPITATION (IN)
  TODAY            0.00          2.46 1962   0.14  -0.14     0.00
  MONTH TO DATE    0.88                      1.79  -0.91     1.73
  SINCE SEP 1      0.88                      1.79  -0.91     1.73
  SINCE JAN 1     32.42                     26.51   5.91    23.37

SNOWFALL (IN)
  TODAY            0.0           0.0    MM   0.0    0.0      0.0
  MONTH TO DATE    0.0                       0.0    0.0      0.0
  SINCE SEP 1      0.0                       0.0    0.0      0.0
  SINCE JUL 1      0.0                       0.0    0.0      0.0
  SNOW DEPTH       0

DEGREE DAYS
 HEATING
  TODAY            0                         3     -3        8
  MONTH TO DATE    4                        28    -24       23
  SINCE SEP 1      4                        28    -24       23
  SINCE JUL 1      4                        48    -44       52

 COOLING
  TODAY            4                         2      2        0
  MONTH TO DATE   65                        43     22       95
  SINCE SEP 1     65                        43     22       95
  SINCE JAN 1    896                       668    228      602
..................................................................


WIND (MPH)
  RESULTANT WIND SPEED   8   RESULTANT WIND DIRECTION  SW (220)
  HIGHEST WIND SPEED    18   HIGHEST WIND DIRECTION    SW (230)
  HIGHEST GUST SPEED    22   HIGHEST GUST DIRECTION    SW (230)
  AVERAGE WIND SPEED     9.8


SKY COVER
  AVERAGE SKY COVER 0.5


WEATHER CONDITIONS
 THE FOLLOWING WEATHER WAS RECORDED TODAY.
  NO SIGNIFICANT WEATHER WAS OBSERVED.


RELATIVE HUMIDITY (PERCENT)
 HIGHEST    86           300 AM
 LOWEST     58          1200 PM
 AVERAGE    72

..........................................................


THE GRAND RAPIDS MI CLIMATE NORMALS FOR TOMORROW
                         NORMAL    RECORD    YEAR
 MAXIMUM TEMPERATURE (F)   74        95      1939
 MINIMUM TEMPERATURE (F)   53        31      1899


SUNRISE AND SUNSET
SEPTEMBER 13 2016.....SUNRISE   720 AM EDT   SUNSET   755 PM EDT
SEPTEMBER 14 2016.....SUNRISE   721 AM EDT   SUNSET   753 PM EDT


-  INDICATES NEGATIVE NUMBERS.
R  INDICATES RECORD WAS SET OR TIED.
MM INDICATES DATA IS MISSING.
T  INDICATES TRACE AMOUNT.




$$

JAM
