000
CDUS43 KGRR 020521
CLIGRR


CLIMATE REPORT
NATIONAL WEATHER SERVICE GRAND RAPIDS, MI
1218 AM EST MON MAR 2 2015


...................................

...THE GRAND RAPIDS MI CLIMATE SUMMARY FOR MARCH 1 2015...

CLIMATE NORMAL PERIOD 1981 TO 2010
CLIMATE RECORD PERIOD 1892 TO 2015


WEATHER ITEM   OBSERVED TIME   RECORD YEAR NORMAL DEPARTURE LAST
                VALUE   (LST)  VALUE       VALUE  FROM      YEAR
                                                  NORMAL
..................................................................
TEMPERATURE (F)
 YESTERDAY
  MAXIMUM         25    316 PM  58    1992  38    -13       24
  MINIMUM          6    621 AM  -5    1967  23    -17       13
  AVERAGE         16                        30    -14       19

PRECIPITATION (IN)
  YESTERDAY        0.01          0.97 2004   0.07  -0.06     0.22
  MONTH TO DATE    0.01                      0.07  -0.06     0.22
  SINCE MAR 1      0.01                      0.07  -0.06     0.22
  SINCE JAN 1      3.05                      3.95  -0.90     6.02

SNOWFALL (IN)
  YESTERDAY        0.2           2.4  2014   0.4   -0.2      2.4
  MONTH TO DATE    0.2                       0.4   -0.2      2.4
  SINCE MAR 1      0.2                       0.4   -0.2      2.4
  SINCE JUL 1     75.0                      65.2    9.8    110.2
  SNOW DEPTH       7

DEGREE DAYS
 HEATING
  YESTERDAY       49                        35     14       46
  MONTH TO DATE   49                        35     14       46
  SINCE MAR 1     49                        35     14       46
  SINCE JUL 1   5351                      4812    539     5327

 COOLING
  YESTERDAY        0                         0      0        0
  MONTH TO DATE    0                         0      0        0
  SINCE MAR 1      0                         0      0        0
  SINCE JAN 1      0                         0      0        0
..................................................................


WIND (MPH)
  RESULTANT WIND SPEED   8   RESULTANT WIND DIRECTION  SW (230)
  HIGHEST WIND SPEED    20   HIGHEST WIND DIRECTION     W (260)
  HIGHEST GUST SPEED    24   HIGHEST GUST DIRECTION     W (260)
  AVERAGE WIND SPEED     8.9


SKY COVER
  POSSIBLE SUNSHINE  11 PERCENT
  AVERAGE SKY COVER 0.9


WEATHER CONDITIONS
 THE FOLLOWING WEATHER WAS RECORDED YESTERDAY.
  LIGHT SNOW
  FOG
  HAZE


RELATIVE HUMIDITY (PERCENT)
 HIGHEST    88           200 AM
 LOWEST     54          1200 AM
 AVERAGE    71

..........................................................


THE GRAND RAPIDS MI CLIMATE NORMALS FOR TODAY
                         NORMAL    RECORD    YEAR
 MAXIMUM TEMPERATURE (F)   38        60      1983
                                             1961
 MINIMUM TEMPERATURE (F)   23        -8      1978


SUNRISE AND SUNSET
MARCH  2 2015.........SUNRISE   717 AM EST   SUNSET   632 PM EST
MARCH  3 2015.........SUNRISE   715 AM EST   SUNSET   634 PM EST


-  INDICATES NEGATIVE NUMBERS.
R  INDICATES RECORD WAS SET OR TIED.
MM INDICATES DATA IS MISSING.
T  INDICATES TRACE AMOUNT.




$$

63
