000
CDUS43 KGRR 020519
CLIGRR


CLIMATE REPORT
NATIONAL WEATHER SERVICE GRAND RAPIDS, MI
116 AM EDT WED APR 2 2014


...................................

...THE GRAND RAPIDS MI CLIMATE SUMMARY FOR APRIL 1 2014...

CLIMATE NORMAL PERIOD 1981 TO 2010
CLIMATE RECORD PERIOD 1892 TO 2014


WEATHER ITEM   OBSERVED TIME   RECORD YEAR NORMAL DEPARTURE LAST
                VALUE   (LST)  VALUE       VALUE  FROM      YEAR
                                                  NORMAL
..................................................................
TEMPERATURE (F)
 YESTERDAY
  MAXIMUM         52    748 AM  82    2010  52      0       35
  MINIMUM         33   1159 PM  13    1954  32      1       25
  AVERAGE         43                        42      1       30

PRECIPITATION (IN)
  YESTERDAY        0.06          1.34 1929   0.10  -0.04      T
  MONTH TO DATE    0.06                      0.10  -0.04      T
  SINCE MAR 1      1.60                      2.47  -0.87     0.94
  SINCE JAN 1      7.40                      6.35   1.05     8.00

SNOWFALL (IN)
  YESTERDAY        0.0           4.8  1972   0.1   -0.1       T
  MONTH TO DATE    0.0                       0.1   -0.1       T
  SINCE MAR 1      6.4                       8.4   -2.0      7.7
  SINCE JUL 1    114.2                      73.2   41.0     65.3
  SNOW DEPTH       0

DEGREE DAYS
 HEATING
  YESTERDAY       22                        23     -1       35
  MONTH TO DATE   22                        23     -1       35
  SINCE MAR 1   1205                       933    272     1063
  SINCE JUL 1   6486                      5710    776     5548

 COOLING
  YESTERDAY        0                         0      0        0
  MONTH TO DATE    0                         0      0        0
  SINCE MAR 1      0                         1     -1        0
  SINCE JAN 1      0                         1     -1        0
..................................................................


WIND (MPH)
  RESULTANT WIND SPEED  17   RESULTANT WIND DIRECTION  SW (240)
  HIGHEST WIND SPEED    35   HIGHEST WIND DIRECTION     W (250)
  HIGHEST GUST SPEED    43   HIGHEST GUST DIRECTION     W (250)
  AVERAGE WIND SPEED    17.9


SKY COVER
  POSSIBLE SUNSHINE   8 PERCENT
  AVERAGE SKY COVER 0.7


WEATHER CONDITIONS
 THE FOLLOWING WEATHER WAS RECORDED YESTERDAY.
  LIGHT RAIN


RELATIVE HUMIDITY (PERCENT)
 HIGHEST    74           400 AM
 LOWEST     62           900 AM
 AVERAGE    68

..........................................................


THE GRAND RAPIDS MI CLIMATE NORMALS FOR TODAY
                         NORMAL    RECORD    YEAR
 MAXIMUM TEMPERATURE (F)   52        83      2010
 MINIMUM TEMPERATURE (F)   33        11      1965


SUNRISE AND SUNSET
APRIL  2 2014.........SUNRISE   723 AM EDT   SUNSET   809 PM EDT
APRIL  3 2014.........SUNRISE   721 AM EDT   SUNSET   811 PM EDT


-  INDICATES NEGATIVE NUMBERS.
R  INDICATES RECORD WAS SET OR TIED.
MM INDICATES DATA IS MISSING.
T  INDICATES TRACE AMOUNT.




$$
