000
CDUS43 KGRR 142126
CLIGRR


CLIMATE REPORT
NATIONAL WEATHER SERVICE GRAND RAPIDS, MI
525 PM EDT THU APR 14 2016


...................................

...THE GRAND RAPIDS MI CLIMATE SUMMARY FOR APRIL 14 2016...
VALID TODAY AS OF 0500 PM LOCAL TIME.

CLIMATE NORMAL PERIOD 1981 TO 2010
CLIMATE RECORD PERIOD 1892 TO 2016


WEATHER ITEM   OBSERVED TIME   RECORD YEAR NORMAL DEPARTURE LAST
                VALUE   (LST)  VALUE       VALUE  FROM      YEAR
                                                  NORMAL
..................................................................
TEMPERATURE (F)
 TODAY
  MAXIMUM         62    359 PM  80    2006  58      4       68
                                      1941
  MINIMUM         33    521 AM  21    1953  37     -4       34
                                      1943
  AVERAGE         48                        48      0       51

PRECIPITATION (IN)
  TODAY            0.00          1.07 1987   0.11  -0.11     0.00
  MONTH TO DATE    2.26                      1.53   0.73     3.18
  SINCE MAR 1      7.20                      3.90   3.30     4.23
  SINCE JAN 1     12.13                      7.78   4.35     7.27

SNOWFALL (IN)
  TODAY            0.0           1.6  2014   0.1   -0.1      0.0
  MONTH TO DATE    9.4                       1.4    8.0       T
  SINCE MAR 1     19.5                       9.7    9.8      3.2
  SINCE JUL 1     61.1                      74.5  -13.4     78.0
  SNOW DEPTH       0

DEGREE DAYS
 HEATING
  TODAY           17                        18     -1       14
  MONTH TO DATE  391                       284    107      258
  SINCE MAR 1   1140                      1194    -54     1262
  SINCE JUL 1   5217                      5971   -754     6564

 COOLING
  TODAY            0                         0      0        0
  MONTH TO DATE    0                         0      0        0
  SINCE MAR 1      0                         1     -1        0
  SINCE JAN 1      0                         1     -1        0
..................................................................


WIND (MPH)
  RESULTANT WIND SPEED   9   RESULTANT WIND DIRECTION   E (110)
  HIGHEST WIND SPEED    18   HIGHEST WIND DIRECTION     E (90)
  HIGHEST GUST SPEED    22   HIGHEST GUST DIRECTION     E (90)
  AVERAGE WIND SPEED     9.7


SKY COVER
  AVERAGE SKY COVER 0.2


WEATHER CONDITIONS
 THE FOLLOWING WEATHER WAS RECORDED TODAY.
  NO SIGNIFICANT WEATHER WAS OBSERVED.


RELATIVE HUMIDITY (PERCENT)
 HIGHEST    70           700 AM
 LOWEST     36           300 PM
 AVERAGE    53

..........................................................


THE GRAND RAPIDS MI CLIMATE NORMALS FOR TOMORROW
                         NORMAL    RECORD    YEAR
 MAXIMUM TEMPERATURE (F)   58        84      2003
                                             2002
 MINIMUM TEMPERATURE (F)   38        18      1943


SUNRISE AND SUNSET
APRIL 14 2016.........SUNRISE   701 AM EDT   SUNSET   824 PM EDT
APRIL 15 2016.........SUNRISE   700 AM EDT   SUNSET   825 PM EDT


-  INDICATES NEGATIVE NUMBERS.
R  INDICATES RECORD WAS SET OR TIED.
MM INDICATES DATA IS MISSING.
T  INDICATES TRACE AMOUNT.




$$
