000
CDUS43 KGRR 282129
CLIGRR


CLIMATE REPORT
NATIONAL WEATHER SERVICE GRAND RAPIDS, MI
528 PM EDT TUE OCT 28 2014


...................................

...THE GRAND RAPIDS MI CLIMATE SUMMARY FOR OCTOBER 28 2014...
VALID TODAY AS OF 0500 PM LOCAL TIME.

CLIMATE NORMAL PERIOD 1981 TO 2010
CLIMATE RECORD PERIOD 1892 TO 2014


WEATHER ITEM   OBSERVED TIME   RECORD YEAR NORMAL DEPARTURE LAST
                VALUE   (LST)  VALUE       VALUE  FROM      YEAR
                                                  NORMAL
..................................................................
TEMPERATURE (F)
 TODAY
  MAXIMUM         70   1250 AM  74    1989  56     14       48
  MINIMUM         56    359 PM  23    1969  38     18       32
                                      1965
  AVERAGE         63                        47     16

PRECIPITATION (IN)
  TODAY            0.36          0.84 1899   0.11   0.25     0.00
  MONTH TO DATE    4.68                      2.94   1.74     3.91
  SINCE SEP 1      7.78                      7.22   0.56     5.16
  SINCE JAN 1     34.30                     31.94   2.36    37.48

SNOWFALL (IN)
  TODAY            0.0           3.5  1925   0.1   -0.1
  MONTH TO DATE    0.0                       0.4   -0.4
  SINCE SEP 1      0.0                       0.4   -0.4
  SINCE JUL 1      0.0                       0.4   -0.4
  SNOW DEPTH       0

DEGREE DAYS
 HEATING
  TODAY            2                        18    -16       25
  MONTH TO DATE  357                       383    -26      333
  SINCE SEP 1    488                       515    -27      445
  SINCE JUL 1    507                       535    -28      471

 COOLING
  TODAY            0                         0      0        0
  MONTH TO DATE    0                         4     -4       14
  SINCE SEP 1     51                        71    -20       97
  SINCE JAN 1    611                       696    -85      767
..................................................................


WIND (MPH)
  RESULTANT WIND SPEED  16   RESULTANT WIND DIRECTION  SW (240)
  HIGHEST WIND SPEED    32   HIGHEST WIND DIRECTION    SW (240)
  HIGHEST GUST SPEED    40   HIGHEST GUST DIRECTION    SW (240)
  AVERAGE WIND SPEED    17.6


SKY COVER
  AVERAGE SKY COVER 0.6


WEATHER CONDITIONS
 THE FOLLOWING WEATHER WAS RECORDED TODAY.
  HEAVY RAIN
  LIGHT RAIN
  FOG


RELATIVE HUMIDITY (PERCENT)
 HIGHEST   100           800 AM
 LOWEST     47           400 PM
 AVERAGE    74

..........................................................


THE GRAND RAPIDS MI CLIMATE NORMALS FOR TOMORROW
                         NORMAL    RECORD    YEAR
 MAXIMUM TEMPERATURE (F)   55        77      1901
 MINIMUM TEMPERATURE (F)   38        20      1969


SUNRISE AND SUNSET
OCTOBER 28 2014.......SUNRISE   811 AM EDT   SUNSET   640 PM EDT
OCTOBER 29 2014.......SUNRISE   813 AM EDT   SUNSET   638 PM EDT


-  INDICATES NEGATIVE NUMBERS.
R  INDICATES RECORD WAS SET OR TIED.
MM INDICATES DATA IS MISSING.
T  INDICATES TRACE AMOUNT.




$$
