000
CDUS43 KGRR 290518
CLIGRR


CLIMATE REPORT
NATIONAL WEATHER SERVICE GRAND RAPIDS, MI
117 AM EDT SUN MAY 29 2016


...................................

...THE GRAND RAPIDS MI CLIMATE SUMMARY FOR MAY 28 2016...

CLIMATE NORMAL PERIOD 1981 TO 2010
CLIMATE RECORD PERIOD 1892 TO 2016


WEATHER ITEM   OBSERVED TIME   RECORD YEAR NORMAL DEPARTURE LAST
                VALUE   (LST)  VALUE       VALUE  FROM      YEAR
                                                  NORMAL
..................................................................
TEMPERATURE (F)
 YESTERDAY
  MAXIMUM         86    259 PM  92    1978  73     13       81
                                      1977
  MINIMUM         68    517 AM  33    1949  52     16       52
                                      1894
  AVERAGE         77                        63     14       67

PRECIPITATION (IN)
  YESTERDAY        T             1.88 1935   0.13  -0.13     0.00
  MONTH TO DATE    3.22                      3.60  -0.38     2.57
  SINCE MAR 1     12.08                      9.32   2.76     7.69
  SINCE JAN 1     17.01                     13.20   3.81    10.73

SNOWFALL (IN)
  YESTERDAY        0.0           0.0  2007   0.0    0.0      0.0
  MONTH TO DATE    T                         0.0    0.0      0.0
  SINCE MAR 1     19.5                      10.1    9.4      3.3
  SINCE JUL 1     61.1                      74.9  -13.8     78.1
  SNOW DEPTH       0

DEGREE DAYS
 HEATING
  YESTERDAY        0                         5     -5        0
  MONTH TO DATE  206                       223    -17      153
  SINCE MAR 1   1519                      1651   -132     1668
  SINCE JUL 1   5596                      6428   -832     6970

 COOLING
  YESTERDAY       12                         2     10        2
  MONTH TO DATE   49                        31     18       44
  SINCE MAR 1     49                        39     10       44
  SINCE JAN 1     49                        39     10       44
..................................................................


WIND (MPH)
  RESULTANT WIND SPEED   9   RESULTANT WIND DIRECTION   S (180)
  HIGHEST WIND SPEED    21   HIGHEST WIND DIRECTION    SW (220)
  HIGHEST GUST SPEED    27   HIGHEST GUST DIRECTION     S (180)
  AVERAGE WIND SPEED    10.4


SKY COVER
  POSSIBLE SUNSHINE  44 PERCENT
  AVERAGE SKY COVER 0.6


WEATHER CONDITIONS
 THE FOLLOWING WEATHER WAS RECORDED YESTERDAY.
  LIGHT RAIN


RELATIVE HUMIDITY (PERCENT)
 HIGHEST    84           200 AM
 LOWEST     44           600 PM
 AVERAGE    64

..........................................................


THE GRAND RAPIDS MI CLIMATE NORMALS FOR TODAY
                         NORMAL    RECORD    YEAR
 MAXIMUM TEMPERATURE (F)   74        92      1962
 MINIMUM TEMPERATURE (F)   52        35      1966


SUNRISE AND SUNSET
MAY 29 2016...........SUNRISE   607 AM EDT   SUNSET   912 PM EDT
MAY 30 2016...........SUNRISE   607 AM EDT   SUNSET   913 PM EDT


-  INDICATES NEGATIVE NUMBERS.
R  INDICATES RECORD WAS SET OR TIED.
MM INDICATES DATA IS MISSING.
T  INDICATES TRACE AMOUNT.




$$
