000
CDUS43 KGRR 010514
CLIGRR


CLIMATE REPORT
NATIONAL WEATHER SERVICE GRAND RAPIDS, MI
114 AM EDT TUE SEP 1 2015


...................................

...THE GRAND RAPIDS MI CLIMATE SUMMARY FOR AUGUST 31 2015...

CLIMATE NORMAL PERIOD 1981 TO 2010
CLIMATE RECORD PERIOD 1892 TO 2015


WEATHER ITEM   OBSERVED TIME   RECORD YEAR NORMAL DEPARTURE LAST
                VALUE   (LST)  VALUE       VALUE  FROM      YEAR
                                                  NORMAL
..................................................................
TEMPERATURE (F)
 YESTERDAY
  MAXIMUM         81    548 PM  97    1953  79      2       84
  MINIMUM         61    708 AM  43    1967  58      3       67
                                      1915
  AVERAGE         71                        68      3       76

PRECIPITATION (IN)
  YESTERDAY        0.00          1.02 1975   0.13  -0.13     0.00
  MONTH TO DATE    3.75                      3.59   0.16     3.68
  SINCE JUN 1     10.01                     11.14  -1.13    13.25
  SINCE JAN 1     21.64                     24.72  -3.08    26.52

SNOWFALL (IN)
  YESTERDAY        0.0           0.0    MM   0.0    0.0      0.0
  MONTH TO DATE    0.0                       0.0    0.0      0.0
  SINCE JUN 1      0.0                       0.0    0.0      0.0
  SINCE JUL 1      0.0                       0.0    0.0      0.0
  SNOW DEPTH       0

DEGREE DAYS
 HEATING
  YESTERDAY        0                         1     -1        0
  MONTH TO DATE   16                         9      7       10
  SINCE JUN 1     59                        65     -6       32
  SINCE JUL 1     29                        20      9       19

 COOLING
  YESTERDAY        6                         5      1       11
  MONTH TO DATE  168                       194    -26      204
  SINCE JUN 1    455                       578   -123      507
  SINCE JAN 1    507                       625   -118      560
..................................................................


WIND (MPH)
  RESULTANT WIND SPEED   3   RESULTANT WIND DIRECTION  SW (230)
  HIGHEST WIND SPEED    10   HIGHEST WIND DIRECTION     W (250)
  HIGHEST GUST SPEED    13   HIGHEST GUST DIRECTION     S (200)
  AVERAGE WIND SPEED     4.2


SKY COVER
  POSSIBLE SUNSHINE  65 PERCENT
  AVERAGE SKY COVER 0.5


WEATHER CONDITIONS
 THE FOLLOWING WEATHER WAS RECORDED YESTERDAY.
  FOG
  FOG W/VISIBILITY <= 1/4 MILE


RELATIVE HUMIDITY (PERCENT)
 HIGHEST   100           300 AM
 LOWEST     62           300 PM
 AVERAGE    81

..........................................................


THE GRAND RAPIDS MI CLIMATE NORMALS FOR TODAY
                         NORMAL    RECORD    YEAR
 MAXIMUM TEMPERATURE (F)   78        97      1953
 MINIMUM TEMPERATURE (F)   58        40      1896


SUNRISE AND SUNSET
SEPTEMBER  1 2015.....SUNRISE   706 AM EDT   SUNSET   817 PM EDT
SEPTEMBER  2 2015.....SUNRISE   707 AM EDT   SUNSET   815 PM EDT


-  INDICATES NEGATIVE NUMBERS.
R  INDICATES RECORD WAS SET OR TIED.
MM INDICATES DATA IS MISSING.
T  INDICATES TRACE AMOUNT.




$$
