000
CDUS43 KGRR 260523
CLIGRR


CLIMATE REPORT
NATIONAL WEATHER SERVICE GRAND RAPIDS, MI
1221 AM EST FRI DEC 26 2014


...................................

...THE GRAND RAPIDS MI CLIMATE SUMMARY FOR DECEMBER 25 2014...

CLIMATE NORMAL PERIOD 1981 TO 2010
CLIMATE RECORD PERIOD 1892 TO 2014


WEATHER ITEM   OBSERVED TIME   RECORD YEAR NORMAL DEPARTURE LAST
                VALUE   (LST)  VALUE       VALUE  FROM      YEAR
                                                  NORMAL
..................................................................
TEMPERATURE (F)
 YESTERDAY
  MAXIMUM         37    438 PM  65    1982  32      5       26
  MINIMUM         32    759 PM  -3    1983  21     11       11
  AVERAGE         35                        27      8       19

PRECIPITATION (IN)
  YESTERDAY        T             1.01 1982   0.08  -0.08     0.10
  MONTH TO DATE    1.53                      2.05  -0.52     2.49
  SINCE DEC 1      1.53                      2.05  -0.52     2.49
  SINCE JAN 1     40.24                     37.82   2.42    45.27

SNOWFALL (IN)
  YESTERDAY        T             7.0  1990   0.8   -0.8      1.6
  MONTH TO DATE    0.3                      17.1  -16.8     29.7
  SINCE DEC 1      0.3                      17.1  -16.8     29.7
  SINCE JUL 1     31.3                      24.4    6.9     31.9
  SNOW DEPTH       0

DEGREE DAYS
 HEATING
  YESTERDAY       30                        38     -8       46
  MONTH TO DATE  806                       876    -70      972
  SINCE DEC 1    806                       876    -70      972
  SINCE JUL 1   2302                      2214     88     2294

 COOLING
  YESTERDAY        0                         0      0        0
  MONTH TO DATE    0                         0      0        0
  SINCE DEC 1      0                         0      0        0
  SINCE JAN 1    611                       699    -88      767
..................................................................


WIND (MPH)
  RESULTANT WIND SPEED  12   RESULTANT WIND DIRECTION  SW (240)
  HIGHEST WIND SPEED    24   HIGHEST WIND DIRECTION    SW (230)
  HIGHEST GUST SPEED    30   HIGHEST GUST DIRECTION    SW (230)
  AVERAGE WIND SPEED    13.0


SKY COVER
  POSSIBLE SUNSHINE   0 PERCENT
  AVERAGE SKY COVER 0.9


WEATHER CONDITIONS
 THE FOLLOWING WEATHER WAS RECORDED YESTERDAY.
  LIGHT RAIN
  LIGHT SNOW
  FOG


RELATIVE HUMIDITY (PERCENT)
 HIGHEST    92           400 AM
 LOWEST     70           300 PM
 AVERAGE    81

..........................................................


THE GRAND RAPIDS MI CLIMATE NORMALS FOR TODAY
                         NORMAL    RECORD    YEAR
 MAXIMUM TEMPERATURE (F)   32        50      1936
                                             1893
 MINIMUM TEMPERATURE (F)   21        -6      1951


SUNRISE AND SUNSET
DECEMBER 26 2014......SUNRISE   812 AM EST   SUNSET   514 PM EST
DECEMBER 27 2014......SUNRISE   812 AM EST   SUNSET   514 PM EST


-  INDICATES NEGATIVE NUMBERS.
R  INDICATES RECORD WAS SET OR TIED.
MM INDICATES DATA IS MISSING.
T  INDICATES TRACE AMOUNT.




$$

63
