000
CDUS43 KGRR 300530
CLIGRR


CLIMATE REPORT
NATIONAL WEATHER SERVICE GRAND RAPIDS, MI
128 AM EDT WED JUL 30 2014


...................................

...THE GRAND RAPIDS MI CLIMATE SUMMARY FOR JULY 29 2014...

CLIMATE NORMAL PERIOD 1981 TO 2010
CLIMATE RECORD PERIOD 1892 TO 2014


WEATHER ITEM   OBSERVED TIME   RECORD YEAR NORMAL DEPARTURE LAST
                VALUE   (LST)  VALUE       VALUE  FROM      YEAR
                                                  NORMAL
..................................................................
TEMPERATURE (F)
 YESTERDAY
  MAXIMUM         77        MM 103    1916  82     -5       71
  MINIMUM         52        MM  47    1971  62    -10       56
  AVERAGE         65                        72     -7       64

PRECIPITATION (IN)
  YESTERDAY        0.00          1.74 1905   0.12  -0.12     0.06
  MONTH TO DATE    4.38                      3.54   0.84     3.05
  SINCE JUN 1      9.53                      7.31   2.22     7.57
  SINCE JAN 1     22.80                     20.89   1.91    30.26

SNOWFALL (IN)
  YESTERDAY        0.0           0.0  2006   0.0    0.0      0.0
                                      2005
                                      2004
  MONTH TO DATE    0.0                       0.0    0.0      0.0
  SINCE JUN 1      0.0                       0.0    0.0      0.0
  SINCE JUL 1      0.0                       0.0    0.0      0.0
  SNOW DEPTH       0

DEGREE DAYS
 HEATING
  YESTERDAY        0                         0      0        1
  MONTH TO DATE    9                         0      9       11
  SINCE JUN 1     22                        45    -23       51
  SINCE JUL 1      9                         0      9       11

 COOLING
  YESTERDAY        0                         7     -7        0
  MONTH TO DATE  119                       228   -109      255
  SINCE JUN 1    298                       373    -75      404
  SINCE JAN 1    351                       420    -69      486
..................................................................


WIND (MPH)
  RESULTANT WIND SPEED   7   RESULTANT WIND DIRECTION   W (270)
  HIGHEST WIND SPEED    16   HIGHEST WIND DIRECTION     W (290)
  HIGHEST GUST SPEED    23   HIGHEST GUST DIRECTION     W (290)
  AVERAGE WIND SPEED     8.0


SKY COVER
  POSSIBLE SUNSHINE  60 PERCENT
  AVERAGE SKY COVER 0.5


WEATHER CONDITIONS
 THE FOLLOWING WEATHER WAS RECORDED YESTERDAY.
  NO SIGNIFICANT WEATHER WAS OBSERVED.


RELATIVE HUMIDITY (PERCENT)
 HIGHEST    96           400 AM
 LOWEST     46           400 PM
 AVERAGE    71

..........................................................


THE GRAND RAPIDS MI CLIMATE NORMALS FOR TODAY
                         NORMAL    RECORD    YEAR
 MAXIMUM TEMPERATURE (F)   82       101      1916
 MINIMUM TEMPERATURE (F)   62        50      2013
                                             1965
                                             1956


SUNRISE AND SUNSET
JULY 30 2014..........SUNRISE   631 AM EDT   SUNSET   905 PM EDT
JULY 31 2014..........SUNRISE   632 AM EDT   SUNSET   904 PM EDT


-  INDICATES NEGATIVE NUMBERS.
R  INDICATES RECORD WAS SET OR TIED.
MM INDICATES DATA IS MISSING.
T  INDICATES TRACE AMOUNT.




$$
