454
CDUS43 KGRR 300523
CLIGRR


CLIMATE REPORT
NATIONAL WEATHER SERVICE GRAND RAPIDS, MI
120 AM EDT SAT APR 30 2016


...................................

...THE GRAND RAPIDS MI CLIMATE SUMMARY FOR APRIL 29 2016...

CLIMATE NORMAL PERIOD 1981 TO 2010
CLIMATE RECORD PERIOD 1892 TO 2016


WEATHER ITEM   OBSERVED TIME   RECORD YEAR NORMAL DEPARTURE LAST
                VALUE   (LST)  VALUE       VALUE  FROM      YEAR
                                                  NORMAL
..................................................................
TEMPERATURE (F)
 YESTERDAY
  MAXIMUM         54    359 PM  90    1899  64    -10       66
  MINIMUM         40   1159 PM  28    2012  42     -2       42
                                      1979
                                      1977
  AVERAGE         47                        53     -6       54

PRECIPITATION (IN)
  YESTERDAY        T             2.53 1909   0.12  -0.12     0.00
  MONTH TO DATE    3.49                      3.23   0.26     4.07
  SINCE MAR 1      8.43                      5.60   2.83     5.12
  SINCE JAN 1     13.36                      9.48   3.88     8.16

SNOWFALL (IN)
  YESTERDAY        0.0           2.2  1909   0.0    0.0      0.0
  MONTH TO DATE    9.4                       1.8    7.6      0.1
  SINCE MAR 1     19.5                      10.1    9.4      3.3
  SINCE JUL 1     61.1                      74.9  -13.8     78.1
  SNOW DEPTH       0

DEGREE DAYS
 HEATING
  YESTERDAY       18                        12      6       11
  MONTH TO DATE  546                       506     40      497
  SINCE MAR 1   1295                      1416   -121     1501
  SINCE JUL 1   5372                      6193   -821     6803

 COOLING
  YESTERDAY        0                         0      0        0
  MONTH TO DATE    0                         0      0        0
  SINCE MAR 1      0                         1     -1        0
  SINCE JAN 1      0                         1     -1        0
..................................................................


WIND (MPH)
  RESULTANT WIND SPEED   6   RESULTANT WIND DIRECTION   E (70)
  HIGHEST WIND SPEED    15   HIGHEST WIND DIRECTION    NE (60)
  HIGHEST GUST SPEED    24   HIGHEST GUST DIRECTION     S (170)
  AVERAGE WIND SPEED     6.9


SKY COVER
  POSSIBLE SUNSHINE  19 PERCENT
  AVERAGE SKY COVER 0.9


WEATHER CONDITIONS
 THE FOLLOWING WEATHER WAS RECORDED YESTERDAY.
  NO SIGNIFICANT WEATHER WAS OBSERVED.


RELATIVE HUMIDITY (PERCENT)
 HIGHEST    82           900 AM
 LOWEST     63           300 PM
 AVERAGE    73

..........................................................


THE GRAND RAPIDS MI CLIMATE NORMALS FOR TODAY
                         NORMAL    RECORD    YEAR
 MAXIMUM TEMPERATURE (F)   64        87      1942
                                             1894
 MINIMUM TEMPERATURE (F)   43        26      2008
                                             1971


SUNRISE AND SUNSET
APRIL 30 2016.........SUNRISE   637 AM EDT   SUNSET   842 PM EDT
MAY  1 2016...........SUNRISE   635 AM EDT   SUNSET   843 PM EDT


-  INDICATES NEGATIVE NUMBERS.
R  INDICATES RECORD WAS SET OR TIED.
MM INDICATES DATA IS MISSING.
T  INDICATES TRACE AMOUNT.




$$
