000
CDUS43 KGRR 301334
CLIGRR


CLIMATE REPORT
NATIONAL WEATHER SERVICE GRAND RAPIDS, MI
933 AM EDT TUE AUG 30 2016


...................................

...THE GRAND RAPIDS MI CLIMATE SUMMARY FOR AUGUST 30 2016...
VALID AS OF 0900 AM LOCAL TIME.

CLIMATE NORMAL PERIOD 1981 TO 2010
CLIMATE RECORD PERIOD 1892 TO 2016


WEATHER ITEM   OBSERVED TIME   RECORD YEAR NORMAL DEPARTURE LAST
                VALUE   (LST)  VALUE       VALUE  FROM      YEAR
                                                  NORMAL
..................................................................
TEMPERATURE (F)
 TODAY
  MAXIMUM         73    759 AM  95    1899  79     -6       78
  MINIMUM         69    309 AM  39    1976  59     10       65
  AVERAGE         71                        69      2       72

PRECIPITATION (IN)
  TODAY            0.00          2.00 1955   0.12  -0.12     0.02
  MONTH TO DATE    7.95                      3.46   4.49     3.75
  SINCE JUN 1     14.72                     11.01   3.71    10.01
  SINCE JAN 1     31.52                     24.59   6.93    21.64

SNOWFALL (IN)
  TODAY            0.0           0.0    MM   0.0    0.0      0.0
  MONTH TO DATE    0.0                       0.0    0.0      0.0
  SINCE JUN 1      0.0                       0.0    0.0      0.0
  SINCE JUL 1      0.0                       0.0    0.0      0.0
  SNOW DEPTH       0

DEGREE DAYS
 HEATING
  TODAY            0                         1     -1        0
  MONTH TO DATE    0                         8     -8       16
  SINCE JUN 1     21                        59    -38       59
  SINCE JUL 1      0                        14    -14       29

 COOLING
  TODAY            6                         5      1        7
  MONTH TO DATE  264                       189     75      162
  SINCE JUN 1    750                       573    177      449
  SINCE JAN 1    821                       620    201      501
..................................................................


WIND (MPH)
  RESULTANT WIND SPEED   2   RESULTANT WIND DIRECTION   S (190)
  HIGHEST WIND SPEED     8   HIGHEST WIND DIRECTION     S (200)
  HIGHEST GUST SPEED    11   HIGHEST GUST DIRECTION    SW (230)
  AVERAGE WIND SPEED     2.4


SKY COVER
  AVERAGE SKY COVER 0.4


WEATHER CONDITIONS
 THE FOLLOWING WEATHER WAS RECORDED TODAY.
  NO SIGNIFICANT WEATHER WAS OBSERVED.


RELATIVE HUMIDITY (PERCENT)
 HIGHEST    90           100 AM
 LOWEST     84          1200 AM
 AVERAGE    87

..........................................................


THE GRAND RAPIDS MI CLIMATE NORMALS FOR TOMORROW
                         NORMAL    RECORD    YEAR
 MAXIMUM TEMPERATURE (F)   79        97      1953
 MINIMUM TEMPERATURE (F)   58        43      1967
                                             1915


SUNRISE AND SUNSET
AUGUST 30 2016........SUNRISE   705 AM EDT   SUNSET   819 PM EDT
AUGUST 31 2016........SUNRISE   706 AM EDT   SUNSET   817 PM EDT


-  INDICATES NEGATIVE NUMBERS.
R  INDICATES RECORD WAS SET OR TIED.
MM INDICATES DATA IS MISSING.
T  INDICATES TRACE AMOUNT.




$$
