000
CDUS43 KGRR 260522
CLIGRR


CLIMATE REPORT
NATIONAL WEATHER SERVICE GRAND RAPIDS, MI
122 AM EDT WED APR 26 2017


...................................

...THE GRAND RAPIDS MI CLIMATE SUMMARY FOR APRIL 25 2017...

CLIMATE NORMAL PERIOD 1981 TO 2010
CLIMATE RECORD PERIOD 1892 TO 2017


WEATHER ITEM   OBSERVED TIME   RECORD YEAR NORMAL DEPARTURE LAST
                VALUE   (LST)  VALUE       VALUE  FROM      YEAR
                                                  NORMAL
..................................................................
TEMPERATURE (F)
 YESTERDAY
  MAXIMUM         73    446 PM  86    1915  62     11       80
  MINIMUM         49    624 AM  22    1967  41      8       49
  AVERAGE         61                        52      9       65

PRECIPITATION (IN)
  YESTERDAY        0.00          1.40 2009   0.10  -0.10     0.65
  MONTH TO DATE    4.04                      2.76   1.28     2.99
  SINCE MAR 1      7.31                      5.13   2.18     7.93
  SINCE JAN 1     12.87                      9.01   3.86    12.86

SNOWFALL (IN)
  YESTERDAY        0.0           3.0  1976   0.0    0.0      0.0
  MONTH TO DATE    0.4                       1.8   -1.4      9.4
  SINCE MAR 1      5.1                      10.1   -5.0     19.5
  SINCE JUL 1     60.1                      74.9  -14.8     61.1
  SNOW DEPTH       0

DEGREE DAYS
 HEATING
  YESTERDAY        4                        14    -10        0
  MONTH TO DATE  329                       455   -126      469
  SINCE MAR 1   1250                      1365   -115     1218
  SINCE JUL 1   5304                      6142   -838     5295

 COOLING
  YESTERDAY        0                         0      0        0
  MONTH TO DATE    0                         0      0        0
  SINCE MAR 1      0                         1     -1        0
  SINCE JAN 1      0                         1     -1        0
..................................................................


WIND (MPH)
  RESULTANT WIND SPEED   9   RESULTANT WIND DIRECTION  SE (120)
  HIGHEST WIND SPEED    15   HIGHEST WIND DIRECTION    SE (130)
  HIGHEST GUST SPEED    25   HIGHEST GUST DIRECTION     S (160)
  AVERAGE WIND SPEED     9.4


SKY COVER
  POSSIBLE SUNSHINE  70 PERCENT
  AVERAGE SKY COVER 0.5


WEATHER CONDITIONS
 THE FOLLOWING WEATHER WAS RECORDED YESTERDAY.
  NO SIGNIFICANT WEATHER WAS OBSERVED.


RELATIVE HUMIDITY (PERCENT)
 HIGHEST    86           600 AM
 LOWEST     43          1200 AM
 AVERAGE    65

..........................................................


THE GRAND RAPIDS MI CLIMATE NORMALS FOR TODAY
                         NORMAL    RECORD    YEAR
 MAXIMUM TEMPERATURE (F)   63        88      1915
 MINIMUM TEMPERATURE (F)   41        24      1907


SUNRISE AND SUNSET
APRIL 26 2017.........SUNRISE   643 AM EDT   SUNSET   837 PM EDT
APRIL 27 2017.........SUNRISE   641 AM EDT   SUNSET   839 PM EDT


-  INDICATES NEGATIVE NUMBERS.
R  INDICATES RECORD WAS SET OR TIED.
MM INDICATES DATA IS MISSING.
T  INDICATES TRACE AMOUNT.




$$
