809
CDUS43 KGRR 260520
CLIGRR


CLIMATE REPORT
NATIONAL WEATHER SERVICE GRAND RAPIDS, MI
120 AM EDT MON SEP 26 2016


...................................

...THE GRAND RAPIDS MI CLIMATE SUMMARY FOR SEPTEMBER 25 2016...

CLIMATE NORMAL PERIOD 1981 TO 2010
CLIMATE RECORD PERIOD 1892 TO 2016


WEATHER ITEM   OBSERVED TIME   RECORD YEAR NORMAL DEPARTURE LAST
                VALUE   (LST)  VALUE       VALUE  FROM      YEAR
                                                  NORMAL
..................................................................
TEMPERATURE (F)
 YESTERDAY
  MAXIMUM         75    431 PM  90    1920  69      6       78
                                      1900
  MINIMUM         51    651 AM  29    1947  49      2       58
  AVERAGE         63                        59      4       68

PRECIPITATION (IN)
  YESTERDAY        T             3.52 1961   0.15  -0.15     0.00
  MONTH TO DATE    1.52                      3.60  -2.08     2.26
  SINCE SEP 1      1.52                      3.60  -2.08     2.26
  SINCE JAN 1     33.06                     28.32   4.74    23.90

SNOWFALL (IN)
  YESTERDAY        0.0           T    1928   0.0    0.0      0.0
  MONTH TO DATE    0.0                       0.0    0.0      0.0
  SINCE SEP 1      0.0                       0.0    0.0      0.0
  SINCE JUL 1      0.0                       0.0    0.0      0.0
  SNOW DEPTH       0

DEGREE DAYS
 HEATING
  YESTERDAY        2                         7     -5        0
  MONTH TO DATE   14                        91    -77       42
  SINCE SEP 1     14                        91    -77       42
  SINCE JUL 1     14                       111    -97       71

 COOLING
  YESTERDAY        0                         1     -1        3
  MONTH TO DATE   95                        62     33      123
  SINCE SEP 1     95                        62     33      123
  SINCE JAN 1    926                       687    239      630
..................................................................


WIND (MPH)
  RESULTANT WIND SPEED   9   RESULTANT WIND DIRECTION  SE (130)
  HIGHEST WIND SPEED    16   HIGHEST WIND DIRECTION    SE (150)
  HIGHEST GUST SPEED    21   HIGHEST GUST DIRECTION    SE (150)
  AVERAGE WIND SPEED     9.1


SKY COVER
  POSSIBLE SUNSHINE  76 PERCENT
  AVERAGE SKY COVER 0.5


WEATHER CONDITIONS
 THE FOLLOWING WEATHER WAS RECORDED YESTERDAY.
  LIGHT RAIN


RELATIVE HUMIDITY (PERCENT)
 HIGHEST    89           400 AM
 LOWEST     53           200 PM
 AVERAGE    71

..........................................................


THE GRAND RAPIDS MI CLIMATE NORMALS FOR TODAY
                         NORMAL    RECORD    YEAR
 MAXIMUM TEMPERATURE (F)   69        89      1998
 MINIMUM TEMPERATURE (F)   49        30      1947


SUNRISE AND SUNSET
SEPTEMBER 26 2016.....SUNRISE   734 AM EDT   SUNSET   731 PM EDT
SEPTEMBER 27 2016.....SUNRISE   735 AM EDT   SUNSET   730 PM EDT


-  INDICATES NEGATIVE NUMBERS.
R  INDICATES RECORD WAS SET OR TIED.
MM INDICATES DATA IS MISSING.
T  INDICATES TRACE AMOUNT.




$$
