000
CDUS43 KGRR 280520
CLIGRR


CLIMATE REPORT
NATIONAL WEATHER SERVICE GRAND RAPIDS, MI
120 AM EDT THU MAY 28 2015


...................................

...THE GRAND RAPIDS MI CLIMATE SUMMARY FOR MAY 27 2015...

CLIMATE NORMAL PERIOD 1981 TO 2010
CLIMATE RECORD PERIOD 1892 TO 2015


WEATHER ITEM   OBSERVED TIME   RECORD YEAR NORMAL DEPARTURE LAST
                VALUE   (LST)  VALUE       VALUE  FROM      YEAR
                                                  NORMAL
..................................................................
TEMPERATURE (F)
 YESTERDAY
  MAXIMUM         74   1033 AM  92    1911  73      1       82
  MINIMUM         56   1159 PM  30    1961  51      5       68
  AVERAGE         65                        62      3       75

PRECIPITATION (IN)
  YESTERDAY        0.00          1.12 1982   0.12  -0.12      T
  MONTH TO DATE    2.57                      3.47  -0.90     3.31
  SINCE MAR 1      7.69                      9.19  -1.50     7.47
  SINCE JAN 1     10.73                     13.07  -2.34    13.27

SNOWFALL (IN)
  YESTERDAY        0.0           T    1907   0.0    0.0      0.0
  MONTH TO DATE    0.0                       0.0    0.0      0.0
  SINCE MAR 1      3.3                      10.1   -6.8      8.2
  SINCE JUL 1     78.1                      74.9    3.2    116.0
  SNOW DEPTH       0

DEGREE DAYS
 HEATING
  YESTERDAY        0                         5     -5        0
  MONTH TO DATE  153                       218    -65      218
  SINCE MAR 1   1668                      1646     22     1918
  SINCE JUL 1   6970                      6423    547     7199

 COOLING
  YESTERDAY        0                         2     -2       10
  MONTH TO DATE   42                        29     13       37
  SINCE MAR 1     42                        37      5       39
  SINCE JAN 1     42                        37      5       39
..................................................................


WIND (MPH)
  RESULTANT WIND SPEED  14   RESULTANT WIND DIRECTION  SW (240)
  HIGHEST WIND SPEED    30   HIGHEST WIND DIRECTION     W (250)
  HIGHEST GUST SPEED    38   HIGHEST GUST DIRECTION     W (250)
  AVERAGE WIND SPEED    14.9


SKY COVER
  POSSIBLE SUNSHINE  59 PERCENT
  AVERAGE SKY COVER 0.6


WEATHER CONDITIONS
 THE FOLLOWING WEATHER WAS RECORDED YESTERDAY.
  NO SIGNIFICANT WEATHER WAS OBSERVED.


RELATIVE HUMIDITY (PERCENT)
 HIGHEST    93          1100 PM
 LOWEST     61           100 PM
 AVERAGE    77

..........................................................


THE GRAND RAPIDS MI CLIMATE NORMALS FOR TODAY
                         NORMAL    RECORD    YEAR
 MAXIMUM TEMPERATURE (F)   73        92      1978
                                             1977
 MINIMUM TEMPERATURE (F)   52        33      1949
                                             1894


SUNRISE AND SUNSET
MAY 28 2015...........SUNRISE   608 AM EDT   SUNSET   911 PM EDT
MAY 29 2015...........SUNRISE   608 AM EDT   SUNSET   911 PM EDT


-  INDICATES NEGATIVE NUMBERS.
R  INDICATES RECORD WAS SET OR TIED.
MM INDICATES DATA IS MISSING.
T  INDICATES TRACE AMOUNT.




$$
