731
CDUS43 KGRR 120522
CLIGRR


CLIMATE REPORT
NATIONAL WEATHER SERVICE GRAND RAPIDS, MI
1220 AM EST FRI FEB 12 2016


...................................

...THE GRAND RAPIDS MI CLIMATE SUMMARY FOR FEBRUARY 11 2016...

CLIMATE NORMAL PERIOD 1981 TO 2010
CLIMATE RECORD PERIOD 1892 TO 2016


WEATHER ITEM   OBSERVED TIME   RECORD YEAR NORMAL DEPARTURE LAST
                VALUE   (LST)  VALUE       VALUE  FROM      YEAR
                                                  NORMAL
..................................................................
TEMPERATURE (F)
 YESTERDAY
  MAXIMUM         25    207 PM  69    1999  33     -8       33
  MINIMUM         14    508 AM -21    1899  19     -5       22
  AVERAGE         20                        26     -6       28

PRECIPITATION (IN)
  YESTERDAY        T             0.79 1998   0.06  -0.06     0.01
  MONTH TO DATE    1.63                      0.63   1.00     0.77
  SINCE DEC 1      7.11                      5.22   1.89     4.21
  SINCE JAN 1      3.78                      2.72   1.06     2.64

SNOWFALL (IN)
  YESTERDAY        T             8.8  1985   0.5   -0.5      0.3
  MONTH TO DATE    1.1                       6.3   -5.2     10.8
  SINCE DEC 1     24.4                      49.0  -24.6     35.0
  SINCE JUL 1     27.9                      56.3  -28.4     66.0
  SNOW DEPTH       T

DEGREE DAYS
 HEATING
  YESTERDAY       45                        39      6       37
  MONTH TO DATE  397                       437    -40      496
  SINCE DEC 1   2394                      2806   -412     2863
  SINCE JUL 1   3452                      4144   -692     4359

 COOLING
  YESTERDAY        0                         0      0        0
  MONTH TO DATE    0                         0      0        0
  SINCE DEC 1      0                         0      0        0
  SINCE JAN 1      0                         0      0        0
..................................................................


WIND (MPH)
  RESULTANT WIND SPEED   9   RESULTANT WIND DIRECTION  NW (300)
  HIGHEST WIND SPEED    16   HIGHEST WIND DIRECTION     W (270)
  HIGHEST GUST SPEED    24   HIGHEST GUST DIRECTION     W (290)
  AVERAGE WIND SPEED    10.1


SKY COVER
  POSSIBLE SUNSHINE  28 PERCENT
  AVERAGE SKY COVER 0.7


WEATHER CONDITIONS
 THE FOLLOWING WEATHER WAS RECORDED YESTERDAY.
  LIGHT SNOW


RELATIVE HUMIDITY (PERCENT)
 HIGHEST    73           100 AM
 LOWEST     45           100 PM
 AVERAGE    59

..........................................................


THE GRAND RAPIDS MI CLIMATE NORMALS FOR TODAY
                         NORMAL    RECORD    YEAR
 MAXIMUM TEMPERATURE (F)   33        55      1984
 MINIMUM TEMPERATURE (F)   19       -23      1899


SUNRISE AND SUNSET
FEBRUARY 12 2016......SUNRISE   744 AM EST   SUNSET   609 PM EST
FEBRUARY 13 2016......SUNRISE   743 AM EST   SUNSET   610 PM EST


-  INDICATES NEGATIVE NUMBERS.
R  INDICATES RECORD WAS SET OR TIED.
MM INDICATES DATA IS MISSING.
T  INDICATES TRACE AMOUNT.




$$

63
