000
CDUS43 KGRR 260525
CLIGRR


CLIMATE REPORT
NATIONAL WEATHER SERVICE GRAND RAPIDS, MI
125 AM EDT SUN OCT 26 2014


...................................

...THE GRAND RAPIDS MI CLIMATE SUMMARY FOR OCTOBER 25 2014...

CLIMATE NORMAL PERIOD 1981 TO 2010
CLIMATE RECORD PERIOD 1892 TO 2014


WEATHER ITEM   OBSERVED TIME   RECORD YEAR NORMAL DEPARTURE LAST
                VALUE   (LST)  VALUE       VALUE  FROM      YEAR
                                                  NORMAL
..................................................................
TEMPERATURE (F)
 YESTERDAY
  MAXIMUM         67    146 PM  78    2012  57     10       49
  MINIMUM         46    100 AM  20    1960  39      7       31
  AVERAGE         57                        48      9       40

PRECIPITATION (IN)
  YESTERDAY        0.00          0.73 1932   0.10  -0.10      T
  MONTH TO DATE    4.32                      2.61   1.71     3.81
  SINCE SEP 1      7.42                      6.89   0.53     5.06
  SINCE JAN 1     33.94                     31.61   2.33    37.38

SNOWFALL (IN)
  YESTERDAY        0.0           2.4  1962   0.1   -0.1      0.0
  MONTH TO DATE    0.0                       0.3   -0.3       T
  SINCE SEP 1      0.0                       0.3   -0.3       T
  SINCE JUL 1      0.0                       0.3   -0.3       T
  SNOW DEPTH       0

DEGREE DAYS
 HEATING
  YESTERDAY        8                        17     -9       25
  MONTH TO DATE  328                       330     -2      271
  SINCE SEP 1    459                       462     -3      383
  SINCE JUL 1    478                       482     -4      409

 COOLING
  YESTERDAY        0                         0      0        0
  MONTH TO DATE    0                         4     -4       14
  SINCE SEP 1     51                        71    -20       97
  SINCE JAN 1    611                       696    -85      767
..................................................................


WIND (MPH)
  RESULTANT WIND SPEED  12   RESULTANT WIND DIRECTION   W (270)
  HIGHEST WIND SPEED    30   HIGHEST WIND DIRECTION     W (270)
  HIGHEST GUST SPEED    40   HIGHEST GUST DIRECTION     W (280)
  AVERAGE WIND SPEED    13.2


SKY COVER
  POSSIBLE SUNSHINE  72 PERCENT
  AVERAGE SKY COVER 0.5


WEATHER CONDITIONS
 THE FOLLOWING WEATHER WAS RECORDED YESTERDAY.
  FOG
  HAZE


RELATIVE HUMIDITY (PERCENT)
 HIGHEST    93           100 AM
 LOWEST     32           200 PM
 AVERAGE    63

..........................................................


THE GRAND RAPIDS MI CLIMATE NORMALS FOR TODAY
                         NORMAL    RECORD    YEAR
 MAXIMUM TEMPERATURE (F)   56        79      1939
 MINIMUM TEMPERATURE (F)   39        24      1990
                                             1962


SUNRISE AND SUNSET
OCTOBER 26 2014.......SUNRISE   809 AM EDT   SUNSET   643 PM EDT
OCTOBER 27 2014.......SUNRISE   810 AM EDT   SUNSET   641 PM EDT


-  INDICATES NEGATIVE NUMBERS.
R  INDICATES RECORD WAS SET OR TIED.
MM INDICATES DATA IS MISSING.
T  INDICATES TRACE AMOUNT.




$$
