000
CDUS43 KGRR 140518
CLIGRR


CLIMATE REPORT
NATIONAL WEATHER SERVICE GRAND RAPIDS, MI
118 AM EDT SAT OCT 14 2017


...................................

...THE GRAND RAPIDS MI CLIMATE SUMMARY FOR OCTOBER 13 2017...

CLIMATE NORMAL PERIOD 1981 TO 2010
CLIMATE RECORD PERIOD 1892 TO 2017


WEATHER ITEM   OBSERVED TIME   RECORD YEAR NORMAL DEPARTURE LAST
                VALUE   (LST)  VALUE       VALUE  FROM      YEAR
                                                  NORMAL
..................................................................
TEMPERATURE (F)
 YESTERDAY
  MAXIMUM         68    336 PM  87    1975  61      7       57
  MINIMUM         56   1201 AM  24    1993  43     13       37
  AVERAGE         62                        52     10       47

PRECIPITATION (IN)
  YESTERDAY        T             1.35 1969   0.10  -0.10      T
  MONTH TO DATE    2.75                      1.41   1.34     3.35
  SINCE SEP 1      3.41                      5.69  -2.28     5.75
  SINCE JAN 1     27.73                     30.41  -2.68    37.29

SNOWFALL (IN)
  YESTERDAY        0.0           0.1  2006   0.0    0.0      0.0
  MONTH TO DATE    0.0                       0.1   -0.1      0.0
  SINCE SEP 1      0.0                       0.1   -0.1      0.0
  SINCE JUL 1      0.0                       0.1   -0.1      0.0
  SNOW DEPTH       0

DEGREE DAYS
 HEATING
  YESTERDAY        3                        13    -10       18
  MONTH TO DATE   52                       147    -95       88
  SINCE SEP 1    135                       279   -144      132
  SINCE JUL 1    151                       299   -148      132

 COOLING
  YESTERDAY        0                         0      0        0
  MONTH TO DATE   10                         4      6        4
  SINCE SEP 1    146                        71     75       99
  SINCE JAN 1    718                       696     22      930
..................................................................


WIND (MPH)
  RESULTANT WIND SPEED   5   RESULTANT WIND DIRECTION  SW (220)
  HIGHEST WIND SPEED    17   HIGHEST WIND DIRECTION    SW (220)
  HIGHEST GUST SPEED    21   HIGHEST GUST DIRECTION    SW (240)
  AVERAGE WIND SPEED     7.2


SKY COVER
  POSSIBLE SUNSHINE   0 PERCENT
  AVERAGE SKY COVER 0.9


WEATHER CONDITIONS
 THE FOLLOWING WEATHER WAS RECORDED YESTERDAY.
  LIGHT RAIN
  FOG
  HAZE


RELATIVE HUMIDITY (PERCENT)
 HIGHEST   100           300 AM
 LOWEST     63           400 PM
 AVERAGE    82

..........................................................


THE GRAND RAPIDS MI CLIMATE NORMALS FOR TODAY
                         NORMAL    RECORD    YEAR
 MAXIMUM TEMPERATURE (F)   61        83      1975
                                             1897
                                             1892
 MINIMUM TEMPERATURE (F)   42        29      1937


SUNRISE AND SUNSET
OCTOBER 14 2017.......SUNRISE   755 AM EDT   SUNSET   701 PM EDT
OCTOBER 15 2017.......SUNRISE   756 AM EDT   SUNSET   659 PM EDT


-  INDICATES NEGATIVE NUMBERS.
R  INDICATES RECORD WAS SET OR TIED.
MM INDICATES DATA IS MISSING.
T  INDICATES TRACE AMOUNT.




$$
