000
CDUS43 KGRR 282137
CLIGRR


CLIMATE REPORT
NATIONAL WEATHER SERVICE GRAND RAPIDS, MI
535 PM EDT SUN SEP 28 2014


...................................

...THE GRAND RAPIDS MI CLIMATE SUMMARY FOR SEPTEMBER 28 2014...
VALID TODAY AS OF 0500 PM LOCAL TIME.

CLIMATE NORMAL PERIOD 1981 TO 2010
CLIMATE RECORD PERIOD 1892 TO 2014


WEATHER ITEM   OBSERVED TIME   RECORD YEAR NORMAL DEPARTURE LAST
                VALUE   (LST)  VALUE       VALUE  FROM      YEAR
                                                  NORMAL
..................................................................
TEMPERATURE (F)
 TODAY
  MAXIMUM         78    338 PM  86    1905  68     10       81
  MINIMUM         53    646 AM  27    1991  48      5       50
  AVERAGE         66                        58      8

PRECIPITATION (IN)
  TODAY            0.00          1.96 1999   0.14  -0.14     0.00
  MONTH TO DATE    3.08                      4.02  -0.94     1.00
  SINCE SEP 1      3.08                      4.02  -0.94     1.00
  SINCE JAN 1     29.60                     28.74   0.86    33.32

SNOWFALL (IN)
  TODAY            0.0           0.0    MM   0.0    0.0
  MONTH TO DATE    0.0                       0.0    0.0
  SINCE SEP 1      0.0                       0.0    0.0
  SINCE JUL 1      0.0                       0.0    0.0
  SNOW DEPTH       0

DEGREE DAYS
 HEATING
  TODAY            0                         8     -8        0
  MONTH TO DATE  120                       114      6      107
  SINCE SEP 1    120                       114      6      107
  SINCE JUL 1    139                       134      5      133

 COOLING
  TODAY            1                         1      0        1
  MONTH TO DATE   51                        65    -14       83
  SINCE SEP 1     51                        65    -14       83
  SINCE JAN 1    611                       690    -79      753
..................................................................


WIND (MPH)
  RESULTANT WIND SPEED   1   RESULTANT WIND DIRECTION   E (80)
  HIGHEST WIND SPEED     9   HIGHEST WIND DIRECTION     E (90)
  HIGHEST GUST SPEED    12   HIGHEST GUST DIRECTION    NE (50)
  AVERAGE WIND SPEED     1.6


SKY COVER
  AVERAGE SKY COVER 0.4


WEATHER CONDITIONS
 THE FOLLOWING WEATHER WAS RECORDED TODAY.
  FOG


RELATIVE HUMIDITY (PERCENT)
 HIGHEST   100           500 AM
 LOWEST     50           300 PM
 AVERAGE    75

..........................................................


THE GRAND RAPIDS MI CLIMATE NORMALS FOR TOMORROW
                         NORMAL    RECORD    YEAR
 MAXIMUM TEMPERATURE (F)   67        93      1953
 MINIMUM TEMPERATURE (F)   47        29      1942


SUNRISE AND SUNSET
SEPTEMBER 28 2014.....SUNRISE   736 AM EDT   SUNSET   729 PM EDT
SEPTEMBER 29 2014.....SUNRISE   737 AM EDT   SUNSET   727 PM EDT


-  INDICATES NEGATIVE NUMBERS.
R  INDICATES RECORD WAS SET OR TIED.
MM INDICATES DATA IS MISSING.
T  INDICATES TRACE AMOUNT.




$$

CAS
