000
CDUS43 KGRR 300522
CLIGRR


CLIMATE REPORT
NATIONAL WEATHER SERVICE GRAND RAPIDS, MI
122 AM EDT FRI SEP 30 2016


...................................

...THE GRAND RAPIDS MI CLIMATE SUMMARY FOR SEPTEMBER 29 2016...

CLIMATE NORMAL PERIOD 1981 TO 2010
CLIMATE RECORD PERIOD 1892 TO 2016


WEATHER ITEM   OBSERVED TIME   RECORD YEAR NORMAL DEPARTURE LAST
                VALUE   (LST)  VALUE       VALUE  FROM      YEAR
                                                  NORMAL
..................................................................
TEMPERATURE (F)
 YESTERDAY
  MAXIMUM         63   1247 PM  93    1953  67     -4       69
  MINIMUM         56   1215 AM  29    1942  47      9       48
  AVERAGE         60                        57      3       59

PRECIPITATION (IN)
  YESTERDAY        0.25          2.22 1906   0.13   0.12      T
  MONTH TO DATE    2.05                      4.15  -2.10     2.26
  SINCE SEP 1      2.05                      4.15  -2.10     2.26
  SINCE JAN 1     33.59                     28.87   4.72    23.90

SNOWFALL (IN)
  YESTERDAY        0.0           T    1967   0.0    0.0      0.0
  MONTH TO DATE    0.0                       0.0    0.0      0.0
  SINCE SEP 1      0.0                       0.0    0.0      0.0
  SINCE JUL 1      0.0                       0.0    0.0      0.0
  SNOW DEPTH       0

DEGREE DAYS
 HEATING
  YESTERDAY        5                         9     -4        6
  MONTH TO DATE   40                       123    -83       48
  SINCE SEP 1     40                       123    -83       48
  SINCE JUL 1     40                       143   -103       77

 COOLING
  YESTERDAY        0                         1     -1        0
  MONTH TO DATE   95                        66     29      135
  SINCE SEP 1     95                        66     29      135
  SINCE JAN 1    926                       691    235      642
..................................................................


WIND (MPH)
  RESULTANT WIND SPEED  15   RESULTANT WIND DIRECTION  NE (40)
  HIGHEST WIND SPEED    24   HIGHEST WIND DIRECTION    NE (50)
  HIGHEST GUST SPEED    31   HIGHEST GUST DIRECTION    NE (30)
  AVERAGE WIND SPEED    15.3


SKY COVER
  POSSIBLE SUNSHINE   0 PERCENT
  AVERAGE SKY COVER 1.0


WEATHER CONDITIONS
 THE FOLLOWING WEATHER WAS RECORDED YESTERDAY.
  RAIN
  LIGHT RAIN
  FOG


RELATIVE HUMIDITY (PERCENT)
 HIGHEST    93           800 PM
 LOWEST     75           400 AM
 AVERAGE    84

..........................................................


THE GRAND RAPIDS MI CLIMATE NORMALS FOR TODAY
                         NORMAL    RECORD    YEAR
 MAXIMUM TEMPERATURE (F)   67        85      1971
                                             1922
 MINIMUM TEMPERATURE (F)   47        30      1993


SUNRISE AND SUNSET
SEPTEMBER 30 2016.....SUNRISE   739 AM EDT   SUNSET   724 PM EDT
OCTOBER  1 2016.......SUNRISE   740 AM EDT   SUNSET   722 PM EDT


-  INDICATES NEGATIVE NUMBERS.
R  INDICATES RECORD WAS SET OR TIED.
MM INDICATES DATA IS MISSING.
T  INDICATES TRACE AMOUNT.




$$
