000
CDUS43 KGRR 312124
CLIGRR


CLIMATE REPORT
NATIONAL WEATHER SERVICE GRAND RAPIDS, MI
524 PM EDT WED AUG 31 2016


...................................

...THE GRAND RAPIDS MI CLIMATE SUMMARY FOR AUGUST 31 2016...
VALID TODAY AS OF 0500 PM LOCAL TIME.

CLIMATE NORMAL PERIOD 1981 TO 2010
CLIMATE RECORD PERIOD 1892 TO 2016


WEATHER ITEM   OBSERVED TIME   RECORD YEAR NORMAL DEPARTURE LAST
                VALUE   (LST)  VALUE       VALUE  FROM      YEAR
                                                  NORMAL
..................................................................
TEMPERATURE (F)
 TODAY
  MAXIMUM         78    352 PM  97    1953  79     -1       81
  MINIMUM         68    913 AM  43    1967  58     10       61
                                      1915
  AVERAGE         73                        68      5       71

PRECIPITATION (IN)
  TODAY            0.00          1.02 1975   0.13  -0.13     0.00
  MONTH TO DATE    7.97                      3.59   4.38     3.75
  SINCE JUN 1     14.74                     11.14   3.60    10.01
  SINCE JAN 1     31.54                     24.72   6.82    21.64

SNOWFALL (IN)
  TODAY            0.0           0.0    MM   0.0    0.0      0.0
  MONTH TO DATE    0.0                       0.0    0.0      0.0
  SINCE JUN 1      0.0                       0.0    0.0      0.0
  SINCE JUL 1      0.0                       0.0    0.0      0.0
  SNOW DEPTH       0

DEGREE DAYS
 HEATING
  TODAY            0                         1     -1        0
  MONTH TO DATE    0                         9     -9       16
  SINCE JUN 1     21                        65    -44       59
  SINCE JUL 1      0                        20    -20       29

 COOLING
  TODAY            8                         5      3        6
  MONTH TO DATE  277                       194     83      168
  SINCE JUN 1    763                       578    185      455
  SINCE JAN 1    834                       625    209      507
..................................................................


WIND (MPH)
  RESULTANT WIND SPEED   5   RESULTANT WIND DIRECTION   N (10)
  HIGHEST WIND SPEED    15   HIGHEST WIND DIRECTION     N (10)
  HIGHEST GUST SPEED    18   HIGHEST GUST DIRECTION     N (10)
  AVERAGE WIND SPEED     6.5


SKY COVER
  AVERAGE SKY COVER 0.8


WEATHER CONDITIONS
 THE FOLLOWING WEATHER WAS RECORDED TODAY.
  FOG


RELATIVE HUMIDITY (PERCENT)
 HIGHEST    97           600 AM
 LOWEST     43           400 PM
 AVERAGE    70

..........................................................


THE GRAND RAPIDS MI CLIMATE NORMALS FOR TOMORROW
                         NORMAL    RECORD    YEAR
 MAXIMUM TEMPERATURE (F)   78        97      1953
 MINIMUM TEMPERATURE (F)   58        40      1896


SUNRISE AND SUNSET
AUGUST 31 2016........SUNRISE   706 AM EDT   SUNSET   817 PM EDT
SEPTEMBER  1 2016.....SUNRISE   707 AM EDT   SUNSET   816 PM EDT


-  INDICATES NEGATIVE NUMBERS.
R  INDICATES RECORD WAS SET OR TIED.
MM INDICATES DATA IS MISSING.
T  INDICATES TRACE AMOUNT.




$$
