000
CDUS43 KGRR 232143
CLIGRR


CLIMATE REPORT
NATIONAL WEATHER SERVICE GRAND RAPIDS, MI
540 PM EDT MON MAY 23 2016


...................................

...THE GRAND RAPIDS MI CLIMATE SUMMARY FOR MAY 23 2016...
VALID TODAY AS OF 0500 PM LOCAL TIME.

CLIMATE NORMAL PERIOD 1981 TO 2010
CLIMATE RECORD PERIOD 1892 TO 2016


WEATHER ITEM   OBSERVED TIME   RECORD YEAR NORMAL DEPARTURE LAST
                VALUE   (LST)  VALUE       VALUE  FROM      YEAR
                                                  NORMAL
..................................................................
TEMPERATURE (F)
 TODAY
  MAXIMUM         83    237 PM  90    1977  72     11       78
  MINIMUM         47    524 AM  30    1963  50     -3       40
  AVERAGE         65                        61      4       59

PRECIPITATION (IN)
  TODAY            0.00          2.26 1904   0.14  -0.14     0.00
  MONTH TO DATE    2.63                      2.96  -0.33     2.05
  SINCE MAR 1     11.49                      8.68   2.81     7.17
  SINCE JAN 1     16.42                     12.56   3.86    10.21

SNOWFALL (IN)
  TODAY            0.0           T    1917   0.0    0.0      0.0
  MONTH TO DATE    T                         0.0    0.0      0.0
  SINCE MAR 1     19.5                      10.1    9.4      3.3
  SINCE JUL 1     61.1                      74.9  -13.8     78.1
  SNOW DEPTH       0

DEGREE DAYS
 HEATING
  TODAY            0                         6     -6        6
  MONTH TO DATE  206                       197      9      151
  SINCE MAR 1   1519                      1625   -106     1666
  SINCE JUL 1   5596                      6402   -806     6968

 COOLING
  TODAY            0                         2     -2        0
  MONTH TO DATE    2                        21    -19       29
  SINCE MAR 1      2                        29    -27       29
  SINCE JAN 1      2                        29    -27       29
..................................................................


WIND (MPH)
  RESULTANT WIND SPEED   2   RESULTANT WIND DIRECTION   S (160)
  HIGHEST WIND SPEED    10   HIGHEST WIND DIRECTION     S (190)
  HIGHEST GUST SPEED    14   HIGHEST GUST DIRECTION    SW (210)
  AVERAGE WIND SPEED     2.8


SKY COVER
  AVERAGE SKY COVER 0.1


WEATHER CONDITIONS
 THE FOLLOWING WEATHER WAS RECORDED TODAY.
  NO SIGNIFICANT WEATHER WAS OBSERVED.


RELATIVE HUMIDITY (PERCENT)
 HIGHEST    86           500 AM
 LOWEST     23           200 PM
 AVERAGE    55

..........................................................


THE GRAND RAPIDS MI CLIMATE NORMALS FOR TOMORROW
                         NORMAL    RECORD    YEAR
 MAXIMUM TEMPERATURE (F)   72        89      2010
                                             2007
                                             1977
 MINIMUM TEMPERATURE (F)   50        33      1963
                                             1925


SUNRISE AND SUNSET
MAY 23 2016...........SUNRISE   611 AM EDT   SUNSET   907 PM EDT
MAY 24 2016...........SUNRISE   611 AM EDT   SUNSET   908 PM EDT


-  INDICATES NEGATIVE NUMBERS.
R  INDICATES RECORD WAS SET OR TIED.
MM INDICATES DATA IS MISSING.
T  INDICATES TRACE AMOUNT.




$$

63
