000
CDUS43 KGRR 230518
CLIGRR


CLIMATE REPORT
NATIONAL WEATHER SERVICE GRAND RAPIDS, MI
118 AM EDT FRI SEP 23 2016


...................................

...THE GRAND RAPIDS MI CLIMATE SUMMARY FOR SEPTEMBER 22 2016...

CLIMATE NORMAL PERIOD 1981 TO 2010
CLIMATE RECORD PERIOD 1892 TO 2016


WEATHER ITEM   OBSERVED TIME   RECORD YEAR NORMAL DEPARTURE LAST
                VALUE   (LST)  VALUE       VALUE  FROM      YEAR
                                                  NORMAL
..................................................................
TEMPERATURE (F)
 YESTERDAY
  MAXIMUM         83    134 PM  90    1920  70     13       78
  MINIMUM         62    649 AM  33    1976  50     12       49
  AVERAGE         73                        60     13       64

PRECIPITATION (IN)
  YESTERDAY        0.00          3.14 1988   0.15  -0.15     0.00
  MONTH TO DATE    1.52                      3.16  -1.64     2.26
  SINCE SEP 1      1.52                      3.16  -1.64     2.26
  SINCE JAN 1     33.06                     27.88   5.18    23.90

SNOWFALL (IN)
  YESTERDAY        0.0           T    1995   0.0    0.0      0.0
                                      1952
  MONTH TO DATE    0.0                       0.0    0.0      0.0
  SINCE SEP 1      0.0                       0.0    0.0      0.0
  SINCE JUL 1      0.0                       0.0    0.0      0.0
  SNOW DEPTH       0

DEGREE DAYS
 HEATING
  YESTERDAY        0                         6     -6        1
  MONTH TO DATE    6                        71    -65       42
  SINCE SEP 1      6                        71    -65       42
  SINCE JUL 1      6                        91    -85       71

 COOLING
  YESTERDAY        8                         1      7        0
  MONTH TO DATE   95                        59     36      118
  SINCE SEP 1     95                        59     36      118
  SINCE JAN 1    926                       684    242      625
..................................................................


WIND (MPH)
  RESULTANT WIND SPEED   3   RESULTANT WIND DIRECTION   S (200)
  HIGHEST WIND SPEED    14   HIGHEST WIND DIRECTION    SW (240)
  HIGHEST GUST SPEED    18   HIGHEST GUST DIRECTION    SW (240)
  AVERAGE WIND SPEED     4.6


SKY COVER
  POSSIBLE SUNSHINE  27 PERCENT
  AVERAGE SKY COVER 0.7


WEATHER CONDITIONS
 THE FOLLOWING WEATHER WAS RECORDED YESTERDAY.
  FOG


RELATIVE HUMIDITY (PERCENT)
 HIGHEST    93          1200 AM
 LOWEST     51           100 PM
 AVERAGE    72

..........................................................


THE GRAND RAPIDS MI CLIMATE NORMALS FOR TODAY
                         NORMAL    RECORD    YEAR
 MAXIMUM TEMPERATURE (F)   70        90      1937
 MINIMUM TEMPERATURE (F)   50        28      1974


SUNRISE AND SUNSET
SEPTEMBER 23 2016.....SUNRISE   731 AM EDT   SUNSET   737 PM EDT
SEPTEMBER 24 2016.....SUNRISE   732 AM EDT   SUNSET   735 PM EDT


-  INDICATES NEGATIVE NUMBERS.
R  INDICATES RECORD WAS SET OR TIED.
MM INDICATES DATA IS MISSING.
T  INDICATES TRACE AMOUNT.




$$
