000
CDUS43 KGRR 250520
CLIGRR


CLIMATE REPORT
NATIONAL WEATHER SERVICE GRAND RAPIDS, MI
117 AM EDT WED MAR 25 2015


...................................

...THE GRAND RAPIDS MI CLIMATE SUMMARY FOR MARCH 24 2015...

CLIMATE NORMAL PERIOD 1981 TO 2010
CLIMATE RECORD PERIOD 1892 TO 2015


WEATHER ITEM   OBSERVED TIME   RECORD YEAR NORMAL DEPARTURE LAST
                VALUE   (LST)  VALUE       VALUE  FROM      YEAR
                                                  NORMAL
..................................................................
TEMPERATURE (F)
 YESTERDAY
  MAXIMUM         43    451 PM  78    1939  48     -5       28
                                      1910
  MINIMUM         17    637 AM  -3    1974  29    -12       13
  AVERAGE         30                        39     -9       21

PRECIPITATION (IN)
  YESTERDAY        0.00          1.07 1947   0.07  -0.07      T
  MONTH TO DATE    0.44                      1.76  -1.32     0.99
  SINCE MAR 1      0.44                      1.76  -1.32     0.99
  SINCE JAN 1      3.48                      5.64  -2.16     6.79

SNOWFALL (IN)
  YESTERDAY        0.0           5.3  1947   0.2   -0.2       T
  MONTH TO DATE    3.1                       7.3   -4.2      5.1
  SINCE MAR 1      3.1                       7.3   -4.2      5.1
  SINCE JUL 1     77.9                      72.1    5.8    112.9
  SNOW DEPTH       0

DEGREE DAYS
 HEATING
  YESTERDAY       35                        26      9       44
  MONTH TO DATE  785                       737     48      967
  SINCE MAR 1    785                       737     48      967
  SINCE JUL 1   6087                      5514    573     6248

 COOLING
  YESTERDAY        0                         0      0        0
  MONTH TO DATE    0                         0      0        0
  SINCE MAR 1      0                         0      0        0
  SINCE JAN 1      0                         0      0        0
..................................................................


WIND (MPH)
  RESULTANT WIND SPEED   9   RESULTANT WIND DIRECTION   E (100)
  HIGHEST WIND SPEED    18   HIGHEST WIND DIRECTION     E (110)
  HIGHEST GUST SPEED    22   HIGHEST GUST DIRECTION     E (100)
  AVERAGE WIND SPEED     9.6


SKY COVER
  POSSIBLE SUNSHINE  89 PERCENT
  AVERAGE SKY COVER 0.3


WEATHER CONDITIONS
 THE FOLLOWING WEATHER WAS RECORDED YESTERDAY.
  NO SIGNIFICANT WEATHER WAS OBSERVED.


RELATIVE HUMIDITY (PERCENT)
 HIGHEST    80           600 AM
 LOWEST     24           400 PM
 AVERAGE    52

..........................................................


THE GRAND RAPIDS MI CLIMATE NORMALS FOR TODAY
                         NORMAL    RECORD    YEAR
 MAXIMUM TEMPERATURE (F)   48        77      1945
 MINIMUM TEMPERATURE (F)   30        -1      1974


SUNRISE AND SUNSET
MARCH 25 2015.........SUNRISE   737 AM EDT   SUNSET   800 PM EDT
MARCH 26 2015.........SUNRISE   735 AM EDT   SUNSET   801 PM EDT


-  INDICATES NEGATIVE NUMBERS.
R  INDICATES RECORD WAS SET OR TIED.
MM INDICATES DATA IS MISSING.
T  INDICATES TRACE AMOUNT.




$$
