000
CDUS43 KGRR 010518
CLIGRR


CLIMATE REPORT
NATIONAL WEATHER SERVICE GRAND RAPIDS, MI
118 AM EDT WED JUL 1 2015


...................................

...THE GRAND RAPIDS MI CLIMATE SUMMARY FOR JUNE 30 2015...

CLIMATE NORMAL PERIOD 1981 TO 2010
CLIMATE RECORD PERIOD 1892 TO 2015


WEATHER ITEM   OBSERVED TIME   RECORD YEAR NORMAL DEPARTURE LAST
                VALUE   (LST)  VALUE       VALUE  FROM      YEAR
                                                  NORMAL
..................................................................
TEMPERATURE (F)
 YESTERDAY
  MAXIMUM         73    248 PM  99    1931  83    -10       87
  MINIMUM         56    411 AM  40    1943  61     -5       69
  AVERAGE         65                        72     -7       78

PRECIPITATION (IN)
  YESTERDAY        0.38          1.69 1938   0.11   0.27     0.28
  MONTH TO DATE    4.03                      3.77   0.26     5.15
  SINCE JUN 1      4.03                      3.77   0.26     5.15
  SINCE JAN 1     15.66                     17.35  -1.69    18.42

SNOWFALL (IN)
  YESTERDAY        0.0           0.0  2007   0.0    0.0      0.0
                                      2006
                                      2005
  MONTH TO DATE    0.0                       0.0    0.0      0.0
  SINCE JUN 1      0.0                       0.0    0.0      0.0
  SINCE JUL 1     78.1                      74.9    3.2    116.0
  SNOW DEPTH       0

DEGREE DAYS
 HEATING
  YESTERDAY        0                         0      0        0
  MONTH TO DATE   30                        44    -14       13
  SINCE JUN 1     30                        45    -15       13
  SINCE JUL 1   7019                      6485    534     7213

 COOLING
  YESTERDAY        0                         7     -7       13
  MONTH TO DATE   90                       145    -55      179
  SINCE JUN 1     90                       145    -55      179
  SINCE JAN 1    142                       192    -50      232
..................................................................


WIND (MPH)
  RESULTANT WIND SPEED   3   RESULTANT WIND DIRECTION   W (280)
  HIGHEST WIND SPEED    15   HIGHEST WIND DIRECTION    NW (320)
  HIGHEST GUST SPEED    22   HIGHEST GUST DIRECTION     W (260)
  AVERAGE WIND SPEED     6.6


SKY COVER
  POSSIBLE SUNSHINE  16 PERCENT
  AVERAGE SKY COVER 0.7


WEATHER CONDITIONS
 THE FOLLOWING WEATHER WAS RECORDED YESTERDAY.
  THUNDERSTORM
  HEAVY RAIN
  RAIN
  LIGHT RAIN
  FOG
  HAZE


RELATIVE HUMIDITY (PERCENT)
 HIGHEST    97           700 AM
 LOWEST     68           300 PM
 AVERAGE    83

..........................................................


THE GRAND RAPIDS MI CLIMATE NORMALS FOR TODAY
                         NORMAL    RECORD    YEAR
 MAXIMUM TEMPERATURE (F)   83       101      1931
 MINIMUM TEMPERATURE (F)   61        44      1982


SUNRISE AND SUNSET
JULY  1 2015..........SUNRISE   607 AM EDT   SUNSET   925 PM EDT
JULY  2 2015..........SUNRISE   608 AM EDT   SUNSET   924 PM EDT


-  INDICATES NEGATIVE NUMBERS.
R  INDICATES RECORD WAS SET OR TIED.
MM INDICATES DATA IS MISSING.
T  INDICATES TRACE AMOUNT.




$$
