000
CDUS43 KGRR 210516
CLIGRR


CLIMATE REPORT
NATIONAL WEATHER SERVICE GRAND RAPIDS, MI
115 AM EDT MON JUL 21 2014


...................................

...THE GRAND RAPIDS MI CLIMATE SUMMARY FOR JULY 20 2014...

CLIMATE NORMAL PERIOD 1981 TO 2010
CLIMATE RECORD PERIOD 1892 TO 2014


WEATHER ITEM   OBSERVED TIME   RECORD YEAR NORMAL DEPARTURE LAST
                VALUE   (LST)  VALUE       VALUE  FROM      YEAR
                                                  NORMAL
..................................................................
TEMPERATURE (F)
 YESTERDAY
  MAXIMUM         83    353 PM  99    1934  83      0       88
                                      1930
  MINIMUM         61    610 AM  44    1941  62     -1       66
  AVERAGE         72                        73     -1       77

PRECIPITATION (IN)
  YESTERDAY        0.00          2.78 1912   0.12  -0.12     0.00
  MONTH TO DATE    4.32                      2.42   1.90     1.45
  SINCE JUN 1      9.47                      6.19   3.28     5.97
  SINCE JAN 1     22.74                     19.77   2.97    28.66

SNOWFALL (IN)
  YESTERDAY        0.0           0.0  2006   0.0    0.0      0.0
                                      2005
                                      2004
  MONTH TO DATE    0.0                       0.0    0.0      0.0
  SINCE JUN 1      0.0                       0.0    0.0      0.0
  SINCE JUL 1      0.0                       0.0    0.0      0.0
  SNOW DEPTH       0

DEGREE DAYS
 HEATING
  YESTERDAY        0                         0      0        0
  MONTH TO DATE    7                         0      7        1
  SINCE JUN 1     20                        45    -25       41
  SINCE JUL 1      7                         0      7        1

 COOLING
  YESTERDAY        7                         8     -1       12
  MONTH TO DATE   77                       157    -80      229
  SINCE JUN 1    256                       302    -46      378
  SINCE JAN 1    309                       349    -40      460
..................................................................


WIND (MPH)
  RESULTANT WIND SPEED   1   RESULTANT WIND DIRECTION   W (250)
  HIGHEST WIND SPEED    10   HIGHEST WIND DIRECTION     W (270)
  HIGHEST GUST SPEED    20   HIGHEST GUST DIRECTION    SE (120)
  AVERAGE WIND SPEED     2.6


SKY COVER
  POSSIBLE SUNSHINE  77 PERCENT
  AVERAGE SKY COVER 0.6


WEATHER CONDITIONS
 THE FOLLOWING WEATHER WAS RECORDED YESTERDAY.
  FOG
  HAZE


RELATIVE HUMIDITY (PERCENT)
 HIGHEST    90           100 AM
 LOWEST     40           200 PM
 AVERAGE    65

..........................................................


THE GRAND RAPIDS MI CLIMATE NORMALS FOR TODAY
                         NORMAL    RECORD    YEAR
 MAXIMUM TEMPERATURE (F)   83       104      1934
 MINIMUM TEMPERATURE (F)   63        43      1944


SUNRISE AND SUNSET
JULY 21 2014..........SUNRISE   622 AM EDT   SUNSET   914 PM EDT
JULY 22 2014..........SUNRISE   623 AM EDT   SUNSET   913 PM EDT


-  INDICATES NEGATIVE NUMBERS.
R  INDICATES RECORD WAS SET OR TIED.
MM INDICATES DATA IS MISSING.
T  INDICATES TRACE AMOUNT.




$$
