000
CDUS43 KGRR 131622
CLIGRR


CLIMATE REPORT...CORRECTED FOR SNOWFALL
NATIONAL WEATHER SERVICE GRAND RAPIDS, MI
1220 PM EDT SAT SEP 13 2014


...................................

...THE GRAND RAPIDS MI CLIMATE SUMMARY FOR SEPTEMBER 12 2014...

CLIMATE NORMAL PERIOD 1981 TO 2010
CLIMATE RECORD PERIOD 1892 TO 2014


WEATHER ITEM   OBSERVED TIME   RECORD YEAR NORMAL DEPARTURE LAST
                VALUE   (LST)  VALUE       VALUE  FROM      YEAR
                                                  NORMAL
..................................................................
TEMPERATURE (F)
 YESTERDAY
  MAXIMUM         59   1230 PM  95    1952  75    -16       78
  MINIMUM         48    642 AM  37    1964  54     -6       54
  AVERAGE         54                        64    -10       66

PRECIPITATION (IN)
  YESTERDAY        0.22          1.54 1896   0.14   0.08     0.00
  MONTH TO DATE    2.27                      1.65   0.62     0.77
  SINCE SEP 1      2.27                      1.65   0.62     0.77
  SINCE JAN 1     28.79                     26.37   2.42    33.09

SNOWFALL (IN)
  YESTERDAY        0.0           0.0    MM   0.0    0.0      0.0
  MONTH TO DATE    0.0                       0.0    0.0      0.0
  SINCE SEP 1      0.0                       0.0    0.0      0.0
  SINCE JUL 1      0.0                       0.0    0.0      0.0
  SNOW DEPTH       0

DEGREE DAYS
 HEATING
  YESTERDAY       11                         3      8        0
  MONTH TO DATE   20                        25     -5        2
  SINCE SEP 1     20                        25     -5        2
  SINCE JUL 1     39                        45     -6       28

 COOLING
  YESTERDAY        0                         3     -3        1
  MONTH TO DATE   47                        41      6       75
  SINCE SEP 1     47                        41      6       75
  SINCE JAN 1    607                       666    -59      745
..................................................................


WIND (MPH)
  RESULTANT WIND SPEED   6   RESULTANT WIND DIRECTION   N (10)
  HIGHEST WIND SPEED    13   HIGHEST WIND DIRECTION    NE (60)
  HIGHEST GUST SPEED    17   HIGHEST GUST DIRECTION    NE (50)
  AVERAGE WIND SPEED     6.1


SKY COVER
  POSSIBLE SUNSHINE  25 PERCENT
  AVERAGE SKY COVER 0.9


WEATHER CONDITIONS
 THE FOLLOWING WEATHER WAS RECORDED YESTERDAY.
  RAIN
  LIGHT RAIN
  FOG


RELATIVE HUMIDITY (PERCENT)
 HIGHEST    96           600 PM
 LOWEST     57           100 PM
 AVERAGE    77

..........................................................


THE GRAND RAPIDS MI CLIMATE NORMALS FOR TODAY
                         NORMAL    RECORD    YEAR
 MAXIMUM TEMPERATURE (F)   74        95      1952
                                             1939
 MINIMUM TEMPERATURE (F)   54        35      1975


SUNRISE AND SUNSET
SEPTEMBER 13 2014.....SUNRISE   720 AM EDT   SUNSET   756 PM EDT
SEPTEMBER 14 2014.....SUNRISE   721 AM EDT   SUNSET   754 PM EDT


-  INDICATES NEGATIVE NUMBERS.
R  INDICATES RECORD WAS SET OR TIED.
MM INDICATES DATA IS MISSING.
T  INDICATES TRACE AMOUNT.




$$

EBW
