000
CDUS43 KGRR 240517
CLIGRR


CLIMATE REPORT
NATIONAL WEATHER SERVICE GRAND RAPIDS, MI
113 AM EDT MON AUG 24 2015


...................................

...THE GRAND RAPIDS MI CLIMATE SUMMARY FOR AUGUST 23 2015...

CLIMATE NORMAL PERIOD 1981 TO 2010
CLIMATE RECORD PERIOD 1892 TO 2015


WEATHER ITEM   OBSERVED TIME   RECORD YEAR NORMAL DEPARTURE LAST
                VALUE   (LST)  VALUE       VALUE  FROM      YEAR
                                                  NORMAL
..................................................................
TEMPERATURE (F)
 YESTERDAY
  MAXIMUM         76   1059 AM  96    1947  80     -4       83
  MINIMUM         59    354 AM  43    1952  60     -1       67
                                      1951
  AVERAGE         68                        70     -2       75

PRECIPITATION (IN)
  YESTERDAY        0.59          1.91 1910   0.11   0.48     0.00
  MONTH TO DATE    3.49                      2.64   0.85     2.83
  SINCE JUN 1      9.75                     10.19  -0.44    12.40
  SINCE JAN 1     21.38                     23.77  -2.39    25.67

SNOWFALL (IN)
  YESTERDAY        0.0           0.0    MM   0.0    0.0      0.0
  MONTH TO DATE    0.0                       0.0    0.0      0.0
  SINCE JUN 1      0.0                       0.0    0.0      0.0
  SINCE JUL 1      0.0                       0.0    0.0      0.0
  SNOW DEPTH       0

DEGREE DAYS
 HEATING
  YESTERDAY        0                         1     -1        0
  MONTH TO DATE    1                         1      0        9
  SINCE JUN 1     44                        52     -8       31
  SINCE JUL 1     14                         7      7       18

 COOLING
  YESTERDAY        3                         6     -3       10
  MONTH TO DATE  155                       153      2      144
  SINCE JUN 1    442                       537    -95      447
  SINCE JAN 1    494                       584    -90      500
..................................................................


WIND (MPH)
  RESULTANT WIND SPEED   6   RESULTANT WIND DIRECTION   S (200)
  HIGHEST WIND SPEED    23   HIGHEST WIND DIRECTION     W (270)
  HIGHEST GUST SPEED    31   HIGHEST GUST DIRECTION     W (270)
  AVERAGE WIND SPEED    10.4


SKY COVER
  POSSIBLE SUNSHINE  32 PERCENT
  AVERAGE SKY COVER 0.6


WEATHER CONDITIONS
 THE FOLLOWING WEATHER WAS RECORDED YESTERDAY.
  THUNDERSTORM
  HEAVY RAIN
  RAIN
  LIGHT RAIN
  FOG
  HAZE


RELATIVE HUMIDITY (PERCENT)
 HIGHEST    97           100 PM
 LOWEST     61           500 PM
 AVERAGE    79

..........................................................


THE GRAND RAPIDS MI CLIMATE NORMALS FOR TODAY
                         NORMAL    RECORD    YEAR
 MAXIMUM TEMPERATURE (F)   80        98      1948
                                             1947
 MINIMUM TEMPERATURE (F)   60        40      1946
                                             1942


SUNRISE AND SUNSET
AUGUST 24 2015........SUNRISE   658 AM EDT   SUNSET   830 PM EDT
AUGUST 25 2015........SUNRISE   659 AM EDT   SUNSET   829 PM EDT


-  INDICATES NEGATIVE NUMBERS.
R  INDICATES RECORD WAS SET OR TIED.
MM INDICATES DATA IS MISSING.
T  INDICATES TRACE AMOUNT.




$$
