000
CDUS43 KGRR 110555
CLIGRR


CLIMATE REPORT
NATIONAL WEATHER SERVICE GRAND RAPIDS, MI
1252 AM EST SAT NOV 11 2017


...................................

...THE GRAND RAPIDS MI CLIMATE SUMMARY FOR NOVEMBER 10 2017...

CLIMATE NORMAL PERIOD 1981 TO 2010
CLIMATE RECORD PERIOD 1892 TO 2017


WEATHER ITEM   OBSERVED TIME   RECORD YEAR NORMAL DEPARTURE LAST
                VALUE   (LST)  VALUE       VALUE  FROM      YEAR
                                                  NORMAL
..................................................................
TEMPERATURE (F)
 YESTERDAY
  MAXIMUM         27    258 PM  67    1999  50    -23       61
  MINIMUM         17    740 AM  16    1957  35    -18       41
  AVERAGE         22                        42    -20       51

PRECIPITATION (IN)
  YESTERDAY        T             1.37 1998   0.11  -0.11     0.00
  MONTH TO DATE    0.68                      1.19  -0.51     1.35
  SINCE SEP 1     11.03                      8.73   2.30     9.90
  SINCE JAN 1     35.35                     33.45   1.90    41.44

SNOWFALL (IN)
  YESTERDAY        T             3.5  1898   0.2   -0.2      0.0
  MONTH TO DATE    0.2                       1.2   -1.0      0.0
  SINCE SEP 1      0.6                       1.7   -1.1      0.0
  SINCE JUL 1      0.6                       1.7   -1.1      0.0
  SNOW DEPTH       0

DEGREE DAYS
 HEATING
  YESTERDAY       43                        23     20       14
  MONTH TO DATE  254                       209     45      118
  SINCE SEP 1    645                       781   -136      486
  SINCE JUL 1    661                       801   -140      486

 COOLING
  YESTERDAY        0                         0      0        0
  MONTH TO DATE    0                         0      0        0
  SINCE SEP 1    147                        74     73      105
  SINCE JAN 1    719                       699     20      936
..................................................................


WIND (MPH)
  RESULTANT WIND SPEED   7   RESULTANT WIND DIRECTION  NE (60)
  HIGHEST WIND SPEED    16   HIGHEST WIND DIRECTION     E (90)
  HIGHEST GUST SPEED    21   HIGHEST GUST DIRECTION     E (70)
  AVERAGE WIND SPEED     8.9


SKY COVER
  POSSIBLE SUNSHINE  95 PERCENT
  AVERAGE SKY COVER 0.5


WEATHER CONDITIONS
 THE FOLLOWING WEATHER WAS RECORDED YESTERDAY.
  LIGHT SNOW


RELATIVE HUMIDITY (PERCENT)
 HIGHEST    84           100 AM
 LOWEST     36           300 PM
 AVERAGE    60

..........................................................


THE GRAND RAPIDS MI CLIMATE NORMALS FOR TODAY
                         NORMAL    RECORD    YEAR
 MAXIMUM TEMPERATURE (F)   50        73      1909
 MINIMUM TEMPERATURE (F)   35        18      1987


SUNRISE AND SUNSET
NOVEMBER 11 2017......SUNRISE   729 AM EST   SUNSET   522 PM EST
NOVEMBER 12 2017......SUNRISE   731 AM EST   SUNSET   521 PM EST


-  INDICATES NEGATIVE NUMBERS.
R  INDICATES RECORD WAS SET OR TIED.
MM INDICATES DATA IS MISSING.
T  INDICATES TRACE AMOUNT.




$$
