000
CDUS43 KGRR 110517
CLIGRR


CLIMATE REPORT
NATIONAL WEATHER SERVICE GRAND RAPIDS, MI
117 AM EDT THU SEP 11 2014


...................................

...THE GRAND RAPIDS MI CLIMATE SUMMARY FOR SEPTEMBER 10 2014...

CLIMATE NORMAL PERIOD 1981 TO 2010
CLIMATE RECORD PERIOD 1892 TO 2014


WEATHER ITEM   OBSERVED TIME   RECORD YEAR NORMAL DEPARTURE LAST
                VALUE   (LST)  VALUE       VALUE  FROM      YEAR
                                                  NORMAL
..................................................................
TEMPERATURE (F)
 YESTERDAY
  MAXIMUM         77    614 PM  94    2013  75      2       94
                                      1931
  MINIMUM         55   1159 PM  36    1969  55      0       77
                                      1917
  AVERAGE         66                        65      1       86

PRECIPITATION (IN)
  YESTERDAY        0.86          2.76 1986   0.14   0.72      T
  MONTH TO DATE    2.05                      1.37   0.68     0.77
  SINCE SEP 1      2.05                      1.37   0.68     0.77
  SINCE JAN 1     28.57                     26.09   2.48    33.09

SNOWFALL (IN)
  YESTERDAY        0.0           0.0    MM   0.0    0.0      0.0
  MONTH TO DATE    0.0                       0.0    0.0      0.0
  SINCE SEP 1      0.0                       0.0    0.0      0.0
  SINCE JUL 1      0.0                       0.0    0.0      0.0
  SNOW DEPTH       0

DEGREE DAYS
 HEATING
  YESTERDAY        0                         3     -3        0
  MONTH TO DATE    0                        19    -19        2
  SINCE SEP 1      0                        19    -19        2
  SINCE JUL 1     19                        39    -20       28

 COOLING
  YESTERDAY        1                         3     -2       21
  MONTH TO DATE   47                        35     12       60
  SINCE SEP 1     47                        35     12       60
  SINCE JAN 1    607                       660    -53      730
..................................................................


WIND (MPH)
  RESULTANT WIND SPEED   9   RESULTANT WIND DIRECTION   S (190)
  HIGHEST WIND SPEED    29   HIGHEST WIND DIRECTION     S (180)
  HIGHEST GUST SPEED    37   HIGHEST GUST DIRECTION     S (180)
  AVERAGE WIND SPEED    14.3


SKY COVER
  POSSIBLE SUNSHINE   3 PERCENT
  AVERAGE SKY COVER 0.9


WEATHER CONDITIONS
 THE FOLLOWING WEATHER WAS RECORDED YESTERDAY.
  HEAVY RAIN
  RAIN
  LIGHT RAIN
  FOG


RELATIVE HUMIDITY (PERCENT)
 HIGHEST   100          1000 AM
 LOWEST     81           300 AM
 AVERAGE    91

..........................................................


THE GRAND RAPIDS MI CLIMATE NORMALS FOR TODAY
                         NORMAL    RECORD    YEAR
 MAXIMUM TEMPERATURE (F)   75        94      1931
 MINIMUM TEMPERATURE (F)   55        32      1943


SUNRISE AND SUNSET
SEPTEMBER 11 2014.....SUNRISE   717 AM EDT   SUNSET   759 PM EDT
SEPTEMBER 12 2014.....SUNRISE   718 AM EDT   SUNSET   757 PM EDT


-  INDICATES NEGATIVE NUMBERS.
R  INDICATES RECORD WAS SET OR TIED.
MM INDICATES DATA IS MISSING.
T  INDICATES TRACE AMOUNT.




$$
