439
CDUS43 KGRR 230517
CLIGRR


CLIMATE REPORT
NATIONAL WEATHER SERVICE GRAND RAPIDS, MI
116 AM EDT THU MAR 23 2017


...................................

...THE GRAND RAPIDS MI CLIMATE SUMMARY FOR MARCH 22 2017...

CLIMATE NORMAL PERIOD 1981 TO 2010
CLIMATE RECORD PERIOD 1892 TO 2017


WEATHER ITEM   OBSERVED TIME   RECORD YEAR NORMAL DEPARTURE LAST
                VALUE   (LST)  VALUE       VALUE  FROM      YEAR
                                                  NORMAL
..................................................................
TEMPERATURE (F)
 YESTERDAY
  MAXIMUM         37    458 PM  85    2012  47    -10       57
  MINIMUM         18    621 AM   6    1906  29    -11       33
  AVERAGE         28                        38    -10       45

PRECIPITATION (IN)
  YESTERDAY        0.00          0.79 1955   0.08  -0.08     0.00
  MONTH TO DATE    1.10                      1.61  -0.51     2.20
  SINCE MAR 1      1.10                      1.61  -0.51     2.20
  SINCE JAN 1      6.66                      5.49   1.17     7.13

SNOWFALL (IN)
  YESTERDAY        0.0           6.3  1965   0.2   -0.2      0.0
  MONTH TO DATE    4.7                       6.9   -2.2     10.1
  SINCE MAR 1      4.7                       6.9   -2.2     10.1
  SINCE JUL 1     59.7                      71.7  -12.0     51.7
  SNOW DEPTH       0

DEGREE DAYS
 HEATING
  YESTERDAY       37                        27     10       20
  MONTH TO DATE  723                       684     39      555
  SINCE MAR 1    723                       684     39      555
  SINCE JUL 1   4777                      5461   -684     4632

 COOLING
  YESTERDAY        0                         0      0        0
  MONTH TO DATE    0                         0      0        0
  SINCE MAR 1      0                         0      0        0
  SINCE JAN 1      0                         0      0        0
..................................................................


WIND (MPH)
  RESULTANT WIND SPEED   3   RESULTANT WIND DIRECTION  NE (60)
  HIGHEST WIND SPEED    18   HIGHEST WIND DIRECTION     N (10)
  HIGHEST GUST SPEED    24   HIGHEST GUST DIRECTION     N (10)
  AVERAGE WIND SPEED     7.0


SKY COVER
  POSSIBLE SUNSHINE  96 PERCENT
  AVERAGE SKY COVER 0.2


WEATHER CONDITIONS
 THE FOLLOWING WEATHER WAS RECORDED YESTERDAY.
  NO SIGNIFICANT WEATHER WAS OBSERVED.


RELATIVE HUMIDITY (PERCENT)
 HIGHEST    62           400 AM
 LOWEST     35           200 PM
 AVERAGE    49

..........................................................


THE GRAND RAPIDS MI CLIMATE NORMALS FOR TODAY
                         NORMAL    RECORD    YEAR
 MAXIMUM TEMPERATURE (F)   48        74      1907
 MINIMUM TEMPERATURE (F)   29         4      1983


SUNRISE AND SUNSET
MARCH 23 2017.........SUNRISE   740 AM EDT   SUNSET   758 PM EDT
MARCH 24 2017.........SUNRISE   738 AM EDT   SUNSET   759 PM EDT


-  INDICATES NEGATIVE NUMBERS.
R  INDICATES RECORD WAS SET OR TIED.
MM INDICATES DATA IS MISSING.
T  INDICATES TRACE AMOUNT.




$$
