000
CDUS43 KGRR 160540
CLIGRR


CLIMATE REPORT
NATIONAL WEATHER SERVICE GRAND RAPIDS, MI
138 AM EDT WED JUL 16 2014


...................................

...THE GRAND RAPIDS MI CLIMATE SUMMARY FOR JULY 15 2014...

CLIMATE NORMAL PERIOD 1981 TO 2010
CLIMATE RECORD PERIOD 1892 TO 2014


WEATHER ITEM   OBSERVED TIME   RECORD YEAR NORMAL DEPARTURE LAST
                VALUE   (LST)  VALUE       VALUE  FROM      YEAR
                                                  NORMAL
..................................................................
TEMPERATURE (F)
 YESTERDAY
  MAXIMUM         68    424 PM  95    2013  83    -15       95
                                      2006
                                      1995
  MINIMUM         56   1159 PM  47    1987  62     -6       71
  AVERAGE         62                        73    -11       83

PRECIPITATION (IN)
  YESTERDAY        0.08          2.17 1995   0.12  -0.04     0.83
  MONTH TO DATE    4.32                      1.79   2.53     1.34
  SINCE JUN 1      9.47                      5.56   3.91     5.86
  SINCE JAN 1     22.74                     19.14   3.60    28.55

SNOWFALL (IN)
  YESTERDAY        0.0           0.0  2006   0.0    0.0      0.0
                                      2005
                                      2004
  MONTH TO DATE    0.0                       0.0    0.0      0.0
  SINCE JUN 1      0.0                       0.0    0.0      0.0
  SINCE JUL 1      0.0                       0.0    0.0      0.0
  SNOW DEPTH       0

DEGREE DAYS
 HEATING
  YESTERDAY        3                         0      3        0
  MONTH TO DATE    4                         0      4        1
  SINCE JUN 1     17                        45    -28       41
  SINCE JUL 1      4                         0      4        1

 COOLING
  YESTERDAY        0                         8     -8       18
  MONTH TO DATE   65                       117    -52      135
  SINCE JUN 1    244                       262    -18      284
  SINCE JAN 1    297                       309    -12      366
..................................................................


WIND (MPH)
  RESULTANT WIND SPEED  10   RESULTANT WIND DIRECTION   W (290)
  HIGHEST WIND SPEED    22   HIGHEST WIND DIRECTION    NW (310)
  HIGHEST GUST SPEED    27   HIGHEST GUST DIRECTION    NW (300)
  AVERAGE WIND SPEED    10.7


SKY COVER
  POSSIBLE SUNSHINE  46 PERCENT
  AVERAGE SKY COVER 0.7


WEATHER CONDITIONS
 THE FOLLOWING WEATHER WAS RECORDED YESTERDAY.
  LIGHT RAIN
  FOG


RELATIVE HUMIDITY (PERCENT)
 HIGHEST    93           400 AM
 LOWEST     63           500 PM
 AVERAGE    78

..........................................................


THE GRAND RAPIDS MI CLIMATE NORMALS FOR TODAY
                         NORMAL    RECORD    YEAR
 MAXIMUM TEMPERATURE (F)   83        97      2012
                                             1894
 MINIMUM TEMPERATURE (F)   62        42      1945


SUNRISE AND SUNSET
JULY 16 2014..........SUNRISE   618 AM EDT   SUNSET   918 PM EDT
JULY 17 2014..........SUNRISE   619 AM EDT   SUNSET   917 PM EDT


-  INDICATES NEGATIVE NUMBERS.
R  INDICATES RECORD WAS SET OR TIED.
MM INDICATES DATA IS MISSING.
T  INDICATES TRACE AMOUNT.




$$
