761
CDUS43 KGRR 101337
CLIGRR


CLIMATE REPORT
NATIONAL WEATHER SERVICE GRAND RAPIDS, MI
936 AM EDT SUN MAY 10 2015


...................................

...THE GRAND RAPIDS MI CLIMATE SUMMARY FOR MAY 10 2015...
VALID AS OF 0900 AM LOCAL TIME.

CLIMATE NORMAL PERIOD 1981 TO 2010
CLIMATE RECORD PERIOD 1892 TO 2015


WEATHER ITEM   OBSERVED TIME   RECORD YEAR NORMAL DEPARTURE LAST
                VALUE   (LST)  VALUE       VALUE  FROM      YEAR
                                                  NORMAL
..................................................................
TEMPERATURE (F)
 TODAY
  MAXIMUM         62   1224 AM  89    1896  68     -6       67
  MINIMUM         57    759 AM  22    1966  46     11       46
  AVERAGE         60                        57      3       57

PRECIPITATION (IN)
  TODAY            0.38          3.53 1981   0.13   0.25     0.00
  MONTH TO DATE    1.40                      1.25   0.15     1.77
  SINCE MAR 1      6.52                      6.97  -0.45     5.93
  SINCE JAN 1      9.56                     10.85  -1.29    11.73

SNOWFALL (IN)
  TODAY            0.0           5.5  1902   0.0    0.0      0.0
  MONTH TO DATE    0.0                       0.0    0.0      0.0
  SINCE MAR 1      3.3                      10.1   -6.8      8.2
  SINCE JUL 1     78.1                      74.9    3.2    116.0
  SNOW DEPTH       0

DEGREE DAYS
 HEATING
  TODAY            5                         9     -4        8
  MONTH TO DATE   32                       103    -71      114
  SINCE MAR 1   1547                      1531     16     1814
  SINCE JUL 1   6849                      6308    541     7095

 COOLING
  TODAY            0                         1     -1        0
  MONTH TO DATE   17                         6     11        4
  SINCE MAR 1     17                        14      3        6
  SINCE JAN 1     17                        14      3        6
..................................................................


WIND (MPH)
  RESULTANT WIND SPEED  11   RESULTANT WIND DIRECTION   E (80)
  HIGHEST WIND SPEED    18   HIGHEST WIND DIRECTION     E (90)
  HIGHEST GUST SPEED    22   HIGHEST GUST DIRECTION     E (90)
  AVERAGE WIND SPEED    11.5


SKY COVER
  AVERAGE SKY COVER 1.0


WEATHER CONDITIONS
 THE FOLLOWING WEATHER WAS RECORDED TODAY.
  HEAVY RAIN
  RAIN
  LIGHT RAIN
  FOG


RELATIVE HUMIDITY (PERCENT)
 HIGHEST    97           100 AM
 LOWEST     90           200 AM
 AVERAGE    94

..........................................................


THE GRAND RAPIDS MI CLIMATE NORMALS FOR TOMORROW
                         NORMAL    RECORD    YEAR
 MAXIMUM TEMPERATURE (F)   68        89      1922
                                             1896
 MINIMUM TEMPERATURE (F)   46        28      1907


SUNRISE AND SUNSET
MAY 10 2015...........SUNRISE   625 AM EDT   SUNSET   853 PM EDT
MAY 11 2015...........SUNRISE   624 AM EDT   SUNSET   854 PM EDT


-  INDICATES NEGATIVE NUMBERS.
R  INDICATES RECORD WAS SET OR TIED.
MM INDICATES DATA IS MISSING.
T  INDICATES TRACE AMOUNT.




$$
