000
CDUS43 KGRR 170519
CLIGRR


CLIMATE REPORT
NATIONAL WEATHER SERVICE GRAND RAPIDS, MI
1218 AM EST FRI NOV 17 2017


...................................

...THE GRAND RAPIDS MI CLIMATE SUMMARY FOR NOVEMBER 16 2017...

CLIMATE NORMAL PERIOD 1981 TO 2010
CLIMATE RECORD PERIOD 1892 TO 2017


WEATHER ITEM   OBSERVED TIME   RECORD YEAR NORMAL DEPARTURE LAST
                VALUE   (LST)  VALUE       VALUE  FROM      YEAR
                                                  NORMAL
..................................................................
TEMPERATURE (F)
 YESTERDAY
  MAXIMUM         42    336 PM  68    1896  47     -5       51
  MINIMUM         28   1133 PM  11    1933  33     -5       34
  AVERAGE         35                        40     -5       43

PRECIPITATION (IN)
  YESTERDAY        T             1.34 1909   0.12  -0.12     0.00
  MONTH TO DATE    1.58                      1.93  -0.35     1.35
  SINCE SEP 1     11.93                      9.47   2.46     9.90
  SINCE JAN 1     36.25                     34.19   2.06    41.44

SNOWFALL (IN)
  YESTERDAY        T             5.0  2005   0.2   -0.2      0.0
  MONTH TO DATE    0.2                       2.3   -2.1      0.0
  SINCE SEP 1      0.6                       2.8   -2.2      0.0
  SINCE JUL 1      0.6                       2.8   -2.2      0.0
  SNOW DEPTH       0

DEGREE DAYS
 HEATING
  YESTERDAY       30                        25      5       22
  MONTH TO DATE  424                       353     71      243
  SINCE SEP 1    815                       925   -110      611
  SINCE JUL 1    831                       945   -114      611

 COOLING
  YESTERDAY        0                         0      0        0
  MONTH TO DATE    0                         0      0        0
  SINCE SEP 1    147                        74     73      105
  SINCE JAN 1    719                       699     20      936
..................................................................


WIND (MPH)
  RESULTANT WIND SPEED  13   RESULTANT WIND DIRECTION  NW (300)
  HIGHEST WIND SPEED    28   HIGHEST WIND DIRECTION     W (290)
  HIGHEST GUST SPEED    33   HIGHEST GUST DIRECTION     W (280)
  AVERAGE WIND SPEED    12.4


SKY COVER
  POSSIBLE SUNSHINE  11 PERCENT
  AVERAGE SKY COVER 0.8


WEATHER CONDITIONS
 THE FOLLOWING WEATHER WAS RECORDED YESTERDAY.
  FOG


RELATIVE HUMIDITY (PERCENT)
 HIGHEST   100          1100 PM
 LOWEST     70          1200 PM
 AVERAGE    85

..........................................................


THE GRAND RAPIDS MI CLIMATE NORMALS FOR TODAY
                         NORMAL    RECORD    YEAR
 MAXIMUM TEMPERATURE (F)   47        70      1958
                                             1953
 MINIMUM TEMPERATURE (F)   33         9      1959


SUNRISE AND SUNSET
NOVEMBER 17 2017......SUNRISE   737 AM EST   SUNSET   517 PM EST
NOVEMBER 18 2017......SUNRISE   738 AM EST   SUNSET   516 PM EST


-  INDICATES NEGATIVE NUMBERS.
R  INDICATES RECORD WAS SET OR TIED.
MM INDICATES DATA IS MISSING.
T  INDICATES TRACE AMOUNT.




$$
