000
CDUS43 KGRR 122127
CLIGRR


CLIMATE REPORT
NATIONAL WEATHER SERVICE GRAND RAPIDS, MI
525 PM EDT MON JUN 12 2017


...................................

...THE GRAND RAPIDS MI CLIMATE SUMMARY FOR JUNE 12 2017...
VALID TODAY AS OF 0500 PM LOCAL TIME.

CLIMATE NORMAL PERIOD 1981 TO 2010
CLIMATE RECORD PERIOD 1892 TO 2017


WEATHER ITEM   OBSERVED TIME   RECORD YEAR NORMAL DEPARTURE LAST
                VALUE   (LST)  VALUE       VALUE  FROM      YEAR
                                                  NORMAL
..................................................................
TEMPERATURE (F)
 TODAY
  MAXIMUM         93    353 PM  96    1901  78     15       81
  MINIMUM         69    542 AM  38    1903  57     12       57
  AVERAGE         81                        68     13       69

PRECIPITATION (IN)
  TODAY            0.00          1.89 1996   0.13  -0.13     0.00
  MONTH TO DATE    0.24                      1.54  -1.30     0.52
  SINCE JUN 1      0.24                      1.54  -1.30     0.52
  SINCE JAN 1     16.84                     15.12   1.72    17.32

SNOWFALL (IN)
  TODAY            0.0           0.0  2007   0.0    0.0      0.0
                                      2006
                                      2005
  MONTH TO DATE    0.0                       0.0    0.0      0.0
  SINCE JUN 1      0.0                       0.0    0.0      0.0
  SINCE JUL 1     60.1                      74.9  -14.8     61.1
  SNOW DEPTH       0

DEGREE DAYS
 HEATING
  TODAY            0                         2     -2        0
  MONTH TO DATE    7                        31    -24       21
  SINCE JUN 1      7                        31    -24       21
  SINCE JUL 1   5620                      6471   -851     5617

 COOLING
  TODAY           16                         4     12        4
  MONTH TO DATE   60                        40     20       52
  SINCE JUN 1     60                        40     20       52
  SINCE JAN 1     90                        87      3      123
..................................................................


WIND (MPH)
  RESULTANT WIND SPEED  13   RESULTANT WIND DIRECTION  SW (220)
  HIGHEST WIND SPEED    24   HIGHEST WIND DIRECTION    SW (230)
  HIGHEST GUST SPEED    31   HIGHEST GUST DIRECTION    SW (220)
  AVERAGE WIND SPEED    13.9


SKY COVER
  AVERAGE SKY COVER 0.3


WEATHER CONDITIONS
 THE FOLLOWING WEATHER WAS RECORDED TODAY.
  NO SIGNIFICANT WEATHER WAS OBSERVED.


RELATIVE HUMIDITY (PERCENT)
 HIGHEST    73           500 AM
 LOWEST     36           400 PM
 AVERAGE    55

..........................................................


THE GRAND RAPIDS MI CLIMATE NORMALS FOR TOMORROW
                         NORMAL    RECORD    YEAR
 MAXIMUM TEMPERATURE (F)   79        95      1894
 MINIMUM TEMPERATURE (F)   57        39      1985


SUNRISE AND SUNSET
JUNE 12 2017..........SUNRISE   603 AM EDT   SUNSET   921 PM EDT
JUNE 13 2017..........SUNRISE   603 AM EDT   SUNSET   922 PM EDT


-  INDICATES NEGATIVE NUMBERS.
R  INDICATES RECORD WAS SET OR TIED.
MM INDICATES DATA IS MISSING.
T  INDICATES TRACE AMOUNT.




$$

63
