000
CDUS43 KGRR 270517
CLIGRR


CLIMATE REPORT
NATIONAL WEATHER SERVICE GRAND RAPIDS, MI
116 AM EDT WED MAY 27 2015


...................................

...THE GRAND RAPIDS MI CLIMATE SUMMARY FOR MAY 26 2015...

CLIMATE NORMAL PERIOD 1981 TO 2010
CLIMATE RECORD PERIOD 1892 TO 2015


WEATHER ITEM   OBSERVED TIME   RECORD YEAR NORMAL DEPARTURE LAST
                VALUE   (LST)  VALUE       VALUE  FROM      YEAR
                                                  NORMAL
..................................................................
TEMPERATURE (F)
 YESTERDAY
  MAXIMUM         80    208 PM  90    2010  73      7       84
  MINIMUM         64    351 AM  34    1974  51     13       57
                                      1897
  AVERAGE         72                        62     10       71

PRECIPITATION (IN)
  YESTERDAY        0.27          1.19 1940   0.12   0.15     0.00
  MONTH TO DATE    2.57                      3.35  -0.78     3.31
  SINCE MAR 1      7.69                      9.07  -1.38     7.47
  SINCE JAN 1     10.73                     12.95  -2.22    13.27

SNOWFALL (IN)
  YESTERDAY        0.0           T    1961   0.0    0.0      0.0
  MONTH TO DATE    0.0                       0.0    0.0      0.0
  SINCE MAR 1      3.3                      10.1   -6.8      8.2
  SINCE JUL 1     78.1                      74.9    3.2    116.0
  SNOW DEPTH       0

DEGREE DAYS
 HEATING
  YESTERDAY        0                         5     -5        0
  MONTH TO DATE  153                       213    -60      218
  SINCE MAR 1   1668                      1641     27     1918
  SINCE JUL 1   6970                      6418    552     7199

 COOLING
  YESTERDAY        7                         2      5        6
  MONTH TO DATE   42                        27     15       27
  SINCE MAR 1     42                        35      7       29
  SINCE JAN 1     42                        35      7       29
..................................................................


WIND (MPH)
  RESULTANT WIND SPEED  11   RESULTANT WIND DIRECTION   S (190)
  HIGHEST WIND SPEED    21   HIGHEST WIND DIRECTION    SE (140)
  HIGHEST GUST SPEED    25   HIGHEST GUST DIRECTION    SW (210)
  AVERAGE WIND SPEED    11.5


SKY COVER
  POSSIBLE SUNSHINE  33 PERCENT
  AVERAGE SKY COVER 0.7


WEATHER CONDITIONS
 THE FOLLOWING WEATHER WAS RECORDED YESTERDAY.
  THUNDERSTORM
  HEAVY RAIN
  RAIN
  LIGHT RAIN
  FOG
  HAZE


RELATIVE HUMIDITY (PERCENT)
 HIGHEST    93           400 AM
 LOWEST     58           200 PM
 AVERAGE    76

..........................................................


THE GRAND RAPIDS MI CLIMATE NORMALS FOR TODAY
                         NORMAL    RECORD    YEAR
 MAXIMUM TEMPERATURE (F)   73        92      1911
 MINIMUM TEMPERATURE (F)   51        30      1961


SUNRISE AND SUNSET
MAY 27 2015...........SUNRISE   609 AM EDT   SUNSET   910 PM EDT
MAY 28 2015...........SUNRISE   608 AM EDT   SUNSET   911 PM EDT


-  INDICATES NEGATIVE NUMBERS.
R  INDICATES RECORD WAS SET OR TIED.
MM INDICATES DATA IS MISSING.
T  INDICATES TRACE AMOUNT.




$$
