599
CDUS43 KGRR 070604
CLIGRR


CLIMATE REPORT
NATIONAL WEATHER SERVICE GRAND RAPIDS, MI
104 AM EST WED DEC 7 2016


...................................

...THE GRAND RAPIDS MI CLIMATE SUMMARY FOR DECEMBER 6 2016...

CLIMATE NORMAL PERIOD 1981 TO 2010
CLIMATE RECORD PERIOD 1892 TO 2016


WEATHER ITEM   OBSERVED TIME   RECORD YEAR NORMAL DEPARTURE LAST
                VALUE   (LST)  VALUE       VALUE  FROM      YEAR
                                                  NORMAL
..................................................................
TEMPERATURE (F)
 YESTERDAY
  MAXIMUM         39    530 PM  63    1951  38      1       51
  MINIMUM         27    233 AM   0    1964  26      1       28
  AVERAGE         33                        32      1       40

PRECIPITATION (IN)
  YESTERDAY        0.00          0.93 1966   0.09  -0.09     0.00
  MONTH TO DATE    0.58                      0.55   0.03     0.10
  SINCE DEC 1      0.58                      0.55   0.03     0.10
  SINCE JAN 1     43.91                     36.32   7.59    29.88

SNOWFALL (IN)
  YESTERDAY        0.0           7.0  1919   0.6   -0.6      0.0
  MONTH TO DATE    5.6                       3.3    2.3       T
  SINCE DEC 1      5.6                       3.3    2.3       T
  SINCE JUL 1      6.4                      10.6   -4.2      3.5
  SNOW DEPTH       1

DEGREE DAYS
 HEATING
  YESTERDAY       32                        33     -1       25
  MONTH TO DATE  180                       192    -12      157
  SINCE DEC 1    180                       192    -12      157
  SINCE JUL 1   1128                      1530   -402     1215

 COOLING
  YESTERDAY        0                         0      0        0
  MONTH TO DATE    0                         0      0        0
  SINCE DEC 1      0                         0      0        0
  SINCE JAN 1    936                       699    237      642
..................................................................


WIND (MPH)
  RESULTANT WIND SPEED   2   RESULTANT WIND DIRECTION  SE (130)
  HIGHEST WIND SPEED    26   HIGHEST WIND DIRECTION     W (270)
  HIGHEST GUST SPEED    34   HIGHEST GUST DIRECTION     W (280)
  AVERAGE WIND SPEED    10.2


SKY COVER
  POSSIBLE SUNSHINE   4 PERCENT
  AVERAGE SKY COVER 0.6


WEATHER CONDITIONS
 THE FOLLOWING WEATHER WAS RECORDED YESTERDAY.
  FOG
  HAZE


RELATIVE HUMIDITY (PERCENT)
 HIGHEST    92           100 AM
 LOWEST     64          1100 PM
 AVERAGE    78

..........................................................


THE GRAND RAPIDS MI CLIMATE NORMALS FOR TODAY
                         NORMAL    RECORD    YEAR
 MAXIMUM TEMPERATURE (F)   37        62      1946
 MINIMUM TEMPERATURE (F)   26        -4      1972


SUNRISE AND SUNSET
DECEMBER  7 2016......SUNRISE   800 AM EST   SUNSET   508 PM EST
DECEMBER  8 2016......SUNRISE   801 AM EST   SUNSET   508 PM EST


-  INDICATES NEGATIVE NUMBERS.
R  INDICATES RECORD WAS SET OR TIED.
MM INDICATES DATA IS MISSING.
T  INDICATES TRACE AMOUNT.




$$
