000
CDUS43 KGRR 300521
CLIGRR


CLIMATE REPORT
NATIONAL WEATHER SERVICE GRAND RAPIDS, MI
1221 AM EST SAT JAN 30 2016


...................................

...THE GRAND RAPIDS MI CLIMATE SUMMARY FOR JANUARY 29 2016...

CLIMATE NORMAL PERIOD 1981 TO 2010
CLIMATE RECORD PERIOD 1892 TO 2016


WEATHER ITEM   OBSERVED TIME   RECORD YEAR NORMAL DEPARTURE LAST
                VALUE   (LST)  VALUE       VALUE  FROM      YEAR
                                                  NORMAL
..................................................................
TEMPERATURE (F)
 YESTERDAY
  MAXIMUM         31   1159 PM  59    1914  31      0       33
  MINIMUM         21    924 AM -16    1966  18      3       23
  AVERAGE         26                        24      2       28

PRECIPITATION (IN)
  YESTERDAY        T             1.25 2013   0.06  -0.06     0.08
  MONTH TO DATE    1.94                      1.98  -0.04     1.87
  SINCE DEC 1      5.27                      4.48   0.79     3.44
  SINCE JAN 1      1.94                      1.98  -0.04     1.87

SNOWFALL (IN)
  YESTERDAY        T             7.5  1909   0.6   -0.6      0.5
  MONTH TO DATE   20.8                      19.5    1.3     23.2
  SINCE DEC 1     23.3                      41.4  -18.1     24.2
  SINCE JUL 1     26.8                      48.7  -21.9     55.2
  SNOW DEPTH       2

DEGREE DAYS
 HEATING
  YESTERDAY       39                        41     -2       37
  MONTH TO DATE 1148                      1180    -32     1265
  SINCE DEC 1   1945                      2291   -346     2284
  SINCE JUL 1   3003                      3629   -626     3780

 COOLING
  YESTERDAY        0                         0      0        0
  MONTH TO DATE    0                         0      0        0
  SINCE DEC 1      0                         0      0        0
  SINCE JAN 1      0                         0      0        0
..................................................................


WIND (MPH)
  RESULTANT WIND SPEED   5   RESULTANT WIND DIRECTION   W (280)
  HIGHEST WIND SPEED    24   HIGHEST WIND DIRECTION     N (340)
  HIGHEST GUST SPEED    28   HIGHEST GUST DIRECTION     N (350)
  AVERAGE WIND SPEED    10.2


SKY COVER
  POSSIBLE SUNSHINE  72 PERCENT
  AVERAGE SKY COVER 0.8


WEATHER CONDITIONS
 THE FOLLOWING WEATHER WAS RECORDED YESTERDAY.
  LIGHT SNOW


RELATIVE HUMIDITY (PERCENT)
 HIGHEST    75           700 PM
 LOWEST     55          1100 AM
 AVERAGE    65

..........................................................


THE GRAND RAPIDS MI CLIMATE NORMALS FOR TODAY
                         NORMAL    RECORD    YEAR
 MAXIMUM TEMPERATURE (F)   31        54      2013
 MINIMUM TEMPERATURE (F)   18       -22      1951


SUNRISE AND SUNSET
JANUARY 30 2016.......SUNRISE   759 AM EST   SUNSET   552 PM EST
JANUARY 31 2016.......SUNRISE   758 AM EST   SUNSET   553 PM EST


-  INDICATES NEGATIVE NUMBERS.
R  INDICATES RECORD WAS SET OR TIED.
MM INDICATES DATA IS MISSING.
T  INDICATES TRACE AMOUNT.




$$
