000
CDUS43 KGRR 120523
CLIGRR


CLIMATE REPORT
NATIONAL WEATHER SERVICE GRAND RAPIDS, MI
122 AM EDT MON SEP 12 2016


...................................

...THE GRAND RAPIDS MI CLIMATE SUMMARY FOR SEPTEMBER 11 2016...

CLIMATE NORMAL PERIOD 1981 TO 2010
CLIMATE RECORD PERIOD 1892 TO 2016


WEATHER ITEM   OBSERVED TIME   RECORD YEAR NORMAL DEPARTURE LAST
                VALUE   (LST)  VALUE       VALUE  FROM      YEAR
                                                  NORMAL
..................................................................
TEMPERATURE (F)
 YESTERDAY
  MAXIMUM         74    312 PM  94    1931  75     -1       69
  MINIMUM         53    709 AM  32    1943  55     -2       52
  AVERAGE         64                        65     -1       61

PRECIPITATION (IN)
  YESTERDAY        0.00          3.21 1986   0.14  -0.14     0.01
  MONTH TO DATE    0.88                      1.51  -0.63     1.73
  SINCE SEP 1      0.88                      1.51  -0.63     1.73
  SINCE JAN 1     32.42                     26.23   6.19    23.37

SNOWFALL (IN)
  YESTERDAY        0.0           0.0    MM   0.0    0.0      0.0
  MONTH TO DATE    0.0                       0.0    0.0      0.0
  SINCE SEP 1      0.0                       0.0    0.0      0.0
  SINCE JUL 1      0.0                       0.0    0.0      0.0
  SNOW DEPTH       0

DEGREE DAYS
 HEATING
  YESTERDAY        1                         3     -2        4
  MONTH TO DATE    4                        22    -18        5
  SINCE SEP 1      4                        22    -18        5
  SINCE JUL 1      4                        42    -38       34

 COOLING
  YESTERDAY        0                         3     -3        0
  MONTH TO DATE   61                        38     23       95
  SINCE SEP 1     61                        38     23       95
  SINCE JAN 1    892                       663    229      602
..................................................................


WIND (MPH)
  RESULTANT WIND SPEED   3   RESULTANT WIND DIRECTION  SW (240)
  HIGHEST WIND SPEED    13   HIGHEST WIND DIRECTION     W (260)
  HIGHEST GUST SPEED    17   HIGHEST GUST DIRECTION     W (260)
  AVERAGE WIND SPEED     4.5


SKY COVER
  POSSIBLE SUNSHINE  94 PERCENT
  AVERAGE SKY COVER 0.2


WEATHER CONDITIONS
 THE FOLLOWING WEATHER WAS RECORDED YESTERDAY.
  FOG


RELATIVE HUMIDITY (PERCENT)
 HIGHEST    93           200 AM
 LOWEST     38           300 PM
 AVERAGE    66

..........................................................


THE GRAND RAPIDS MI CLIMATE NORMALS FOR TODAY
                         NORMAL    RECORD    YEAR
 MAXIMUM TEMPERATURE (F)   75        95      1952
 MINIMUM TEMPERATURE (F)   54        37      1964


SUNRISE AND SUNSET
SEPTEMBER 12 2016.....SUNRISE   719 AM EDT   SUNSET   756 PM EDT
SEPTEMBER 13 2016.....SUNRISE   720 AM EDT   SUNSET   755 PM EDT


-  INDICATES NEGATIVE NUMBERS.
R  INDICATES RECORD WAS SET OR TIED.
MM INDICATES DATA IS MISSING.
T  INDICATES TRACE AMOUNT.




$$
