000
CDUS43 KGRR 090522
CLIGRR


CLIMATE REPORT
NATIONAL WEATHER SERVICE GRAND RAPIDS, MI
122 AM EDT TUE SEP 9 2014


...................................

...THE GRAND RAPIDS MI CLIMATE SUMMARY FOR SEPTEMBER 8 2014...

CLIMATE NORMAL PERIOD 1981 TO 2010
CLIMATE RECORD PERIOD 1892 TO 2014


WEATHER ITEM   OBSERVED TIME   RECORD YEAR NORMAL DEPARTURE LAST
                VALUE   (LST)  VALUE       VALUE  FROM      YEAR
                                                  NORMAL
..................................................................
TEMPERATURE (F)
 YESTERDAY
  MAXIMUM         77    304 PM  95    1960  76      1       78
                                      1922
                                      1897
  MINIMUM         54    625 AM  36    1951  56     -2       62
  AVERAGE         66                        66      0       70

PRECIPITATION (IN)
  YESTERDAY        0.00          2.27 1989   0.14  -0.14     0.00
  MONTH TO DATE    1.19                      1.09   0.10     0.01
  SINCE SEP 1      1.19                      1.09   0.10     0.01
  SINCE JAN 1     27.71                     25.81   1.90    32.33

SNOWFALL (IN)
  YESTERDAY        0.0           0.0    MM   0.0    0.0      0.0
  MONTH TO DATE    0.0                       0.0    0.0      0.0
  SINCE SEP 1      0.0                       0.0    0.0      0.0
  SINCE JUL 1      0.0                       0.0    0.0      0.0
  SNOW DEPTH       0

DEGREE DAYS
 HEATING
  YESTERDAY        0                         2     -2        0
  MONTH TO DATE    0                        14    -14        2
  SINCE SEP 1      0                        14    -14        2
  SINCE JUL 1     19                        34    -15       28

 COOLING
  YESTERDAY        1                         3     -2        5
  MONTH TO DATE   42                        29     13       32
  SINCE SEP 1     42                        29     13       32
  SINCE JAN 1    602                       654    -52      702
..................................................................


WIND (MPH)
  RESULTANT WIND SPEED   6   RESULTANT WIND DIRECTION  SE (140)
  HIGHEST WIND SPEED    13   HIGHEST WIND DIRECTION    SE (150)
  HIGHEST GUST SPEED    18   HIGHEST GUST DIRECTION    NE (60)
  AVERAGE WIND SPEED     6.2


SKY COVER
  POSSIBLE SUNSHINE  98 PERCENT
  AVERAGE SKY COVER 0.5


WEATHER CONDITIONS
 THE FOLLOWING WEATHER WAS RECORDED YESTERDAY.
  NO SIGNIFICANT WEATHER WAS OBSERVED.


RELATIVE HUMIDITY (PERCENT)
 HIGHEST    93           100 AM
 LOWEST     36           300 PM
 AVERAGE    65

..........................................................


THE GRAND RAPIDS MI CLIMATE NORMALS FOR TODAY
                         NORMAL    RECORD    YEAR
 MAXIMUM TEMPERATURE (F)   76        95      1897
 MINIMUM TEMPERATURE (F)   55        37      1975


SUNRISE AND SUNSET
SEPTEMBER  9 2014.....SUNRISE   715 AM EDT   SUNSET   803 PM EDT
SEPTEMBER 10 2014.....SUNRISE   716 AM EDT   SUNSET   801 PM EDT


-  INDICATES NEGATIVE NUMBERS.
R  INDICATES RECORD WAS SET OR TIED.
MM INDICATES DATA IS MISSING.
T  INDICATES TRACE AMOUNT.




$$
