000
CDUS43 KGRR 240515
CLIGRR


CLIMATE REPORT
NATIONAL WEATHER SERVICE GRAND RAPIDS, MI
115 AM EDT WED SEP 24 2014


...................................

...THE GRAND RAPIDS MI CLIMATE SUMMARY FOR SEPTEMBER 23 2014...

CLIMATE NORMAL PERIOD 1981 TO 2010
CLIMATE RECORD PERIOD 1892 TO 2014


WEATHER ITEM   OBSERVED TIME   RECORD YEAR NORMAL DEPARTURE LAST
                VALUE   (LST)  VALUE       VALUE  FROM      YEAR
                                                  NORMAL
..................................................................
TEMPERATURE (F)
 YESTERDAY
  MAXIMUM         74    342 PM  90    1937  70      4       65
  MINIMUM         45    703 AM  28    1974  50     -5       38
  AVERAGE         60                        60      0       52

PRECIPITATION (IN)
  YESTERDAY        0.00          2.13 2000   0.15  -0.15     0.00
  MONTH TO DATE    3.08                      3.31  -0.23     1.00
  SINCE SEP 1      3.08                      3.31  -0.23     1.00
  SINCE JAN 1     29.60                     28.03   1.57    33.32

SNOWFALL (IN)
  YESTERDAY        0.0           0.0    MM   0.0    0.0      0.0
  MONTH TO DATE    0.0                       0.0    0.0      0.0
  SINCE SEP 1      0.0                       0.0    0.0      0.0
  SINCE JUL 1      0.0                       0.0    0.0      0.0
  SNOW DEPTH       0

DEGREE DAYS
 HEATING
  YESTERDAY        5                         6     -1       13
  MONTH TO DATE  112                        77     35       85
  SINCE SEP 1    112                        77     35       85
  SINCE JUL 1    131                        97     34      111

 COOLING
  YESTERDAY        0                         1     -1        0
  MONTH TO DATE   50                        60    -10       82
  SINCE SEP 1     50                        60    -10       82
  SINCE JAN 1    610                       685    -75      752
..................................................................


WIND (MPH)
  RESULTANT WIND SPEED   2   RESULTANT WIND DIRECTION  SW (240)
  HIGHEST WIND SPEED    12   HIGHEST WIND DIRECTION     W (270)
  HIGHEST GUST SPEED    15   HIGHEST GUST DIRECTION     W (280)
  AVERAGE WIND SPEED     4.1


SKY COVER
  POSSIBLE SUNSHINE 100 PERCENT
  AVERAGE SKY COVER 0.1


WEATHER CONDITIONS
 THE FOLLOWING WEATHER WAS RECORDED YESTERDAY.
  NO SIGNIFICANT WEATHER WAS OBSERVED.


RELATIVE HUMIDITY (PERCENT)
 HIGHEST    93           100 AM
 LOWEST     49           400 PM
 AVERAGE    71

..........................................................


THE GRAND RAPIDS MI CLIMATE NORMALS FOR TODAY
                         NORMAL    RECORD    YEAR
 MAXIMUM TEMPERATURE (F)   70        91      2007
 MINIMUM TEMPERATURE (F)   49        29      1976
                                             1950


SUNRISE AND SUNSET
SEPTEMBER 24 2014.....SUNRISE   731 AM EDT   SUNSET   736 PM EDT
SEPTEMBER 25 2014.....SUNRISE   733 AM EDT   SUNSET   734 PM EDT


-  INDICATES NEGATIVE NUMBERS.
R  INDICATES RECORD WAS SET OR TIED.
MM INDICATES DATA IS MISSING.
T  INDICATES TRACE AMOUNT.




$$
