000
CDUS43 KGRR 030518
CLIGRR


CLIMATE REPORT
NATIONAL WEATHER SERVICE GRAND RAPIDS, MI
1217 AM EST WED FEB 3 2016


...................................

...THE GRAND RAPIDS MI CLIMATE SUMMARY FOR FEBRUARY 2 2016...

CLIMATE NORMAL PERIOD 1981 TO 2010
CLIMATE RECORD PERIOD 1892 TO 2016


WEATHER ITEM   OBSERVED TIME   RECORD YEAR NORMAL DEPARTURE LAST
                VALUE   (LST)  VALUE       VALUE  FROM      YEAR
                                                  NORMAL
..................................................................
TEMPERATURE (F)
 YESTERDAY
  MAXIMUM         36    239 PM  48    1903  31      5       19
  MINIMUM         24    457 AM -11    1971  18      6        3
  AVERAGE         30                        25      5       11

PRECIPITATION (IN)
  YESTERDAY        1.55R         0.62 2011   0.06   1.49     0.02
  MONTH TO DATE    1.55                      0.11   1.44     0.67
  SINCE DEC 1      7.03                      4.70   2.33     4.11
  SINCE JAN 1      3.70                      2.20   1.50     2.54

SNOWFALL (IN)
  YESTERDAY        T            11.1  2011   0.6   -0.6      0.3
  MONTH TO DATE    T                         1.2   -1.2      9.1
  SINCE DEC 1     23.3                      43.9  -20.6     33.3
  SINCE JUL 1     26.8                      51.2  -24.4     64.3
  SNOW DEPTH       T

DEGREE DAYS
 HEATING
  YESTERDAY       35                        40     -5       54
  MONTH TO DATE   65                        80    -15       98
  SINCE DEC 1   2062                      2449   -387     2465
  SINCE JUL 1   3120                      3787   -667     3961

 COOLING
  YESTERDAY        0                         0      0        0
  MONTH TO DATE    0                         0      0        0
  SINCE DEC 1      0                         0      0        0
  SINCE JAN 1      0                         0      0        0
..................................................................


WIND (MPH)
  RESULTANT WIND SPEED  11   RESULTANT WIND DIRECTION   E (80)
  HIGHEST WIND SPEED    30   HIGHEST WIND DIRECTION     E (80)
  HIGHEST GUST SPEED    39   HIGHEST GUST DIRECTION     E (70)
  AVERAGE WIND SPEED    14.0


SKY COVER
  POSSIBLE SUNSHINE   0 PERCENT
  AVERAGE SKY COVER 0.7


WEATHER CONDITIONS
 THE FOLLOWING WEATHER WAS RECORDED YESTERDAY.
  THUNDERSTORM
  HEAVY RAIN
  RAIN
  LIGHT RAIN
  HAIL
  SLEET
  FOG


RELATIVE HUMIDITY (PERCENT)
 HIGHEST   100           900 PM
 LOWEST     82           600 PM
 AVERAGE    91

..........................................................


THE GRAND RAPIDS MI CLIMATE NORMALS FOR TODAY
                         NORMAL    RECORD    YEAR
 MAXIMUM TEMPERATURE (F)   31        54      1991
 MINIMUM TEMPERATURE (F)   18       -17      1996


SUNRISE AND SUNSET
FEBRUARY  3 2016......SUNRISE   755 AM EST   SUNSET   557 PM EST
FEBRUARY  4 2016......SUNRISE   754 AM EST   SUNSET   558 PM EST


-  INDICATES NEGATIVE NUMBERS.
R  INDICATES RECORD WAS SET OR TIED.
MM INDICATES DATA IS MISSING.
T  INDICATES TRACE AMOUNT.




$$

JAM
