000
CDUS43 KGRR 190513
CLIGRR


CLIMATE REPORT
NATIONAL WEATHER SERVICE GRAND RAPIDS, MI
113 AM EDT SAT JUL 19 2014


...................................

...THE GRAND RAPIDS MI CLIMATE SUMMARY FOR JULY 18 2014...

CLIMATE NORMAL PERIOD 1981 TO 2010
CLIMATE RECORD PERIOD 1892 TO 2014


WEATHER ITEM   OBSERVED TIME   RECORD YEAR NORMAL DEPARTURE LAST
                VALUE   (LST)  VALUE       VALUE  FROM      YEAR
                                                  NORMAL
..................................................................
TEMPERATURE (F)
 YESTERDAY
  MAXIMUM         78    403 PM 101    1894  83     -5       95
  MINIMUM         52    548 AM  47    1924  62    -10       76
  AVERAGE         65                        73     -8       86

PRECIPITATION (IN)
  YESTERDAY        0.00          2.15 1969   0.13  -0.13     0.00
  MONTH TO DATE    4.32                      2.18   2.14     1.34
  SINCE JUN 1      9.47                      5.95   3.52     5.86
  SINCE JAN 1     22.74                     19.53   3.21    28.55

SNOWFALL (IN)
  YESTERDAY        0.0           0.0  2006   0.0    0.0      0.0
                                      2005
                                      2004
  MONTH TO DATE    0.0                       0.0    0.0      0.0
  SINCE JUN 1      0.0                       0.0    0.0      0.0
  SINCE JUL 1      0.0                       0.0    0.0      0.0
  SNOW DEPTH       0

DEGREE DAYS
 HEATING
  YESTERDAY        0                         0      0        0
  MONTH TO DATE    7                         0      7        1
  SINCE JUN 1     20                        45    -25       41
  SINCE JUL 1      7                         0      7        1

 COOLING
  YESTERDAY        0                         8     -8       21
  MONTH TO DATE   65                       141    -76      195
  SINCE JUN 1    244                       286    -42      344
  SINCE JAN 1    297                       333    -36      426
..................................................................


WIND (MPH)
  RESULTANT WIND SPEED   4   RESULTANT WIND DIRECTION   S (160)
  HIGHEST WIND SPEED    13   HIGHEST WIND DIRECTION    SE (140)
  HIGHEST GUST SPEED    20   HIGHEST GUST DIRECTION     S (190)
  AVERAGE WIND SPEED     4.5


SKY COVER
  POSSIBLE SUNSHINE  84 PERCENT
  AVERAGE SKY COVER 0.4


WEATHER CONDITIONS
 THE FOLLOWING WEATHER WAS RECORDED YESTERDAY.
  NO SIGNIFICANT WEATHER WAS OBSERVED.


RELATIVE HUMIDITY (PERCENT)
 HIGHEST    93           400 AM
 LOWEST     42           400 PM
 AVERAGE    68

..........................................................


THE GRAND RAPIDS MI CLIMATE NORMALS FOR TODAY
                         NORMAL    RECORD    YEAR
 MAXIMUM TEMPERATURE (F)   83        96      2013
                                             1935
 MINIMUM TEMPERATURE (F)   62        47      1979


SUNRISE AND SUNSET
JULY 19 2014..........SUNRISE   620 AM EDT   SUNSET   916 PM EDT
JULY 20 2014..........SUNRISE   621 AM EDT   SUNSET   915 PM EDT


-  INDICATES NEGATIVE NUMBERS.
R  INDICATES RECORD WAS SET OR TIED.
MM INDICATES DATA IS MISSING.
T  INDICATES TRACE AMOUNT.




$$
