359
CDUS43 KGRR 150516
CLIGRR


CLIMATE REPORT
NATIONAL WEATHER SERVICE GRAND RAPIDS, MI
116 AM EDT SAT JUL 15 2017


...................................

...THE GRAND RAPIDS MI CLIMATE SUMMARY FOR JULY 14 2017...

CLIMATE NORMAL PERIOD 1981 TO 2010
CLIMATE RECORD PERIOD 1892 TO 2017


WEATHER ITEM   OBSERVED TIME   RECORD YEAR NORMAL DEPARTURE LAST
                VALUE   (LST)  VALUE       VALUE  FROM      YEAR
                                                  NORMAL
..................................................................
TEMPERATURE (F)
 YESTERDAY
  MAXIMUM         76    252 PM 102    1936  83     -7       82
  MINIMUM         62   1159 PM  45    1950  62      0       69
  AVERAGE         69                        73     -4       76

PRECIPITATION (IN)
  YESTERDAY        0.00          1.22 1970   0.12  -0.12     0.00
  MONTH TO DATE    1.05                      1.67  -0.62     1.91
  SINCE JUN 1      5.93                      5.44   0.49     3.06
  SINCE JAN 1     22.53                     19.02   3.51    19.86

SNOWFALL (IN)
  YESTERDAY        0.0           0.0  2006   0.0    0.0      0.0
                                      2005
                                      2004
  MONTH TO DATE    0.0                       0.0    0.0      0.0
  SINCE JUN 1      0.0                       0.0    0.0      0.0
  SINCE JUL 1      0.0                       0.0    0.0      0.0
  SNOW DEPTH       0

DEGREE DAYS
 HEATING
  YESTERDAY        0                         0      0        0
  MONTH TO DATE    0                         0      0        0
  SINCE JUN 1     22                        45    -23       21
  SINCE JUL 1      0                         0      0        0

 COOLING
  YESTERDAY        4                         8     -4       11
  MONTH TO DATE  106                       109     -3      135
  SINCE JUN 1    268                       254     14      325
  SINCE JAN 1    298                       301     -3      396
..................................................................


WIND (MPH)
  RESULTANT WIND SPEED   8   RESULTANT WIND DIRECTION  NW (310)
  HIGHEST WIND SPEED    16   HIGHEST WIND DIRECTION    NW (330)
  HIGHEST GUST SPEED    19   HIGHEST GUST DIRECTION    NW (310)
  AVERAGE WIND SPEED     8.8


SKY COVER
  POSSIBLE SUNSHINE  45 PERCENT
  AVERAGE SKY COVER 0.6


WEATHER CONDITIONS
 THE FOLLOWING WEATHER WAS RECORDED YESTERDAY.
  NO SIGNIFICANT WEATHER WAS OBSERVED.


RELATIVE HUMIDITY (PERCENT)
 HIGHEST   100           200 AM
 LOWEST     60           500 PM
 AVERAGE    80

..........................................................


THE GRAND RAPIDS MI CLIMATE NORMALS FOR TODAY
                         NORMAL    RECORD    YEAR
 MAXIMUM TEMPERATURE (F)   83        95      2013
                                             2006
                                             1995
 MINIMUM TEMPERATURE (F)   62        47      1987


SUNRISE AND SUNSET
JULY 15 2017..........SUNRISE   617 AM EDT   SUNSET   919 PM EDT
JULY 16 2017..........SUNRISE   618 AM EDT   SUNSET   918 PM EDT


-  INDICATES NEGATIVE NUMBERS.
R  INDICATES RECORD WAS SET OR TIED.
MM INDICATES DATA IS MISSING.
T  INDICATES TRACE AMOUNT.




$$
