000
CDUS43 KGRR 231340
CLIGRR


CLIMATE REPORT
NATIONAL WEATHER SERVICE GRAND RAPIDS, MI
940 AM EDT TUE JUN 23 2015


...................................

...THE GRAND RAPIDS MI CLIMATE SUMMARY FOR JUNE 23 2015...
VALID AS OF 0900 AM LOCAL TIME.

CLIMATE NORMAL PERIOD 1981 TO 2010
CLIMATE RECORD PERIOD 1892 TO 2015


WEATHER ITEM   OBSERVED TIME   RECORD YEAR NORMAL DEPARTURE LAST
                VALUE   (LST)  VALUE       VALUE  FROM      YEAR
                                                  NORMAL
..................................................................
TEMPERATURE (F)
 TODAY
  MAXIMUM         76   1222 AM  98    1923  81     -5       78
  MINIMUM         65    718 AM  38    1918  60      5       65
  AVERAGE         71                        71      0       72

PRECIPITATION (IN)
  TODAY            0.00          3.17 1989   0.12  -0.12     0.40
  MONTH TO DATE    3.60                      2.91   0.69     4.27
  SINCE JUN 1      3.60                      2.91   0.69     4.27
  SINCE JAN 1     15.23                     16.49  -1.26    17.54

SNOWFALL (IN)
  TODAY            0.0           0.0  2007   0.0    0.0      0.0
                                      2006
                                      2005
  MONTH TO DATE    0.0                       0.0    0.0      0.0
  SINCE JUN 1      0.0                       0.0    0.0      0.0
  SINCE JUL 1     78.1                      74.9    3.2    116.0
  SNOW DEPTH       0

DEGREE DAYS
 HEATING
  TODAY            0                         1     -1        0
  MONTH TO DATE   30                        42    -12       13
  SINCE JUN 1     30                        42    -12       13
  SINCE JUL 1   7019                      6482    537     7213

 COOLING
  TODAY            6                         6      0        7
  MONTH TO DATE   76                        99    -23      106
  SINCE JUN 1     76                        99    -23      106
  SINCE JAN 1    128                       146    -18      159
..................................................................


WIND (MPH)
  RESULTANT WIND SPEED  13   RESULTANT WIND DIRECTION  NW (300)
  HIGHEST WIND SPEED    22   HIGHEST WIND DIRECTION    NW (300)
  HIGHEST GUST SPEED    30   HIGHEST GUST DIRECTION     W (290)
  AVERAGE WIND SPEED    13.8


SKY COVER
  AVERAGE SKY COVER 0.5


WEATHER CONDITIONS
 THE FOLLOWING WEATHER WAS RECORDED TODAY.
  NO SIGNIFICANT WEATHER WAS OBSERVED.


RELATIVE HUMIDITY (PERCENT)
 HIGHEST    93           200 AM
 LOWEST     68           700 AM
 AVERAGE    81

..........................................................


THE GRAND RAPIDS MI CLIMATE NORMALS FOR TOMORROW
                         NORMAL    RECORD    YEAR
 MAXIMUM TEMPERATURE (F)   81        96      2009
                                             1901
 MINIMUM TEMPERATURE (F)   60        41      1961


SUNRISE AND SUNSET
JUNE 23 2015..........SUNRISE   604 AM EDT   SUNSET   925 PM EDT
JUNE 24 2015..........SUNRISE   604 AM EDT   SUNSET   925 PM EDT


-  INDICATES NEGATIVE NUMBERS.
R  INDICATES RECORD WAS SET OR TIED.
MM INDICATES DATA IS MISSING.
T  INDICATES TRACE AMOUNT.




$$
