000
CDUS43 KGRR 140528
CLIGRR


CLIMATE REPORT
NATIONAL WEATHER SERVICE GRAND RAPIDS, MI
128 AM EDT SUN AUG 14 2016


...................................

...THE GRAND RAPIDS MI CLIMATE SUMMARY FOR AUGUST 13 2016...

CLIMATE NORMAL PERIOD 1981 TO 2010
CLIMATE RECORD PERIOD 1892 TO 2016


WEATHER ITEM   OBSERVED TIME   RECORD YEAR NORMAL DEPARTURE LAST
                VALUE   (LST)  VALUE       VALUE  FROM      YEAR
                                                  NORMAL
..................................................................
TEMPERATURE (F)
 YESTERDAY
  MAXIMUM         83    303 PM  97    1918  81      2       83
  MINIMUM         70   1159 PM  44    1941  62      8       61
  AVERAGE         77                        71      6       72

PRECIPITATION (IN)
  YESTERDAY        0.66          1.80 1994   0.12   0.54      T
  MONTH TO DATE    3.27                      1.51   1.76     2.09
  SINCE JUN 1     10.04                      9.06   0.98     8.35
  SINCE JAN 1     26.84                     22.64   4.20    19.98

SNOWFALL (IN)
  YESTERDAY        0.0           0.0    MM   0.0    0.0      0.0
  MONTH TO DATE    0.0                       0.0    0.0      0.0
  SINCE JUN 1      0.0                       0.0    0.0      0.0
  SINCE JUL 1      0.0                       0.0    0.0      0.0
  SNOW DEPTH       0

DEGREE DAYS
 HEATING
  YESTERDAY        0                         0      0        0
  MONTH TO DATE    0                         0      0        0
  SINCE JUN 1     21                        51    -30       43
  SINCE JUL 1      0                         6     -6       13

 COOLING
  YESTERDAY       12                         7      5        7
  MONTH TO DATE  138                        91     47       78
  SINCE JUN 1    624                       475    149      365
  SINCE JAN 1    695                       522    173      417
..................................................................


WIND (MPH)
  RESULTANT WIND SPEED   8   RESULTANT WIND DIRECTION   W (250)
  HIGHEST WIND SPEED    22   HIGHEST WIND DIRECTION     W (260)
  HIGHEST GUST SPEED    27   HIGHEST GUST DIRECTION     W (260)
  AVERAGE WIND SPEED    10.6


SKY COVER
  POSSIBLE SUNSHINE  61 PERCENT
  AVERAGE SKY COVER 0.8


WEATHER CONDITIONS
 THE FOLLOWING WEATHER WAS RECORDED YESTERDAY.
  THUNDERSTORM
  HEAVY RAIN
  RAIN
  LIGHT RAIN
  FOG
  HAZE


RELATIVE HUMIDITY (PERCENT)
 HIGHEST    93          1200 AM
 LOWEST     69           200 PM
 AVERAGE    81

..........................................................


THE GRAND RAPIDS MI CLIMATE NORMALS FOR TODAY
                         NORMAL    RECORD    YEAR
 MAXIMUM TEMPERATURE (F)   81        96      1944
 MINIMUM TEMPERATURE (F)   62        41      1964


SUNRISE AND SUNSET
AUGUST 14 2016........SUNRISE   648 AM EDT   SUNSET   845 PM EDT
AUGUST 15 2016........SUNRISE   649 AM EDT   SUNSET   843 PM EDT


-  INDICATES NEGATIVE NUMBERS.
R  INDICATES RECORD WAS SET OR TIED.
MM INDICATES DATA IS MISSING.
T  INDICATES TRACE AMOUNT.




$$
