000
CDUS43 KGRR 140535
CLIGRR


CLIMATE REPORT
NATIONAL WEATHER SERVICE GRAND RAPIDS, MI
134 AM EDT THU AUG 14 2014


...................................

...THE GRAND RAPIDS MI CLIMATE SUMMARY FOR AUGUST 13 2014...

CLIMATE NORMAL PERIOD 1981 TO 2010
CLIMATE RECORD PERIOD 1892 TO 2014


WEATHER ITEM   OBSERVED TIME   RECORD YEAR NORMAL DEPARTURE LAST
                VALUE   (LST)  VALUE       VALUE  FROM      YEAR
                                                  NORMAL
..................................................................
TEMPERATURE (F)
 YESTERDAY
  MAXIMUM         79    249 PM  97    1918  81     -2       70
  MINIMUM         53    605 AM  44    1941  62     -9       54
  AVERAGE         66                        71     -5       62

PRECIPITATION (IN)
  YESTERDAY        0.00          1.80 1994   0.12  -0.12     0.00
  MONTH TO DATE    0.88                      1.51  -0.63     0.90
  SINCE JUN 1     10.45                      9.06   1.39     8.63
  SINCE JAN 1     23.72                     22.64   1.08    31.32

SNOWFALL (IN)
  YESTERDAY        0.0           0.0    MM   0.0    0.0      0.0
  MONTH TO DATE    0.0                       0.0    0.0      0.0
  SINCE JUN 1      0.0                       0.0    0.0      0.0
  SINCE JUL 1      0.0                       0.0    0.0      0.0
  SNOW DEPTH       0

DEGREE DAYS
 HEATING
  YESTERDAY        0                         0      0        3
  MONTH TO DATE    2                         0      2        7
  SINCE JUN 1     24                        51    -27       58
  SINCE JUL 1     11                         6      5       18

 COOLING
  YESTERDAY        1                         7     -6        0
  MONTH TO DATE   85                        91     -6       49
  SINCE JUN 1    388                       475    -87      456
  SINCE JAN 1    441                       522    -81      538
..................................................................


WIND (MPH)
  RESULTANT WIND SPEED   7   RESULTANT WIND DIRECTION  NW (300)
  HIGHEST WIND SPEED    21   HIGHEST WIND DIRECTION    NW (320)
  HIGHEST GUST SPEED    26   HIGHEST GUST DIRECTION    NW (310)
  AVERAGE WIND SPEED     9.1


SKY COVER
  POSSIBLE SUNSHINE  82 PERCENT
  AVERAGE SKY COVER 0.2


WEATHER CONDITIONS
 THE FOLLOWING WEATHER WAS RECORDED YESTERDAY.
  NO SIGNIFICANT WEATHER WAS OBSERVED.


RELATIVE HUMIDITY (PERCENT)
 HIGHEST   100           200 AM
 LOWEST     43           600 PM
 AVERAGE    72

..........................................................


THE GRAND RAPIDS MI CLIMATE NORMALS FOR TODAY
                         NORMAL    RECORD    YEAR
 MAXIMUM TEMPERATURE (F)   81        96      1944
 MINIMUM TEMPERATURE (F)   62        41      1964


SUNRISE AND SUNSET
AUGUST 14 2014........SUNRISE   647 AM EDT   SUNSET   846 PM EDT
AUGUST 15 2014........SUNRISE   648 AM EDT   SUNSET   844 PM EDT


-  INDICATES NEGATIVE NUMBERS.
R  INDICATES RECORD WAS SET OR TIED.
MM INDICATES DATA IS MISSING.
T  INDICATES TRACE AMOUNT.




$$
