000
CDUS43 KGRR 092143
CLIGRR


CLIMATE REPORT
NATIONAL WEATHER SERVICE GRAND RAPIDS, MI
543 PM EDT FRI JUN 9 2017


...................................

...THE GRAND RAPIDS MI CLIMATE SUMMARY FOR JUNE 9 2017...
VALID TODAY AS OF 0500 PM LOCAL TIME.

CLIMATE NORMAL PERIOD 1981 TO 2010
CLIMATE RECORD PERIOD 1892 TO 2017


WEATHER ITEM   OBSERVED TIME   RECORD YEAR NORMAL DEPARTURE LAST
                VALUE   (LST)  VALUE       VALUE  FROM      YEAR
                                                  NORMAL
..................................................................
TEMPERATURE (F)
 TODAY
  MAXIMUM         83    249 PM  93    1964  77      6       74
  MINIMUM         60    620 AM  37    1969  56      4       45
  AVERAGE         72                        67      5       60

PRECIPITATION (IN)
  TODAY            0.01          1.77 1963   0.13  -0.12     0.02
  MONTH TO DATE    0.24                      1.15  -0.91     0.52
  SINCE JUN 1      0.24                      1.15  -0.91     0.52
  SINCE JAN 1     16.84                     14.73   2.11    17.32

SNOWFALL (IN)
  TODAY            0.0           0.0  2007   0.0    0.0      0.0
                                      2006
                                      2005
  MONTH TO DATE    0.0                       0.0    0.0      0.0
  SINCE JUN 1      0.0                       0.0    0.0      0.0
  SINCE JUL 1     60.1                      74.9  -14.8     61.1
  SNOW DEPTH       0

DEGREE DAYS
 HEATING
  TODAY            0                         2     -2        5
  MONTH TO DATE    7                        25    -18       21
  SINCE JUN 1      7                        25    -18       21
  SINCE JUL 1   5620                      6465   -845     5617

 COOLING
  TODAY            7                         4      3        0
  MONTH TO DATE   20                        28     -8       23
  SINCE JUN 1     20                        28     -8       23
  SINCE JAN 1     50                        75    -25       94
..................................................................


WIND (MPH)
  RESULTANT WIND SPEED   4   RESULTANT WIND DIRECTION  SW (210)
  HIGHEST WIND SPEED    18   HIGHEST WIND DIRECTION    SW (240)
  HIGHEST GUST SPEED    23   HIGHEST GUST DIRECTION    SW (240)
  AVERAGE WIND SPEED     6.6


SKY COVER
  AVERAGE SKY COVER 0.6


WEATHER CONDITIONS
 THE FOLLOWING WEATHER WAS RECORDED TODAY.
  LIGHT RAIN


RELATIVE HUMIDITY (PERCENT)
 HIGHEST    90           500 AM
 LOWEST     39           400 PM
 AVERAGE    65

..........................................................


THE GRAND RAPIDS MI CLIMATE NORMALS FOR TOMORROW
                         NORMAL    RECORD    YEAR
 MAXIMUM TEMPERATURE (F)   78        93      1999
                                             1933
 MINIMUM TEMPERATURE (F)   56        36      1980


SUNRISE AND SUNSET
JUNE  9 2017..........SUNRISE   603 AM EDT   SUNSET   920 PM EDT
JUNE 10 2017..........SUNRISE   603 AM EDT   SUNSET   920 PM EDT


-  INDICATES NEGATIVE NUMBERS.
R  INDICATES RECORD WAS SET OR TIED.
MM INDICATES DATA IS MISSING.
T  INDICATES TRACE AMOUNT.




$$
