000
CDUS43 KGRR 022123
CLIGRR


CLIMATE REPORT
NATIONAL WEATHER SERVICE GRAND RAPIDS, MI
523 PM EDT WED AUG 2 2017


...................................

...THE GRAND RAPIDS MI CLIMATE SUMMARY FOR AUGUST 2 2017...
VALID TODAY AS OF 0500 PM LOCAL TIME.

CLIMATE NORMAL PERIOD 1981 TO 2010
CLIMATE RECORD PERIOD 1892 TO 2017


WEATHER ITEM   OBSERVED TIME   RECORD YEAR NORMAL DEPARTURE LAST
                VALUE   (LST)  VALUE       VALUE  FROM      YEAR
                                                  NORMAL
..................................................................
TEMPERATURE (F)
 TODAY
  MAXIMUM         87    346 PM  98    1964  82      5       87
  MINIMUM         63    634 AM  46    1927  62      1       62
                                      1920
  AVERAGE         75                        72      3       75

PRECIPITATION (IN)
  TODAY            T             1.86 1928   0.11  -0.11     0.00
  MONTH TO DATE    T                         0.23  -0.23     0.00
  SINCE JUN 1      6.00                      7.78  -1.78     6.77
  SINCE JAN 1     22.60                     21.36   1.24    23.57

SNOWFALL (IN)
  TODAY            0.0           0.0    MM   0.0    0.0      0.0
  MONTH TO DATE    0.0                       0.0    0.0      0.0
  SINCE JUN 1      0.0                       0.0    0.0      0.0
  SINCE JUL 1      0.0                       0.0    0.0      0.0
  SNOW DEPTH       0

DEGREE DAYS
 HEATING
  TODAY            0                         0      0        0
  MONTH TO DATE    0                         0      0        0
  SINCE JUN 1     22                        51    -29       21
  SINCE JUL 1      0                         6     -6        0

 COOLING
  TODAY           10                         7      3       10
  MONTH TO DATE   17                        14      3       18
  SINCE JUN 1    419                       398     21      504
  SINCE JAN 1    449                       445      4      575
..................................................................


WIND (MPH)
  RESULTANT WIND SPEED   5   RESULTANT WIND DIRECTION  SW (220)
  HIGHEST WIND SPEED    21   HIGHEST WIND DIRECTION     W (250)
  HIGHEST GUST SPEED    26   HIGHEST GUST DIRECTION     W (250)
  AVERAGE WIND SPEED     6.4


SKY COVER
  AVERAGE SKY COVER 0.4


WEATHER CONDITIONS
 THE FOLLOWING WEATHER WAS RECORDED TODAY.
  LIGHT RAIN
  FOG


RELATIVE HUMIDITY (PERCENT)
 HIGHEST    93           300 AM
 LOWEST     42           200 PM
 AVERAGE    68

..........................................................


THE GRAND RAPIDS MI CLIMATE NORMALS FOR TOMORROW
                         NORMAL    RECORD    YEAR
 MAXIMUM TEMPERATURE (F)   82       100      1964
 MINIMUM TEMPERATURE (F)   62        46      1966
                                             1965
                                             1912


SUNRISE AND SUNSET
AUGUST  2 2017........SUNRISE   635 AM EDT   SUNSET   901 PM EDT
AUGUST  3 2017........SUNRISE   636 AM EDT   SUNSET   900 PM EDT


-  INDICATES NEGATIVE NUMBERS.
R  INDICATES RECORD WAS SET OR TIED.
MM INDICATES DATA IS MISSING.
T  INDICATES TRACE AMOUNT.




$$
