000
CDUS43 KGRR 220523
CLIGRR


CLIMATE REPORT
NATIONAL WEATHER SERVICE GRAND RAPIDS, MI
122 AM EDT FRI AUG 22 2014


...................................

...THE GRAND RAPIDS MI CLIMATE SUMMARY FOR AUGUST 21 2014...

CLIMATE NORMAL PERIOD 1981 TO 2010
CLIMATE RECORD PERIOD 1892 TO 2014


WEATHER ITEM   OBSERVED TIME   RECORD YEAR NORMAL DEPARTURE LAST
                VALUE   (LST)  VALUE       VALUE  FROM      YEAR
                                                  NORMAL
..................................................................
TEMPERATURE (F)
 YESTERDAY
  MAXIMUM         80    142 PM  97    1955  80      0       89
                                      1916
  MINIMUM         64    637 AM  44    1956  61      3       66
  AVERAGE         72                        70      2       78

PRECIPITATION (IN)
  YESTERDAY        T             2.05 1958   0.11  -0.11     0.02
  MONTH TO DATE    2.83                      2.42   0.41     0.92
  SINCE JUN 1     12.40                      9.97   2.43     8.65
  SINCE JAN 1     25.67                     23.55   2.12    31.34

SNOWFALL (IN)
  YESTERDAY        0.0           0.0    MM   0.0    0.0      0.0
  MONTH TO DATE    0.0                       0.0    0.0      0.0
  SINCE JUN 1      0.0                       0.0    0.0      0.0
  SINCE JUL 1      0.0                       0.0    0.0      0.0
  SNOW DEPTH       0

DEGREE DAYS
 HEATING
  YESTERDAY        0                         0      0        0
  MONTH TO DATE    9                         0      9       15
  SINCE JUN 1     31                        51    -20       66
  SINCE JUL 1     18                         6     12       26

 COOLING
  YESTERDAY        7                         6      1       13
  MONTH TO DATE  124                       141    -17       82
  SINCE JUN 1    427                       525    -98      489
  SINCE JAN 1    480                       572    -92      571
..................................................................


WIND (MPH)
  RESULTANT WIND SPEED   2   RESULTANT WIND DIRECTION   E (80)
  HIGHEST WIND SPEED    12   HIGHEST WIND DIRECTION    SW (230)
  HIGHEST GUST SPEED    17   HIGHEST GUST DIRECTION     E (70)
  AVERAGE WIND SPEED     3.9


SKY COVER
  POSSIBLE SUNSHINE  43 PERCENT
  AVERAGE SKY COVER 0.7


WEATHER CONDITIONS
 THE FOLLOWING WEATHER WAS RECORDED YESTERDAY.
  THUNDERSTORM
  LIGHT RAIN
  FOG


RELATIVE HUMIDITY (PERCENT)
 HIGHEST   100           100 AM
 LOWEST     79           100 PM
 AVERAGE    90

..........................................................


THE GRAND RAPIDS MI CLIMATE NORMALS FOR TODAY
                         NORMAL    RECORD    YEAR
 MAXIMUM TEMPERATURE (F)   80        98      1936
 MINIMUM TEMPERATURE (F)   61        44      1923
                                             1897
                                             1894


SUNRISE AND SUNSET
AUGUST 22 2014........SUNRISE   656 AM EDT   SUNSET   833 PM EDT
AUGUST 23 2014........SUNRISE   657 AM EDT   SUNSET   832 PM EDT


-  INDICATES NEGATIVE NUMBERS.
R  INDICATES RECORD WAS SET OR TIED.
MM INDICATES DATA IS MISSING.
T  INDICATES TRACE AMOUNT.




$$
