000
CDUS43 KGRR 230534
CLIGRR


CLIMATE REPORT
NATIONAL WEATHER SERVICE GRAND RAPIDS, MI
130 AM EDT TUE JUN 23 2015


...................................

...THE GRAND RAPIDS MI CLIMATE SUMMARY FOR JUNE 22 2015...

CLIMATE NORMAL PERIOD 1981 TO 2010
CLIMATE RECORD PERIOD 1892 TO 2015


WEATHER ITEM   OBSERVED TIME   RECORD YEAR NORMAL DEPARTURE LAST
                VALUE   (LST)  VALUE       VALUE  FROM      YEAR
                                                  NORMAL
..................................................................
TEMPERATURE (F)
 YESTERDAY
  MAXIMUM         83    604 PM  97    1923  81      2       84
                                      1894
  MINIMUM         62    535 AM  39    1992  60      2       63
  AVERAGE         73                        70      3       74

PRECIPITATION (IN)
  YESTERDAY        1.01          1.92 1928   0.12   0.89     0.01
  MONTH TO DATE    3.60                      2.79   0.81     3.87
  SINCE JUN 1      3.60                      2.79   0.81     3.87
  SINCE JAN 1     15.23                     16.37  -1.14    17.14

SNOWFALL (IN)
  YESTERDAY        0.0           0.0  2007   0.0    0.0      0.0
                                      2006
                                      2005
  MONTH TO DATE    0.0                       0.0    0.0      0.0
  SINCE JUN 1      0.0                       0.0    0.0      0.0
  SINCE JUL 1     78.1                      74.9    3.2    116.0
  SNOW DEPTH       0

DEGREE DAYS
 HEATING
  YESTERDAY        0                         1     -1        0
  MONTH TO DATE   30                        41    -11       13
  SINCE JUN 1     30                        41    -11       13
  SINCE JUL 1   7019                      6481    538     7213

 COOLING
  YESTERDAY        8                         6      2        9
  MONTH TO DATE   70                        93    -23       99
  SINCE JUN 1     70                        93    -23       99
  SINCE JAN 1    122                       140    -18      152
..................................................................


WIND (MPH)
  RESULTANT WIND SPEED   7   RESULTANT WIND DIRECTION   S (190)
  HIGHEST WIND SPEED    24   HIGHEST WIND DIRECTION     S (200)
  HIGHEST GUST SPEED    30   HIGHEST GUST DIRECTION     S (200)
  AVERAGE WIND SPEED    10.0


SKY COVER
  POSSIBLE SUNSHINE  56 PERCENT
  AVERAGE SKY COVER 0.6


WEATHER CONDITIONS
 THE FOLLOWING WEATHER WAS RECORDED YESTERDAY.
  THUNDERSTORM
  HEAVY RAIN
  RAIN
  LIGHT RAIN
  FOG


RELATIVE HUMIDITY (PERCENT)
 HIGHEST    93           100 AM
 LOWEST     67          1100 AM
 AVERAGE    80

..........................................................


THE GRAND RAPIDS MI CLIMATE NORMALS FOR TODAY
                         NORMAL    RECORD    YEAR
 MAXIMUM TEMPERATURE (F)   81        98      1923
 MINIMUM TEMPERATURE (F)   60        38      1918


SUNRISE AND SUNSET
JUNE 23 2015..........SUNRISE   604 AM EDT   SUNSET   925 PM EDT
JUNE 24 2015..........SUNRISE   604 AM EDT   SUNSET   925 PM EDT


-  INDICATES NEGATIVE NUMBERS.
R  INDICATES RECORD WAS SET OR TIED.
MM INDICATES DATA IS MISSING.
T  INDICATES TRACE AMOUNT.




$$
