000
CDUS43 KGRR 140517
CLIGRR


CLIMATE REPORT
NATIONAL WEATHER SERVICE GRAND RAPIDS, MI
117 AM EDT WED JUN 14 2017


...................................

...THE GRAND RAPIDS MI CLIMATE SUMMARY FOR JUNE 13 2017...

CLIMATE NORMAL PERIOD 1981 TO 2010
CLIMATE RECORD PERIOD 1892 TO 2017


WEATHER ITEM   OBSERVED TIME   RECORD YEAR NORMAL DEPARTURE LAST
                VALUE   (LST)  VALUE       VALUE  FROM      YEAR
                                                  NORMAL
..................................................................
TEMPERATURE (F)
 YESTERDAY
  MAXIMUM         91    200 PM  95    1894  79     12       78
  MINIMUM         70   1159 PM  39    1985  57     13       53
  AVERAGE         81                        68     13       66

PRECIPITATION (IN)
  YESTERDAY        0.00          2.23 2005   0.13  -0.13      T
  MONTH TO DATE    0.24                      1.67  -1.43     0.52
  SINCE JUN 1      0.24                      1.67  -1.43     0.52
  SINCE JAN 1     16.84                     15.25   1.59    17.32

SNOWFALL (IN)
  YESTERDAY        0.0           0.0  2007   0.0    0.0      0.0
                                      2006
                                      2005
  MONTH TO DATE    0.0                       0.0    0.0      0.0
  SINCE JUN 1      0.0                       0.0    0.0      0.0
  SINCE JUL 1     60.1                      74.9  -14.8     61.1
  SNOW DEPTH       0

DEGREE DAYS
 HEATING
  YESTERDAY        0                         1     -1        0
  MONTH TO DATE    7                        32    -25       21
  SINCE JUN 1      7                        32    -25       21
  SINCE JUL 1   5620                      6472   -852     5617

 COOLING
  YESTERDAY       16                         4     12        1
  MONTH TO DATE   76                        44     32       53
  SINCE JUN 1     76                        44     32       53
  SINCE JAN 1    106                        91     15      124
..................................................................


WIND (MPH)
  RESULTANT WIND SPEED   3   RESULTANT WIND DIRECTION  NE (50)
  HIGHEST WIND SPEED    20   HIGHEST WIND DIRECTION     E (70)
  HIGHEST GUST SPEED    22   HIGHEST GUST DIRECTION     E (70)
  AVERAGE WIND SPEED     7.2


SKY COVER
  POSSIBLE SUNSHINE  70 PERCENT
  AVERAGE SKY COVER 0.5


WEATHER CONDITIONS
 THE FOLLOWING WEATHER WAS RECORDED YESTERDAY.
  NO SIGNIFICANT WEATHER WAS OBSERVED.


RELATIVE HUMIDITY (PERCENT)
 HIGHEST    79           500 AM
 LOWEST     47           200 PM
 AVERAGE    63

..........................................................


THE GRAND RAPIDS MI CLIMATE NORMALS FOR TODAY
                         NORMAL    RECORD    YEAR
 MAXIMUM TEMPERATURE (F)   79        96      1894
 MINIMUM TEMPERATURE (F)   58        38      1978


SUNRISE AND SUNSET
JUNE 14 2017..........SUNRISE   603 AM EDT   SUNSET   922 PM EDT
JUNE 15 2017..........SUNRISE   603 AM EDT   SUNSET   923 PM EDT


-  INDICATES NEGATIVE NUMBERS.
R  INDICATES RECORD WAS SET OR TIED.
MM INDICATES DATA IS MISSING.
T  INDICATES TRACE AMOUNT.




$$
