000
CDUS43 KGRR 021335
CLIGRR


CLIMATE REPORT
NATIONAL WEATHER SERVICE GRAND RAPIDS, MI
935 AM EDT WED APR 2 2014


...................................

...THE GRAND RAPIDS MI CLIMATE SUMMARY FOR APRIL 2 2014...
VALID AS OF 0900 AM LOCAL TIME.

CLIMATE NORMAL PERIOD 1981 TO 2010
CLIMATE RECORD PERIOD 1892 TO 2014


WEATHER ITEM   OBSERVED TIME   RECORD YEAR NORMAL DEPARTURE LAST
                VALUE   (LST)  VALUE       VALUE  FROM      YEAR
                                                  NORMAL
..................................................................
TEMPERATURE (F)
 TODAY
  MAXIMUM         35    224 AM  83    2010  52    -17       40
  MINIMUM         27    653 AM  11    1965  33     -6       22
  AVERAGE         31                        42    -11       31

PRECIPITATION (IN)
  TODAY            0.00          1.16 1945   0.11  -0.11      T
  MONTH TO DATE    0.06                      0.21  -0.15      T
  SINCE MAR 1      1.60                      2.58  -0.98     0.94
  SINCE JAN 1      7.40                      6.46   0.94     8.00

SNOWFALL (IN)
  TODAY            0.0           7.8  1975   0.2   -0.2       T
  MONTH TO DATE    0.0                       0.3   -0.3       T
  SINCE MAR 1      6.4                       8.6   -2.2      7.7
  SINCE JUL 1    114.2                      73.4   40.8     65.3
  SNOW DEPTH       0

DEGREE DAYS
 HEATING
  TODAY           34                        23     11       34
  MONTH TO DATE   56                        46     10       69
  SINCE MAR 1   1239                       956    283     1097
  SINCE JUL 1   6520                      5733    787     5582

 COOLING
  TODAY            0                         0      0        0
  MONTH TO DATE    0                         0      0        0
  SINCE MAR 1      0                         1     -1        0
  SINCE JAN 1      0                         1     -1        0
..................................................................


WIND (MPH)
  RESULTANT WIND SPEED   5   RESULTANT WIND DIRECTION   W (290)
  HIGHEST WIND SPEED    12   HIGHEST WIND DIRECTION    NW (300)
  HIGHEST GUST SPEED    16   HIGHEST GUST DIRECTION    NW (310)
  AVERAGE WIND SPEED     6.5



WEATHER CONDITIONS
 THE FOLLOWING WEATHER WAS RECORDED TODAY.
  NO SIGNIFICANT WEATHER WAS OBSERVED.


..........................................................




SUNRISE AND SUNSET
APRIL  2 2014.........SUNRISE   723 AM EDT   SUNSET   809 PM EDT
APRIL  3 2014.........SUNRISE   721 AM EDT   SUNSET   811 PM EDT


-  INDICATES NEGATIVE NUMBERS.
R  INDICATES RECORD WAS SET OR TIED.
MM INDICATES DATA IS MISSING.
T  INDICATES TRACE AMOUNT.




$$
