000
CDUS43 KGRR 050516
CLIGRR


CLIMATE REPORT
NATIONAL WEATHER SERVICE GRAND RAPIDS, MI
116 AM EDT WED JUL 5 2017


...................................

...THE GRAND RAPIDS MI CLIMATE SUMMARY FOR JULY 4 2017...

CLIMATE NORMAL PERIOD 1981 TO 2010
CLIMATE RECORD PERIOD 1892 TO 2017


WEATHER ITEM   OBSERVED TIME   RECORD YEAR NORMAL DEPARTURE LAST
                VALUE   (LST)  VALUE       VALUE  FROM      YEAR
                                                  NORMAL
..................................................................
TEMPERATURE (F)
 YESTERDAY
  MAXIMUM         83    436 PM 100    1911  83      0       84
                                      1897
  MINIMUM         59    534 AM  45    1972  62     -3       54
  AVERAGE         71                        72     -1       69

PRECIPITATION (IN)
  YESTERDAY        0.00          1.74 1903   0.11  -0.11     0.00
  MONTH TO DATE    0.12                      0.47  -0.35     0.29
  SINCE JUN 1      5.00                      4.24   0.76     1.44
  SINCE JAN 1     21.60                     17.82   3.78    18.24

SNOWFALL (IN)
  YESTERDAY        0.0           T    1990   0.0    0.0      0.0
  MONTH TO DATE    0.0                       0.0    0.0      0.0
  SINCE JUN 1      0.0                       0.0    0.0      0.0
  SINCE JUL 1      0.0                       0.0    0.0      0.0
  SNOW DEPTH       0

DEGREE DAYS
 HEATING
  YESTERDAY        0                         0      0        0
  MONTH TO DATE    0                         0      0        0
  SINCE JUN 1     22                        45    -23       21
  SINCE JUL 1      0                         0      0        0

 COOLING
  YESTERDAY        6                         8     -2        4
  MONTH TO DATE   28                        29     -1       11
  SINCE JUN 1    190                       174     16      201
  SINCE JAN 1    220                       221     -1      272
..................................................................


WIND (MPH)
  RESULTANT WIND SPEED   6   RESULTANT WIND DIRECTION   E (90)
  HIGHEST WIND SPEED    14   HIGHEST WIND DIRECTION     E (100)
  HIGHEST GUST SPEED    25   HIGHEST GUST DIRECTION     E (110)
  AVERAGE WIND SPEED     6.3


SKY COVER
  POSSIBLE SUNSHINE  98 PERCENT
  AVERAGE SKY COVER 0.3


WEATHER CONDITIONS
 THE FOLLOWING WEATHER WAS RECORDED YESTERDAY.
  NO SIGNIFICANT WEATHER WAS OBSERVED.


RELATIVE HUMIDITY (PERCENT)
 HIGHEST    90           200 AM
 LOWEST     36           500 PM
 AVERAGE    63

..........................................................


THE GRAND RAPIDS MI CLIMATE NORMALS FOR TODAY
                         NORMAL    RECORD    YEAR
 MAXIMUM TEMPERATURE (F)   83       101      2012
 MINIMUM TEMPERATURE (F)   62        44      1972


SUNRISE AND SUNSET
JULY  5 2017..........SUNRISE   610 AM EDT   SUNSET   923 PM EDT
JULY  6 2017..........SUNRISE   610 AM EDT   SUNSET   923 PM EDT


-  INDICATES NEGATIVE NUMBERS.
R  INDICATES RECORD WAS SET OR TIED.
MM INDICATES DATA IS MISSING.
T  INDICATES TRACE AMOUNT.




$$
