000
CDUS43 KGRR 040521
CLIGRR


CLIMATE REPORT
NATIONAL WEATHER SERVICE GRAND RAPIDS, MI
1220 AM EST MON DEC 4 2017


...................................

...THE GRAND RAPIDS MI CLIMATE SUMMARY FOR DECEMBER 3 2017...

CLIMATE NORMAL PERIOD 1981 TO 2010
CLIMATE RECORD PERIOD 1892 TO 2017


WEATHER ITEM   OBSERVED TIME   RECORD YEAR NORMAL DEPARTURE LAST
                VALUE   (LST)  VALUE       VALUE  FROM      YEAR
                                                  NORMAL
..................................................................
TEMPERATURE (F)
 YESTERDAY
  MAXIMUM         53    255 PM  65    2012  39     14       36
  MINIMUM         25    757 AM  -6    1976  27     -2       34
  AVERAGE         39                        33      6       35

PRECIPITATION (IN)
  YESTERDAY        0.00          1.37 1982   0.09  -0.09      T
  MONTH TO DATE    0.00                      0.28  -0.28     0.12
  SINCE DEC 1      0.00                      0.28  -0.28     0.12
  SINCE JAN 1     37.47                     36.05   1.42    43.45

SNOWFALL (IN)
  YESTERDAY        0.0           4.0  1996   0.6   -0.6       T
  MONTH TO DATE    0.0                       1.6   -1.6       T
  SINCE DEC 1      0.0                       1.6   -1.6       T
  SINCE JUL 1      0.6                       8.9   -8.3      0.8
  SNOW DEPTH       0

DEGREE DAYS
 HEATING
  YESTERDAY       26                        32     -6       30
  MONTH TO DATE   76                        94    -18       85
  SINCE DEC 1     76                        94    -18       85
  SINCE JUL 1   1267                      1432   -165     1033

 COOLING
  YESTERDAY        0                         0      0        0
  MONTH TO DATE    0                         0      0        0
  SINCE DEC 1      0                         0      0        0
  SINCE JAN 1    719                       699     20      936
..................................................................


WIND (MPH)
  RESULTANT WIND SPEED   3   RESULTANT WIND DIRECTION  SW (210)
  HIGHEST WIND SPEED    12   HIGHEST WIND DIRECTION     W (250)
  HIGHEST GUST SPEED    13   HIGHEST GUST DIRECTION    SE (140)
  AVERAGE WIND SPEED     4.7


SKY COVER
  POSSIBLE SUNSHINE  80 PERCENT
  AVERAGE SKY COVER 0.5


WEATHER CONDITIONS
 THE FOLLOWING WEATHER WAS RECORDED YESTERDAY.
  FOG
  HAZE


RELATIVE HUMIDITY (PERCENT)
 HIGHEST   100           300 AM
 LOWEST     41           300 PM
 AVERAGE    71

..........................................................


THE GRAND RAPIDS MI CLIMATE NORMALS FOR TODAY
                         NORMAL    RECORD    YEAR
 MAXIMUM TEMPERATURE (F)   39        65      2012
 MINIMUM TEMPERATURE (F)   27         6      1893


SUNRISE AND SUNSET
DECEMBER  4 2017......SUNRISE   757 AM EST   SUNSET   508 PM EST
DECEMBER  5 2017......SUNRISE   758 AM EST   SUNSET   508 PM EST


-  INDICATES NEGATIVE NUMBERS.
R  INDICATES RECORD WAS SET OR TIED.
MM INDICATES DATA IS MISSING.
T  INDICATES TRACE AMOUNT.




$$
