849
CDUS43 KGRR 010517
CLIGRR


CLIMATE REPORT
NATIONAL WEATHER SERVICE GRAND RAPIDS, MI
1217 AM EST MON FEB 1 2016


...................................

...THE GRAND RAPIDS MI CLIMATE SUMMARY FOR JANUARY 31 2016...

CLIMATE NORMAL PERIOD 1981 TO 2010
CLIMATE RECORD PERIOD 1892 TO 2016


WEATHER ITEM   OBSERVED TIME   RECORD YEAR NORMAL DEPARTURE LAST
                VALUE   (LST)  VALUE       VALUE  FROM      YEAR
                                                  NORMAL
..................................................................
TEMPERATURE (F)
 YESTERDAY
  MAXIMUM         47   1221 PM  57    1989  31     16       33
  MINIMUM         36    644 AM -20    1899  18     18       18
  AVERAGE         42                        24     18       26

PRECIPITATION (IN)
  YESTERDAY        0.21          1.39 1914   0.06   0.15     0.00
  MONTH TO DATE    2.15                      2.09   0.06     1.87
  SINCE DEC 1      5.48                      4.59   0.89     3.44
  SINCE JAN 1      2.15                      2.09   0.06     1.87

SNOWFALL (IN)
  YESTERDAY        0.0          14.0  1914   0.6   -0.6      0.0
  MONTH TO DATE   20.8                      20.8    0.0     23.2
  SINCE DEC 1     23.3                      42.7  -19.4     24.2
  SINCE JUL 1     26.8                      50.0  -23.2     55.2
  SNOW DEPTH       T

DEGREE DAYS
 HEATING
  YESTERDAY       23                        41    -18       39
  MONTH TO DATE 1200                      1262    -62     1348
  SINCE DEC 1   1997                      2369   -372     2367
  SINCE JUL 1   3055                      3707   -652     3863

 COOLING
  YESTERDAY        0                         0      0        0
  MONTH TO DATE    0                         0      0        0
  SINCE DEC 1      0                         0      0        0
  SINCE JAN 1      0                         0      0        0
..................................................................


WIND (MPH)
  RESULTANT WIND SPEED   5   RESULTANT WIND DIRECTION  SW (230)
  HIGHEST WIND SPEED    20   HIGHEST WIND DIRECTION    NW (300)
  HIGHEST GUST SPEED    25   HIGHEST GUST DIRECTION     W (290)
  AVERAGE WIND SPEED     7.8


SKY COVER
  POSSIBLE SUNSHINE   0 PERCENT
  AVERAGE SKY COVER 0.9


WEATHER CONDITIONS
 THE FOLLOWING WEATHER WAS RECORDED YESTERDAY.
  RAIN
  LIGHT RAIN
  FOG
  FOG W/VISIBILITY <= 1/4 MILE


RELATIVE HUMIDITY (PERCENT)
 HIGHEST   100           400 AM
 LOWEST     79           100 AM
 AVERAGE    90

..........................................................


THE GRAND RAPIDS MI CLIMATE NORMALS FOR TODAY
                         NORMAL    RECORD    YEAR
 MAXIMUM TEMPERATURE (F)   31        51      1989
                                             1968
 MINIMUM TEMPERATURE (F)   18       -20      1899


SUNRISE AND SUNSET
FEBRUARY  1 2016......SUNRISE   757 AM EST   SUNSET   554 PM EST
FEBRUARY  2 2016......SUNRISE   756 AM EST   SUNSET   556 PM EST


-  INDICATES NEGATIVE NUMBERS.
R  INDICATES RECORD WAS SET OR TIED.
MM INDICATES DATA IS MISSING.
T  INDICATES TRACE AMOUNT.




$$
