000
CDUS43 KGRR 170516
CLIGRR


CLIMATE REPORT
NATIONAL WEATHER SERVICE GRAND RAPIDS, MI
116 AM EDT THU JUL 17 2014


...................................

...THE GRAND RAPIDS MI CLIMATE SUMMARY FOR JULY 16 2014...

CLIMATE NORMAL PERIOD 1981 TO 2010
CLIMATE RECORD PERIOD 1892 TO 2014


WEATHER ITEM   OBSERVED TIME   RECORD YEAR NORMAL DEPARTURE LAST
                VALUE   (LST)  VALUE       VALUE  FROM      YEAR
                                                  NORMAL
..................................................................
TEMPERATURE (F)
 YESTERDAY
  MAXIMUM         71    331 PM  97    2012  83    -12       93
                                      1894
  MINIMUM         54    123 AM  42    1945  62     -8       74
  AVERAGE         63                        73    -10       84

PRECIPITATION (IN)
  YESTERDAY        T             1.74 1988   0.13  -0.13     0.00
  MONTH TO DATE    4.32                      1.92   2.40     1.34
  SINCE JUN 1      9.47                      5.69   3.78     5.86
  SINCE JAN 1     22.74                     19.27   3.47    28.55

SNOWFALL (IN)
  YESTERDAY        0.0           0.0  2006   0.0    0.0      0.0
                                      2005
                                      2004
  MONTH TO DATE    0.0                       0.0    0.0      0.0
  SINCE JUN 1      0.0                       0.0    0.0      0.0
  SINCE JUL 1      0.0                       0.0    0.0      0.0
  SNOW DEPTH       0

DEGREE DAYS
 HEATING
  YESTERDAY        2                         0      2        0
  MONTH TO DATE    6                         0      6        1
  SINCE JUN 1     19                        45    -26       41
  SINCE JUL 1      6                         0      6        1

 COOLING
  YESTERDAY        0                         8     -8       19
  MONTH TO DATE   65                       125    -60      154
  SINCE JUN 1    244                       270    -26      303
  SINCE JAN 1    297                       317    -20      385
..................................................................


WIND (MPH)
  RESULTANT WIND SPEED   8   RESULTANT WIND DIRECTION  NW (310)
  HIGHEST WIND SPEED    16   HIGHEST WIND DIRECTION    NW (330)
  HIGHEST GUST SPEED    20   HIGHEST GUST DIRECTION    NW (300)
  AVERAGE WIND SPEED     8.7


SKY COVER
  POSSIBLE SUNSHINE  43 PERCENT
  AVERAGE SKY COVER 0.7


WEATHER CONDITIONS
 THE FOLLOWING WEATHER WAS RECORDED YESTERDAY.
  LIGHT RAIN


RELATIVE HUMIDITY (PERCENT)
 HIGHEST    83           100 AM
 LOWEST     53           400 PM
 AVERAGE    68

..........................................................


THE GRAND RAPIDS MI CLIMATE NORMALS FOR TODAY
                         NORMAL    RECORD    YEAR
 MAXIMUM TEMPERATURE (F)   83        99      2012
 MINIMUM TEMPERATURE (F)   62        48      1958


SUNRISE AND SUNSET
JULY 17 2014..........SUNRISE   619 AM EDT   SUNSET   917 PM EDT
JULY 18 2014..........SUNRISE   620 AM EDT   SUNSET   917 PM EDT


-  INDICATES NEGATIVE NUMBERS.
R  INDICATES RECORD WAS SET OR TIED.
MM INDICATES DATA IS MISSING.
T  INDICATES TRACE AMOUNT.




$$
