000
CDUS43 KGRR 102129
CLIGRR


CLIMATE REPORT
NATIONAL WEATHER SERVICE GRAND RAPIDS, MI
528 PM EDT SUN SEP 10 2017


...................................

...THE GRAND RAPIDS MI CLIMATE SUMMARY FOR SEPTEMBER 10 2017...
VALID TODAY AS OF 0500 PM LOCAL TIME.

CLIMATE NORMAL PERIOD 1981 TO 2010
CLIMATE RECORD PERIOD 1892 TO 2017


WEATHER ITEM   OBSERVED TIME   RECORD YEAR NORMAL DEPARTURE LAST
                VALUE   (LST)  VALUE       VALUE  FROM      YEAR
                                                  NORMAL
..................................................................
TEMPERATURE (F)
 TODAY
  MAXIMUM         69    341 PM  94    2013  75     -6       75
                                      1931
  MINIMUM         44    644 AM  36    1969  55    -11       60
                                      1917
  AVERAGE         57                        65     -8       68

PRECIPITATION (IN)
  TODAY            0.00          2.76 1986   0.14  -0.14     0.47
  MONTH TO DATE    0.56                      1.37  -0.81     0.88
  SINCE SEP 1      0.56                      1.37  -0.81     0.88
  SINCE JAN 1     24.88                     26.09  -1.21    32.42

SNOWFALL (IN)
  TODAY            0.0           0.0    MM   0.0    0.0      0.0
  MONTH TO DATE    0.0                       0.0    0.0      0.0
  SINCE SEP 1      0.0                       0.0    0.0      0.0
  SINCE JUL 1      0.0                       0.0    0.0      0.0
  SNOW DEPTH       0

DEGREE DAYS
 HEATING
  TODAY            8                         3      5        0
  MONTH TO DATE   57                        19     38        3
  SINCE SEP 1     57                        19     38        3
  SINCE JUL 1     73                        39     34        3

 COOLING
  TODAY            0                         3     -3        3
  MONTH TO DATE    6                        35    -29       61
  SINCE SEP 1      6                        35    -29       61
  SINCE JAN 1    578                       660    -82      892
..................................................................


WIND (MPH)
  RESULTANT WIND SPEED   5   RESULTANT WIND DIRECTION   E (80)
  HIGHEST WIND SPEED    13   HIGHEST WIND DIRECTION     E (70)
  HIGHEST GUST SPEED    19   HIGHEST GUST DIRECTION     E (80)
  AVERAGE WIND SPEED     4.8


SKY COVER
  AVERAGE SKY COVER 0.0


WEATHER CONDITIONS
 THE FOLLOWING WEATHER WAS RECORDED TODAY.
  NO SIGNIFICANT WEATHER WAS OBSERVED.


RELATIVE HUMIDITY (PERCENT)
 HIGHEST   100           700 AM
 LOWEST     39           400 PM
 AVERAGE    70

..........................................................


THE GRAND RAPIDS MI CLIMATE NORMALS FOR TOMORROW
                         NORMAL    RECORD    YEAR
 MAXIMUM TEMPERATURE (F)   75        94      1931
 MINIMUM TEMPERATURE (F)   55        32      1943


SUNRISE AND SUNSET
SEPTEMBER 10 2017.....SUNRISE   717 AM EDT   SUNSET   800 PM EDT
SEPTEMBER 11 2017.....SUNRISE   718 AM EDT   SUNSET   759 PM EDT


-  INDICATES NEGATIVE NUMBERS.
R  INDICATES RECORD WAS SET OR TIED.
MM INDICATES DATA IS MISSING.
T  INDICATES TRACE AMOUNT.




$$
