938
CDUS43 KGRR 290518
CLIGRR


CLIMATE REPORT
NATIONAL WEATHER SERVICE GRAND RAPIDS, MI
1217 AM EST FRI JAN 29 2016


...................................

...THE GRAND RAPIDS MI CLIMATE SUMMARY FOR JANUARY 28 2016...

CLIMATE NORMAL PERIOD 1981 TO 2010
CLIMATE RECORD PERIOD 1892 TO 2016


WEATHER ITEM   OBSERVED TIME   RECORD YEAR NORMAL DEPARTURE LAST
                VALUE   (LST)  VALUE       VALUE  FROM      YEAR
                                                  NORMAL
..................................................................
TEMPERATURE (F)
 YESTERDAY
  MAXIMUM         35    237 PM  53    2002  31      4       31
                                      1914
  MINIMUM         27   1159 PM  -9    2014  18      9       10
  AVERAGE         31                        24      7       21

PRECIPITATION (IN)
  YESTERDAY        0.10          0.79 1994   0.06   0.04     0.00
  MONTH TO DATE    1.94                      1.92   0.02     1.79
  SINCE DEC 1      5.27                      4.42   0.85     3.36
  SINCE JAN 1      1.94                      1.92   0.02     1.79

SNOWFALL (IN)
  YESTERDAY        0.4           6.0  1977   0.6   -0.2      0.0
  MONTH TO DATE   20.8                      18.9    1.9     22.7
  SINCE DEC 1     23.3                      40.8  -17.5     23.7
  SINCE JUL 1     26.8                      48.1  -21.3     54.7
  SNOW DEPTH       2

DEGREE DAYS
 HEATING
  YESTERDAY       34                        41     -7       44
  MONTH TO DATE 1109                      1139    -30     1228
  SINCE DEC 1   1906                      2250   -344     2247
  SINCE JUL 1   2964                      3588   -624     3743

 COOLING
  YESTERDAY        0                         0      0        0
  MONTH TO DATE    0                         0      0        0
  SINCE DEC 1      0                         0      0        0
  SINCE JAN 1      0                         0      0        0
..................................................................


WIND (MPH)
  RESULTANT WIND SPEED  10   RESULTANT WIND DIRECTION  SW (240)
  HIGHEST WIND SPEED    22   HIGHEST WIND DIRECTION    NW (330)
  HIGHEST GUST SPEED    30   HIGHEST GUST DIRECTION     S (190)
  AVERAGE WIND SPEED    14.9


SKY COVER
  POSSIBLE SUNSHINE   0 PERCENT
  AVERAGE SKY COVER 1.0


WEATHER CONDITIONS
 THE FOLLOWING WEATHER WAS RECORDED YESTERDAY.
  MIXED PRECIP
  LIGHT SNOW
  FOG


RELATIVE HUMIDITY (PERCENT)
 HIGHEST   100           100 PM
 LOWEST     63          1000 PM
 AVERAGE    82

..........................................................


THE GRAND RAPIDS MI CLIMATE NORMALS FOR TODAY
                         NORMAL    RECORD    YEAR
 MAXIMUM TEMPERATURE (F)   31        59      1914
 MINIMUM TEMPERATURE (F)   18       -16      1966


SUNRISE AND SUNSET
JANUARY 29 2016.......SUNRISE   800 AM EST   SUNSET   550 PM EST
JANUARY 30 2016.......SUNRISE   759 AM EST   SUNSET   552 PM EST


-  INDICATES NEGATIVE NUMBERS.
R  INDICATES RECORD WAS SET OR TIED.
MM INDICATES DATA IS MISSING.
T  INDICATES TRACE AMOUNT.




$$
