000
CDUS43 KGRR 060520
CLIGRR


CLIMATE REPORT
NATIONAL WEATHER SERVICE GRAND RAPIDS, MI
120 AM EDT MON JUL 6 2015


...................................

...THE GRAND RAPIDS MI CLIMATE SUMMARY FOR JULY 5 2015...

CLIMATE NORMAL PERIOD 1981 TO 2010
CLIMATE RECORD PERIOD 1892 TO 2015


WEATHER ITEM   OBSERVED TIME   RECORD YEAR NORMAL DEPARTURE LAST
                VALUE   (LST)  VALUE       VALUE  FROM      YEAR
                                                  NORMAL
..................................................................
TEMPERATURE (F)
 YESTERDAY
  MAXIMUM         84    317 PM 101    2012  83      1       79
  MINIMUM         56    601 AM  44    1972  62     -6       53
  AVERAGE         70                        72     -2       66

PRECIPITATION (IN)
  YESTERDAY        0.00          3.56 1994   0.12  -0.12     0.00
  MONTH TO DATE    0.00                      0.59  -0.59     0.57
  SINCE JUN 1      4.03                      4.36  -0.33     5.72
  SINCE JAN 1     15.66                     17.94  -2.28    18.99

SNOWFALL (IN)
  YESTERDAY        0.0           0.0  2006   0.0    0.0      0.0
                                      2005
                                      2004
  MONTH TO DATE    0.0                       0.0    0.0      0.0
  SINCE JUN 1      0.0                       0.0    0.0      0.0
  SINCE JUL 1      0.0                       0.0    0.0      0.0
  SNOW DEPTH       0

DEGREE DAYS
 HEATING
  YESTERDAY        0                         0      0        0
  MONTH TO DATE    6                         0      6        1
  SINCE JUN 1     36                        45     -9       14
  SINCE JUL 1      6                         0      6        1

 COOLING
  YESTERDAY        5                         8     -3        1
  MONTH TO DATE    8                        37    -29       13
  SINCE JUN 1     97                       182    -85      192
  SINCE JAN 1    149                       229    -80      245
..................................................................


WIND (MPH)
  RESULTANT WIND SPEED   3   RESULTANT WIND DIRECTION   S (180)
  HIGHEST WIND SPEED    43   HIGHEST WIND DIRECTION     E (90)
  HIGHEST GUST SPEED    78   HIGHEST GUST DIRECTION     E (90)
  AVERAGE WIND SPEED     4.1


SKY COVER
  POSSIBLE SUNSHINE  70 PERCENT
  AVERAGE SKY COVER 0.3


WEATHER CONDITIONS
 THE FOLLOWING WEATHER WAS RECORDED YESTERDAY.
  FOG
  HAZE


RELATIVE HUMIDITY (PERCENT)
 HIGHEST    93           500 AM
 LOWEST     47           300 PM
 AVERAGE    70

..........................................................


THE GRAND RAPIDS MI CLIMATE NORMALS FOR TODAY
                         NORMAL    RECORD    YEAR
 MAXIMUM TEMPERATURE (F)   83       104      2012
 MINIMUM TEMPERATURE (F)   62        41      1983


SUNRISE AND SUNSET
JULY  6 2015..........SUNRISE   610 AM EDT   SUNSET   923 PM EDT
JULY  7 2015..........SUNRISE   611 AM EDT   SUNSET   923 PM EDT


-  INDICATES NEGATIVE NUMBERS.
R  INDICATES RECORD WAS SET OR TIED.
MM INDICATES DATA IS MISSING.
T  INDICATES TRACE AMOUNT.




$$
