000
CDUS43 KGRR 030526
CLIGRR


CLIMATE REPORT
NATIONAL WEATHER SERVICE GRAND RAPIDS, MI
124 AM EDT THU JUL 3 2014


...................................

...THE GRAND RAPIDS MI CLIMATE SUMMARY FOR JULY 2 2014...

CLIMATE NORMAL PERIOD 1981 TO 2010
CLIMATE RECORD PERIOD 1892 TO 2014


WEATHER ITEM   OBSERVED TIME   RECORD YEAR NORMAL DEPARTURE LAST
                VALUE   (LST)  VALUE       VALUE  FROM      YEAR
                                                  NORMAL
..................................................................
TEMPERATURE (F)
 YESTERDAY
  MAXIMUM         71   1033 AM  98    1910  83    -12       71
  MINIMUM         60    909 PM  43    2001  61     -1       57
  AVERAGE         66                        72     -6       64

PRECIPITATION (IN)
  YESTERDAY        T             3.18 2008   0.12  -0.12     0.17
  MONTH TO DATE    0.16                      0.24  -0.08     0.17
  SINCE JUN 1      5.31                      4.01   1.30     4.69
  SINCE JAN 1     18.58                     17.59   0.99    27.38

SNOWFALL (IN)
  YESTERDAY        0.0           0.0  2006   0.0    0.0      0.0
                                      2005
                                      2004
  MONTH TO DATE    0.0                       0.0    0.0      0.0
  SINCE JUN 1      0.0                       0.0    0.0      0.0
  SINCE JUL 1      0.0                       0.0    0.0      0.0
  SNOW DEPTH       0

DEGREE DAYS
 HEATING
  YESTERDAY        0                         0      0        1
  MONTH TO DATE    0                         0      0        1
  SINCE JUN 1     13                        45    -32       41
  SINCE JUL 1      0                         0      0        1

 COOLING
  YESTERDAY        1                         7     -6        0
  MONTH TO DATE   10                        14     -4        2
  SINCE JUN 1    189                       159     30      151
  SINCE JAN 1    242                       206     36      233
..................................................................


WIND (MPH)
  RESULTANT WIND SPEED  11   RESULTANT WIND DIRECTION   W (250)
  HIGHEST WIND SPEED    22   HIGHEST WIND DIRECTION     W (260)
  HIGHEST GUST SPEED    31   HIGHEST GUST DIRECTION     W (250)
  AVERAGE WIND SPEED    11.9


SKY COVER
  POSSIBLE SUNSHINE  28 PERCENT
  AVERAGE SKY COVER 0.8


WEATHER CONDITIONS
 THE FOLLOWING WEATHER WAS RECORDED YESTERDAY.
  NO SIGNIFICANT WEATHER WAS OBSERVED.


RELATIVE HUMIDITY (PERCENT)
 HIGHEST    90          1000 PM
 LOWEST     59          1100 AM
 AVERAGE    75

..........................................................


THE GRAND RAPIDS MI CLIMATE NORMALS FOR TODAY
                         NORMAL    RECORD    YEAR
 MAXIMUM TEMPERATURE (F)   83        97      1966
                                             1949
                                             1921
 MINIMUM TEMPERATURE (F)   62        43      1968


SUNRISE AND SUNSET
JULY  3 2014..........SUNRISE   608 AM EDT   SUNSET   924 PM EDT
JULY  4 2014..........SUNRISE   609 AM EDT   SUNSET   924 PM EDT


-  INDICATES NEGATIVE NUMBERS.
R  INDICATES RECORD WAS SET OR TIED.
MM INDICATES DATA IS MISSING.
T  INDICATES TRACE AMOUNT.




$$
