000
CDUS43 KGRR 300516
CLIGRR


CLIMATE REPORT
NATIONAL WEATHER SERVICE GRAND RAPIDS, MI
115 AM EDT THU JUL 30 2015


...................................

...THE GRAND RAPIDS MI CLIMATE SUMMARY FOR JULY 29 2015...

CLIMATE NORMAL PERIOD 1981 TO 2010
CLIMATE RECORD PERIOD 1892 TO 2015


WEATHER ITEM   OBSERVED TIME   RECORD YEAR NORMAL DEPARTURE LAST
                VALUE   (LST)  VALUE       VALUE  FROM      YEAR
                                                  NORMAL
..................................................................
TEMPERATURE (F)
 YESTERDAY
  MAXIMUM         87    224 PM 103    1916  82      5       77
  MINIMUM         69   1145 PM  47    1971  62      7       52
  AVERAGE         78                        72      6       65

PRECIPITATION (IN)
  YESTERDAY        0.00          1.74 1905   0.12  -0.12     0.00
  MONTH TO DATE    2.23                      3.54  -1.31     4.38
  SINCE JUN 1      6.26                      7.31  -1.05     9.53
  SINCE JAN 1     17.89                     20.89  -3.00    22.80

SNOWFALL (IN)
  YESTERDAY        0.0           0.0  2006   0.0    0.0      0.0
                                      2005
                                      2004
  MONTH TO DATE    0.0                       0.0    0.0      0.0
  SINCE JUN 1      0.0                       0.0    0.0      0.0
  SINCE JUL 1      0.0                       0.0    0.0      0.0
  SNOW DEPTH       0

DEGREE DAYS
 HEATING
  YESTERDAY        0                         0      0        0
  MONTH TO DATE   13                         0     13        9
  SINCE JUN 1     43                        45     -2       22
  SINCE JUL 1     13                         0     13        9

 COOLING
  YESTERDAY       13                         7      6        0
  MONTH TO DATE  178                       228    -50      119
  SINCE JUN 1    267                       373   -106      298
  SINCE JAN 1    319                       420   -101      351
..................................................................


WIND (MPH)
  RESULTANT WIND SPEED   8   RESULTANT WIND DIRECTION   W (250)
  HIGHEST WIND SPEED    22   HIGHEST WIND DIRECTION     W (280)
  HIGHEST GUST SPEED    30   HIGHEST GUST DIRECTION    NW (300)
  AVERAGE WIND SPEED    10.5


SKY COVER
  POSSIBLE SUNSHINE  62 PERCENT
  AVERAGE SKY COVER 0.5


WEATHER CONDITIONS
 THE FOLLOWING WEATHER WAS RECORDED YESTERDAY.
  HAZE


RELATIVE HUMIDITY (PERCENT)
 HIGHEST    82           800 AM
 LOWEST     29           400 PM
 AVERAGE    56

..........................................................


THE GRAND RAPIDS MI CLIMATE NORMALS FOR TODAY
                         NORMAL    RECORD    YEAR
 MAXIMUM TEMPERATURE (F)   82       101      1916
 MINIMUM TEMPERATURE (F)   62        50      2013
                                             1965
                                             1956


SUNRISE AND SUNSET
JULY 30 2015..........SUNRISE   631 AM EDT   SUNSET   905 PM EDT
JULY 31 2015..........SUNRISE   632 AM EDT   SUNSET   904 PM EDT


-  INDICATES NEGATIVE NUMBERS.
R  INDICATES RECORD WAS SET OR TIED.
MM INDICATES DATA IS MISSING.
T  INDICATES TRACE AMOUNT.




$$
