532
CDUS43 KGRR 301332
CLIGRR


CLIMATE REPORT
NATIONAL WEATHER SERVICE GRAND RAPIDS, MI
931 AM EDT SAT JUL 30 2016


...................................

...THE GRAND RAPIDS MI CLIMATE SUMMARY FOR JULY 30 2016...
VALID AS OF 0900 AM LOCAL TIME.

CLIMATE NORMAL PERIOD 1981 TO 2010
CLIMATE RECORD PERIOD 1892 TO 2016


WEATHER ITEM   OBSERVED TIME   RECORD YEAR NORMAL DEPARTURE LAST
                VALUE   (LST)  VALUE       VALUE  FROM      YEAR
                                                  NORMAL
..................................................................
TEMPERATURE (F)
 TODAY
  MAXIMUM         66    739 AM 101    1916  82    -16       85
  MINIMUM         61    341 AM  50    2013  62     -1       64
                                      1965
                                      1956
  AVERAGE         64                        72     -8       75

PRECIPITATION (IN)
  TODAY            1.47          1.68 1970   0.12   1.35     0.00
  MONTH TO DATE    5.58                      3.66   1.92     2.23
  SINCE JUN 1      6.73                      7.43  -0.70     6.26
  SINCE JAN 1     23.53                     21.01   2.52    17.89

SNOWFALL (IN)
  TODAY            0.0           0.0  2006   0.0    0.0      0.0
                                      2005
                                      2004
  MONTH TO DATE    0.0                       0.0    0.0      0.0
  SINCE JUN 1      0.0                       0.0    0.0      0.0
  SINCE JUL 1      0.0                       0.0    0.0      0.0
  SNOW DEPTH       0

DEGREE DAYS
 HEATING
  TODAY            1                         0      1        0
  MONTH TO DATE    1                         0      1       13
  SINCE JUN 1     22                        45    -23       43
  SINCE JUL 1      1                         0      1       13

 COOLING
  TODAY            0                         7     -7       10
  MONTH TO DATE  287                       235     52      188
  SINCE JUN 1    477                       380     97      277
  SINCE JAN 1    548                       427    121      329
..................................................................


WIND (MPH)
  RESULTANT WIND SPEED  11   RESULTANT WIND DIRECTION  NE (60)
  HIGHEST WIND SPEED    20   HIGHEST WIND DIRECTION    NE (60)
  HIGHEST GUST SPEED    25   HIGHEST GUST DIRECTION    NE (60)
  AVERAGE WIND SPEED    11.3


SKY COVER
  AVERAGE SKY COVER 0.9


WEATHER CONDITIONS
 THE FOLLOWING WEATHER WAS RECORDED TODAY.
  HEAVY RAIN
  RAIN
  LIGHT RAIN
  FOG


RELATIVE HUMIDITY (PERCENT)
 HIGHEST    93           500 AM
 LOWEST     78          1200 AM
 AVERAGE    86

..........................................................


THE GRAND RAPIDS MI CLIMATE NORMALS FOR TOMORROW
                         NORMAL    RECORD    YEAR
 MAXIMUM TEMPERATURE (F)   82        98      1917
 MINIMUM TEMPERATURE (F)   62        46      1971


SUNRISE AND SUNSET
JULY 30 2016..........SUNRISE   632 AM EDT   SUNSET   905 PM EDT
JULY 31 2016..........SUNRISE   633 AM EDT   SUNSET   903 PM EDT


-  INDICATES NEGATIVE NUMBERS.
R  INDICATES RECORD WAS SET OR TIED.
MM INDICATES DATA IS MISSING.
T  INDICATES TRACE AMOUNT.




$$
