000
CDUS43 KGRR 240520
CLIGRR


CLIMATE REPORT
NATIONAL WEATHER SERVICE GRAND RAPIDS, MI
1219 AM EST FRI FEB 24 2017


...................................

...THE GRAND RAPIDS MI CLIMATE SUMMARY FOR FEBRUARY 23 2017...

CLIMATE NORMAL PERIOD 1981 TO 2010
CLIMATE RECORD PERIOD 1892 TO 2017


WEATHER ITEM   OBSERVED TIME   RECORD YEAR NORMAL DEPARTURE LAST
                VALUE   (LST)  VALUE       VALUE  FROM      YEAR
                                                  NORMAL
..................................................................
TEMPERATURE (F)
 YESTERDAY
  MAXIMUM         58    258 AM  63    2000  36     22       45
                                      1984
  MINIMUM         40   1159 PM -10    2015  21     19       26
  AVERAGE         49                        29     20       36

PRECIPITATION (IN)
  YESTERDAY        0.04          1.48 1985   0.08  -0.04     0.00
  MONTH TO DATE    0.78                      1.42  -0.64     1.76
  SINCE DEC 1      7.25                      6.01   1.24     7.24
  SINCE JAN 1      4.29                      3.51   0.78     3.91

SNOWFALL (IN)
  YESTERDAY        0.0           5.9  1994   0.5   -0.5      0.0
  MONTH TO DATE    1.9                      12.5  -10.6      3.2
  SINCE DEC 1     53.7                      55.2   -1.5     26.5
  SINCE JUL 1     54.5                      62.5   -8.0     30.0
  SNOW DEPTH       0

DEGREE DAYS
 HEATING
  YESTERDAY       16                        36    -20       29
  MONTH TO DATE  706                       890   -184      838
  SINCE DEC 1   2970                      3259   -289     2835
  SINCE JUL 1   3918                      4597   -679     3893

 COOLING
  YESTERDAY        0                         0      0        0
  MONTH TO DATE    0                         0      0        0
  SINCE DEC 1      0                         0      0        0
  SINCE JAN 1      0                         0      0        0
..................................................................


WIND (MPH)
  RESULTANT WIND SPEED   4   RESULTANT WIND DIRECTION   W (260)
  HIGHEST WIND SPEED    24   HIGHEST WIND DIRECTION    SW (240)
  HIGHEST GUST SPEED    30   HIGHEST GUST DIRECTION    SW (230)
  AVERAGE WIND SPEED    10.3


SKY COVER
  POSSIBLE SUNSHINE  14 PERCENT
  AVERAGE SKY COVER 0.6


WEATHER CONDITIONS
 THE FOLLOWING WEATHER WAS RECORDED YESTERDAY.
  LIGHT RAIN
  FOG
  HAZE


RELATIVE HUMIDITY (PERCENT)
 HIGHEST    89           500 AM
 LOWEST     61           400 PM
 AVERAGE    75

..........................................................


THE GRAND RAPIDS MI CLIMATE NORMALS FOR TODAY
                         NORMAL    RECORD    YEAR
 MAXIMUM TEMPERATURE (F)   36        57      1976
                                             1930
 MINIMUM TEMPERATURE (F)   22        -9      1989


SUNRISE AND SUNSET
FEBRUARY 24 2017......SUNRISE   725 AM EST   SUNSET   626 PM EST
FEBRUARY 25 2017......SUNRISE   724 AM EST   SUNSET   627 PM EST


-  INDICATES NEGATIVE NUMBERS.
R  INDICATES RECORD WAS SET OR TIED.
MM INDICATES DATA IS MISSING.
T  INDICATES TRACE AMOUNT.




$$
