000
CDUS43 KGRR 240520
CLIGRR


CLIMATE REPORT
NATIONAL WEATHER SERVICE GRAND RAPIDS, MI
119 AM EDT WED AUG 24 2016


...................................

...THE GRAND RAPIDS MI CLIMATE SUMMARY FOR AUGUST 23 2016...

CLIMATE NORMAL PERIOD 1981 TO 2010
CLIMATE RECORD PERIOD 1892 TO 2016


WEATHER ITEM   OBSERVED TIME   RECORD YEAR NORMAL DEPARTURE LAST
                VALUE   (LST)  VALUE       VALUE  FROM      YEAR
                                                  NORMAL
..................................................................
TEMPERATURE (F)
 YESTERDAY
  MAXIMUM         80    428 PM  96    1947  80      0       76
  MINIMUM         57    630 AM  43    1952  60     -3       59
                                      1951
  AVERAGE         69                        70     -1       68

PRECIPITATION (IN)
  YESTERDAY        0.00          1.91 1910   0.11  -0.11     0.59
  MONTH TO DATE    6.55                      2.64   3.91     3.49
  SINCE JUN 1     13.32                     10.19   3.13     9.75
  SINCE JAN 1     30.12                     23.77   6.35    21.38

SNOWFALL (IN)
  YESTERDAY        0.0           0.0    MM   0.0    0.0      0.0
  MONTH TO DATE    0.0                       0.0    0.0      0.0
  SINCE JUN 1      0.0                       0.0    0.0      0.0
  SINCE JUL 1      0.0                       0.0    0.0      0.0
  SNOW DEPTH       0

DEGREE DAYS
 HEATING
  YESTERDAY        0                         1     -1        0
  MONTH TO DATE    0                         1     -1        1
  SINCE JUN 1     21                        52    -31       44
  SINCE JUL 1      0                         7     -7       14

 COOLING
  YESTERDAY        4                         6     -2        3
  MONTH TO DATE  209                       153     56      155
  SINCE JUN 1    695                       537    158      442
  SINCE JAN 1    766                       584    182      494
..................................................................


WIND (MPH)
  RESULTANT WIND SPEED   8   RESULTANT WIND DIRECTION   S (190)
  HIGHEST WIND SPEED    16   HIGHEST WIND DIRECTION    SW (220)
  HIGHEST GUST SPEED    21   HIGHEST GUST DIRECTION    SW (220)
  AVERAGE WIND SPEED     8.6


SKY COVER
  POSSIBLE SUNSHINE  97 PERCENT
  AVERAGE SKY COVER 0.4


WEATHER CONDITIONS
 THE FOLLOWING WEATHER WAS RECORDED YESTERDAY.
  NO SIGNIFICANT WEATHER WAS OBSERVED.


RELATIVE HUMIDITY (PERCENT)
 HIGHEST    87           100 AM
 LOWEST     48           100 PM
 AVERAGE    68

..........................................................


THE GRAND RAPIDS MI CLIMATE NORMALS FOR TODAY
                         NORMAL    RECORD    YEAR
 MAXIMUM TEMPERATURE (F)   80        98      1948
                                             1947
 MINIMUM TEMPERATURE (F)   60        40      1946
                                             1942


SUNRISE AND SUNSET
AUGUST 24 2016........SUNRISE   658 AM EDT   SUNSET   829 PM EDT
AUGUST 25 2016........SUNRISE   700 AM EDT   SUNSET   828 PM EDT


-  INDICATES NEGATIVE NUMBERS.
R  INDICATES RECORD WAS SET OR TIED.
MM INDICATES DATA IS MISSING.
T  INDICATES TRACE AMOUNT.




$$
