000
CDUS43 KGRR 250516
CLIGRR


CLIMATE REPORT
NATIONAL WEATHER SERVICE GRAND RAPIDS, MI
1216 AM EST THU DEC 25 2014


...................................

...THE GRAND RAPIDS MI CLIMATE SUMMARY FOR DECEMBER 24 2014...

CLIMATE NORMAL PERIOD 1981 TO 2010
CLIMATE RECORD PERIOD 1892 TO 2014


WEATHER ITEM   OBSERVED TIME   RECORD YEAR NORMAL DEPARTURE LAST
                VALUE   (LST)  VALUE       VALUE  FROM      YEAR
                                                  NORMAL
..................................................................
TEMPERATURE (F)
 YESTERDAY
  MAXIMUM         40    329 AM  58    1893  33      7       19
  MINIMUM         33   1012 PM  -9    1944  21     12        8
  AVERAGE         37                        27     10       14

PRECIPITATION (IN)
  YESTERDAY        0.89          1.79 1979   0.07   0.82     0.02
  MONTH TO DATE    1.53                      1.97  -0.44     2.39
  SINCE DEC 1      1.53                      1.97  -0.44     2.39
  SINCE JAN 1     40.24                     37.74   2.50    45.17

SNOWFALL (IN)
  YESTERDAY        T             7.5  1993   0.7   -0.7      1.9
  MONTH TO DATE    0.3                      16.3  -16.0     28.1
  SINCE DEC 1      0.3                      16.3  -16.0     28.1
  SINCE JUL 1     31.3                      23.6    7.7     30.3
  SNOW DEPTH       0

DEGREE DAYS
 HEATING
  YESTERDAY       28                        38    -10       51
  MONTH TO DATE  776                       838    -62      926
  SINCE DEC 1    776                       838    -62      926
  SINCE JUL 1   2272                      2176     96     2248

 COOLING
  YESTERDAY        0                         0      0        0
  MONTH TO DATE    0                         0      0        0
  SINCE DEC 1      0                         0      0        0
  SINCE JAN 1    611                       699    -88      767
..................................................................


WIND (MPH)
  RESULTANT WIND SPEED   5   RESULTANT WIND DIRECTION  NW (320)
  HIGHEST WIND SPEED    18   HIGHEST WIND DIRECTION     W (270)
  HIGHEST GUST SPEED    24   HIGHEST GUST DIRECTION     W (270)
  AVERAGE WIND SPEED     8.5


SKY COVER
  POSSIBLE SUNSHINE   0 PERCENT
  AVERAGE SKY COVER 1.0


WEATHER CONDITIONS
 THE FOLLOWING WEATHER WAS RECORDED YESTERDAY.
  RAIN
  LIGHT RAIN
  SNOW
  LIGHT SNOW
  FOG


RELATIVE HUMIDITY (PERCENT)
 HIGHEST   100           700 AM
 LOWEST     85          1200 AM
 AVERAGE    93

..........................................................


THE GRAND RAPIDS MI CLIMATE NORMALS FOR TODAY
                         NORMAL    RECORD    YEAR
 MAXIMUM TEMPERATURE (F)   32        65      1982
 MINIMUM TEMPERATURE (F)   21        -3      1983


SUNRISE AND SUNSET
DECEMBER 25 2014......SUNRISE   811 AM EST   SUNSET   513 PM EST
DECEMBER 26 2014......SUNRISE   812 AM EST   SUNSET   514 PM EST


-  INDICATES NEGATIVE NUMBERS.
R  INDICATES RECORD WAS SET OR TIED.
MM INDICATES DATA IS MISSING.
T  INDICATES TRACE AMOUNT.




$$
