000
CDUS43 KGRR 290516
CLIGRR


CLIMATE REPORT
NATIONAL WEATHER SERVICE GRAND RAPIDS, MI
116 AM EDT WED MAR 29 2017


...................................

...THE GRAND RAPIDS MI CLIMATE SUMMARY FOR MARCH 28 2017...

CLIMATE NORMAL PERIOD 1981 TO 2010
CLIMATE RECORD PERIOD 1892 TO 2017


WEATHER ITEM   OBSERVED TIME   RECORD YEAR NORMAL DEPARTURE LAST
                VALUE   (LST)  VALUE       VALUE  FROM      YEAR
                                                  NORMAL
..................................................................
TEMPERATURE (F)
 YESTERDAY
  MAXIMUM         52    531 PM  78    1905  50      2       48
  MINIMUM         35   1159 PM   8    1923  31      4       37
  AVERAGE         44                        40      4       43

PRECIPITATION (IN)
  YESTERDAY        T             1.02 1985   0.09  -0.09     0.17
  MONTH TO DATE    2.33                      2.10   0.23     3.77
  SINCE MAR 1      2.33                      2.10   0.23     3.77
  SINCE JAN 1      7.89                      5.98   1.91     8.70

SNOWFALL (IN)
  YESTERDAY        0.0           3.3  1947   0.2   -0.2      0.0
  MONTH TO DATE    4.7                       7.9   -3.2     10.1
  SINCE MAR 1      4.7                       7.9   -3.2     10.1
  SINCE JUL 1     59.7                      72.7  -13.0     51.7
  SNOW DEPTH       0

DEGREE DAYS
 HEATING
  YESTERDAY       21                        25     -4       22
  MONTH TO DATE  842                       839      3      699
  SINCE MAR 1    842                       839      3      699
  SINCE JUL 1   4896                      5616   -720     4776

 COOLING
  YESTERDAY        0                         0      0        0
  MONTH TO DATE    0                         0      0        0
  SINCE MAR 1      0                         0      0        0
  SINCE JAN 1      0                         0      0        0
..................................................................


WIND (MPH)
  RESULTANT WIND SPEED   5   RESULTANT WIND DIRECTION  NE (40)
  HIGHEST WIND SPEED    13   HIGHEST WIND DIRECTION     E (70)
  HIGHEST GUST SPEED    15   HIGHEST GUST DIRECTION     E (70)
  AVERAGE WIND SPEED     6.6


SKY COVER
  POSSIBLE SUNSHINE  25 PERCENT
  AVERAGE SKY COVER 0.7


WEATHER CONDITIONS
 THE FOLLOWING WEATHER WAS RECORDED YESTERDAY.
  LIGHT RAIN
  FOG


RELATIVE HUMIDITY (PERCENT)
 HIGHEST   100           700 AM
 LOWEST     59           600 PM
 AVERAGE    80

..........................................................


THE GRAND RAPIDS MI CLIMATE NORMALS FOR TODAY
                         NORMAL    RECORD    YEAR
 MAXIMUM TEMPERATURE (F)   50        82      1910
 MINIMUM TEMPERATURE (F)   31         6      1970


SUNRISE AND SUNSET
MARCH 29 2017.........SUNRISE   729 AM EDT   SUNSET   805 PM EDT
MARCH 30 2017.........SUNRISE   727 AM EDT   SUNSET   806 PM EDT


-  INDICATES NEGATIVE NUMBERS.
R  INDICATES RECORD WAS SET OR TIED.
MM INDICATES DATA IS MISSING.
T  INDICATES TRACE AMOUNT.




$$
