000
CDUS43 KGRR 250522
CLIGRR


CLIMATE REPORT
NATIONAL WEATHER SERVICE GRAND RAPIDS, MI
119 AM EDT FRI APR 25 2014


...................................

...THE GRAND RAPIDS MI CLIMATE SUMMARY FOR APRIL 24 2014...

CLIMATE NORMAL PERIOD 1981 TO 2010
CLIMATE RECORD PERIOD 1892 TO 2014


WEATHER ITEM   OBSERVED TIME   RECORD YEAR NORMAL DEPARTURE LAST
                VALUE   (LST)  VALUE       VALUE  FROM      YEAR
                                                  NORMAL
..................................................................
TEMPERATURE (F)
 YESTERDAY
  MAXIMUM         59    408 PM  86    1915  62     -3       47
  MINIMUM         42    537 AM  26    1971  41      1       34
                                      1969
  AVERAGE         51                        51      0       41

PRECIPITATION (IN)
  YESTERDAY        T             1.46 1957   0.11  -0.11     0.16
  MONTH TO DATE    1.81                      2.66  -0.85    10.57
  SINCE MAR 1      3.35                      5.03  -1.68    11.51
  SINCE JAN 1      9.15                      8.91   0.24    18.57

SNOWFALL (IN)
  YESTERDAY        0.0           2.4  1980   0.1   -0.1       T
  MONTH TO DATE    1.8                       1.8    0.0      0.5
  SINCE MAR 1      8.2                      10.1   -1.9      8.2
  SINCE JUL 1    116.0                      74.9   41.1     65.8
  SNOW DEPTH       0

DEGREE DAYS
 HEATING
  YESTERDAY       14                        14      0       24
  MONTH TO DATE  438                       441     -3      551
  SINCE MAR 1   1621                      1351    270     1579
  SINCE JUL 1   6902                      6128    774     6064

 COOLING
  YESTERDAY        0                         0      0        0
  MONTH TO DATE    2                         0      2        0
  SINCE MAR 1      2                         1      1        0
  SINCE JAN 1      2                         1      1        0
..................................................................


WIND (MPH)
  RESULTANT WIND SPEED  12   RESULTANT WIND DIRECTION   E (110)
  HIGHEST WIND SPEED    29   HIGHEST WIND DIRECTION     E (110)
  HIGHEST GUST SPEED    36   HIGHEST GUST DIRECTION    SE (120)
  AVERAGE WIND SPEED    13.5


SKY COVER
  POSSIBLE SUNSHINE  74 PERCENT
  AVERAGE SKY COVER 0.9


WEATHER CONDITIONS
 THE FOLLOWING WEATHER WAS RECORDED YESTERDAY.
  LIGHT RAIN


RELATIVE HUMIDITY (PERCENT)
 HIGHEST    67           600 AM
 LOWEST     25           400 PM
 AVERAGE    46

..........................................................


THE GRAND RAPIDS MI CLIMATE NORMALS FOR TODAY
                         NORMAL    RECORD    YEAR
 MAXIMUM TEMPERATURE (F)   62        86      1915
 MINIMUM TEMPERATURE (F)   41        22      1967


SUNRISE AND SUNSET
APRIL 25 2014.........SUNRISE   645 AM EDT   SUNSET   836 PM EDT
APRIL 26 2014.........SUNRISE   643 AM EDT   SUNSET   837 PM EDT


-  INDICATES NEGATIVE NUMBERS.
R  INDICATES RECORD WAS SET OR TIED.
MM INDICATES DATA IS MISSING.
T  INDICATES TRACE AMOUNT.




$$
