000
CDUS43 KGRR 261334
CLIGRR


CLIMATE REPORT
NATIONAL WEATHER SERVICE GRAND RAPIDS, MI
932 AM EDT THU MAR 26 2015


...................................

...THE GRAND RAPIDS MI CLIMATE SUMMARY FOR MARCH 26 2015...
VALID AS OF 0900 AM LOCAL TIME.

CLIMATE NORMAL PERIOD 1981 TO 2010
CLIMATE RECORD PERIOD 1892 TO 2015


WEATHER ITEM   OBSERVED TIME   RECORD YEAR NORMAL DEPARTURE LAST
                VALUE   (LST)  VALUE       VALUE  FROM      YEAR
                                                  NORMAL
..................................................................
TEMPERATURE (F)
 TODAY
  MAXIMUM         37    136 AM  77    1976  49    -12       33
  MINIMUM         34    700 AM   6    1996  30      4        7
  AVERAGE         36                        40     -4       20

PRECIPITATION (IN)
  TODAY            0.00          1.20 1948   0.08  -0.08     0.00
  MONTH TO DATE    0.75                      1.93  -1.18     1.04
  SINCE MAR 1      0.75                      1.93  -1.18     1.04
  SINCE JAN 1      3.79                      5.81  -2.02     6.84

SNOWFALL (IN)
  TODAY            0.0          10.2  1970   0.2   -0.2      0.0
  MONTH TO DATE    3.1                       7.6   -4.5      6.3
  SINCE MAR 1      3.1                       7.6   -4.5      6.3
  SINCE JUL 1     77.9                      72.4    5.5    114.1
  SNOW DEPTH       0

DEGREE DAYS
 HEATING
  TODAY           29                        26      3       45
  MONTH TO DATE  843                       789     54     1056
  SINCE MAR 1    843                       789     54     1056
  SINCE JUL 1   6145                      5566    579     6337

 COOLING
  TODAY            0                         0      0        0
  MONTH TO DATE    0                         0      0        0
  SINCE MAR 1      0                         0      0        0
  SINCE JAN 1      0                         0      0        0
..................................................................


WIND (MPH)
  RESULTANT WIND SPEED   9   RESULTANT WIND DIRECTION   W (270)
  HIGHEST WIND SPEED    20   HIGHEST WIND DIRECTION     W (250)
  HIGHEST GUST SPEED    23   HIGHEST GUST DIRECTION    SW (240)
  AVERAGE WIND SPEED     9.1


SKY COVER
  AVERAGE SKY COVER 1.0


WEATHER CONDITIONS
 THE FOLLOWING WEATHER WAS RECORDED TODAY.
  NO SIGNIFICANT WEATHER WAS OBSERVED.


RELATIVE HUMIDITY (PERCENT)
 HIGHEST    82          1200 AM
 LOWEST     70           400 AM
 AVERAGE    76

..........................................................


THE GRAND RAPIDS MI CLIMATE NORMALS FOR TOMORROW
                         NORMAL    RECORD    YEAR
 MAXIMUM TEMPERATURE (F)   49        81      1945
 MINIMUM TEMPERATURE (F)   31         0      1965


SUNRISE AND SUNSET
MARCH 26 2015.........SUNRISE   735 AM EDT   SUNSET   801 PM EDT
MARCH 27 2015.........SUNRISE   733 AM EDT   SUNSET   802 PM EDT


-  INDICATES NEGATIVE NUMBERS.
R  INDICATES RECORD WAS SET OR TIED.
MM INDICATES DATA IS MISSING.
T  INDICATES TRACE AMOUNT.




$$

63
