000
CDUS43 KGRR 240521
CLIGRR


CLIMATE REPORT
NATIONAL WEATHER SERVICE GRAND RAPIDS, MI
118 AM EDT SAT JUN 24 2017


...................................

...THE GRAND RAPIDS MI CLIMATE SUMMARY FOR JUNE 23 2017...

CLIMATE NORMAL PERIOD 1981 TO 2010
CLIMATE RECORD PERIOD 1892 TO 2017


WEATHER ITEM   OBSERVED TIME   RECORD YEAR NORMAL DEPARTURE LAST
                VALUE   (LST)  VALUE       VALUE  FROM      YEAR
                                                  NORMAL
..................................................................
TEMPERATURE (F)
 YESTERDAY
  MAXIMUM         80    441 PM  98    1923  81     -1       81
  MINIMUM         66   1156 PM  38    1918  60      6       63
  AVERAGE         73                        71      2       72

PRECIPITATION (IN)
  YESTERDAY        0.85          3.17 1989   0.12   0.73     0.00
  MONTH TO DATE    4.05                      2.91   1.14     0.93
  SINCE JUN 1      4.05                      2.91   1.14     0.93
  SINCE JAN 1     20.65                     16.49   4.16    17.73

SNOWFALL (IN)
  YESTERDAY        0.0           0.0  2007   0.0    0.0      0.0
                                      2006
                                      2005
  MONTH TO DATE    0.0                       0.0    0.0      0.0
  SINCE JUN 1      0.0                       0.0    0.0      0.0
  SINCE JUL 1     60.1                      74.9  -14.8     61.1
  SNOW DEPTH       0

DEGREE DAYS
 HEATING
  YESTERDAY        0                         1     -1        0
  MONTH TO DATE    8                        42    -34       21
  SINCE JUN 1      8                        42    -34       21
  SINCE JUL 1   5621                      6482   -861     5617

 COOLING
  YESTERDAY        8                         6      2        7
  MONTH TO DATE  148                        99     49      142
  SINCE JUN 1    148                        99     49      142
  SINCE JAN 1    178                       146     32      213
..................................................................


WIND (MPH)
  RESULTANT WIND SPEED   9   RESULTANT WIND DIRECTION   W (270)
  HIGHEST WIND SPEED    21   HIGHEST WIND DIRECTION    NW (300)
  HIGHEST GUST SPEED    28   HIGHEST GUST DIRECTION    NW (300)
  AVERAGE WIND SPEED    10.7


SKY COVER
  POSSIBLE SUNSHINE  38
  AVERAGE SKY COVER 0.8


WEATHER CONDITIONS
 THE FOLLOWING WEATHER WAS RECORDED YESTERDAY.
  THUNDERSTORM
  HEAVY RAIN
  RAIN
  LIGHT RAIN
  FOG


RELATIVE HUMIDITY (PERCENT)
 HIGHEST   100           400 AM
 LOWEST     29           600 PM
 AVERAGE    65

..........................................................


THE GRAND RAPIDS MI CLIMATE NORMALS FOR TODAY
                         NORMAL    RECORD    YEAR
 MAXIMUM TEMPERATURE (F)   81        96      2009
                                             1901
 MINIMUM TEMPERATURE (F)   60        41      1961


SUNRISE AND SUNSET
JUNE 24 2017..........SUNRISE   604 AM EDT   SUNSET   925 PM EDT
JUNE 25 2017..........SUNRISE   605 AM EDT   SUNSET   925 PM EDT


-  INDICATES NEGATIVE NUMBERS.
R  INDICATES RECORD WAS SET OR TIED.
MM INDICATES DATA IS MISSING.
T  INDICATES TRACE AMOUNT.




$$

63
